000
CXUS54 KLCH 070643
CF6ARA
PRELIMINARY LOCAL CLIMATOLOGICAL DATA (WS FORM: F-6)
STATION: NEW IBERIA
MONTH: NOVEMBER
YEAR: 2022
LATITUDE: 30 1 N
LONGITUDE: 91 53 W
TEMPERATURE IN F: :PCPN: SNOW: WIND :SUNSHINE: SKY :PK WND
================================================================================
1 2 3 4 5 6A 6B 7 8 9 10 11 12 13 14 15 16 17 18
12Z AVG MX 2MIN
DY MAX MIN AVG DEP HDD CDD WTR SNW DPTH SPD SPD DIR MIN PSBL S-S WX SPD DR
================================================================================
1 78 55 67 2 0 2 T M M 4.6 13 40 M M 3 18 16 30
2 80 62 71 6 0 6 0.00 M M 5.0 12 130 M M 8 8 18 90
3 87 56 72 8 0 7 0.00 M M 4.1 12 200 M M 0 1 18 120
4 86 63 75 11 0 10 M M M 14.8 25 160 M M 9 1 36 150
5 78 53 66 2 0 1 0.62 M M 7.9 32 340 M M 5 138 40 330
6 87 66 77 14 0 12 0.00 M M 7.4 15 160 M M 6 1 20 180
7 86 68 77 14 0 12 0.00 M M 4.7 12 90 M M 4 128 16 80
8 88 66 77 14 0 12 0.00 M M 4.9 13 120 M M 2 12 17 130
9 86 57 72 10 0 7 0.00 M M 5.7 14 70 M M 0 18 19 80
10 80 53 67 5 0 2 0.00 M M 3.9 12 360 M M 0 18 17 10
11 81 47 64 2 1 0 0.00 M M 3.3 12 300 M M 0 1 16 220
12 65 38 52 -10 13 0 0.46 M M 14.4 24 360 M M 7 1 36 340
13 58 35 47 -14 18 0 0.00 0.0 M 9.5 21 30 M M 0 28 50
14 67 40 54 -7 11 0 1.12 M M 9.9 21 50 M M 8 13 29 60
15 59 41 50 -11 15 0 T M M 13.6 23 360 M M 8 1 32 340
16 50 38 44 -16 21 0 T M M 7.9 18 20 M M 2 24 20
17 55 37 46 -14 19 0 0.00 M M 7.5 17 340 M M 0 22 330
18 61 33 47 -13 18 0 T M M 6.5 16 60 M M 4 20 60
19 49 44 47 -13 18 0 0.56 M M 7.7 16 40 M M 10 1 22 40
20 58 42 50 -10 15 0 0.00 M M 10.2 20 40 M M 3 26 60
21 57 39 48 -11 17 0 T M M 6.9 15 70 M M 5 19 70
22 57 44 51 -8 14 0 T M M 6.0 13 20 M M 6 16 20
23 78 45 62 3 3 0 0.00 M M 6.0 12 110 M M 0 15 80
24 78 56 67 8 0 2 3.86 M M 9.7 21 140 M M 7 1 31 140
25 65 59 62 4 3 0 0.23 M M 7.7 14 20 M M 10 1 19 350
26 70 55 63 5 2 0 2.04 M M 11.0 23 100 M M 7 123 29 100
27 76 47 62 4 3 0 0.00 M M 7.9 21 250 M M 0 12 29 240
28 77 52 65 7 0 0 0.00 M M 3.1 7 150 M M 3 12 11 110
29 81 59 70 12 0 5 0.05 M M 13.5 25 180 M M 8 1 38 190
30 75 45 60 2 5 0 0.25 M M 15.1 32 360 M M 3 138 42 10
================================================================================
SM 2153 1495 196 78 9.19 0.0 240.4 M 128
================================================================================
AV 71.8 49.8 8.0 FASTST M M 4 MAX(MPH)
MISC ----> # 32 340 42 10
================================================================================
NOTES:
# LAST OF SEVERAL OCCURRENCES
COLUMN 17 PEAK WIND IN M.P.H.
PRELIMINARY LOCAL CLIMATOLOGICAL DATA (WS FORM: F-6) , PAGE 2
STATION: NEW IBERIA
MONTH: NOVEMBER
YEAR: 2022
LATITUDE: 30 1 N
LONGITUDE: 91 53 W
[TEMPERATURE DATA] [PRECIPITATION DATA] SYMBOLS USED IN COLUMN 16
AVERAGE MONTHLY: 60.8 TOTAL FOR MONTH: 9.19 1 = FOG OR MIST
DPTR FM NORMAL: 0.0 DPTR FM NORMAL: 4.69 2 = FOG REDUCING VISIBILITY
HIGHEST: 88 ON 8 GRTST 24HR 4.03 ON 24-25 TO 1/4 MILE OR LESS
LOWEST: 33 ON 18 3 = THUNDER
SNOW, ICE PELLETS, HAIL 4 = ICE PELLETS
TOTAL MONTH: 0.0 INCH 5 = HAIL
GRTST 24HR 0.0 6 = FREEZING RAIN OR DRIZZLE
GRTST DEPTH: M ON M 7 = DUSTSTORM OR SANDSTORM:
VSBY 1/2 MILE OR LESS
8 = SMOKE OR HAZE
[NO. OF DAYS WITH] [WEATHER - DAYS WITH] 9 = BLOWING SNOW
X = TORNADO
MAX 32 OR BELOW: 0 0.01 INCH OR MORE: 9
MAX 90 OR ABOVE: 0 0.10 INCH OR MORE: 8
MIN 32 OR BELOW: 0 0.50 INCH OR MORE: 5
MIN 0 OR BELOW: 0 1.00 INCH OR MORE: 3
[HDD (BASE 65) ]
TOTAL THIS MO. 196 CLEAR (SCALE 0-3) 11
DPTR FM NORMAL 22 PTCLDY (SCALE 4-7) 15
TOTAL FM JUL 1 246 CLOUDY (SCALE 8-10) 4
DPTR FM NORMAL 41
[CDD (BASE 65) ]
TOTAL THIS MO. 78
DPTR FM NORMAL 30 [PRESSURE DATA]
TOTAL FM JAN 1 3021 HIGHEST SLP 30.46 ON 17
DPTR FM NORMAL 115 LOWEST SLP 29.75 ON 26
[REMARKS]
#FINAL-11-22#