000
CXUS54 KLCH 010830
CF6ARA
PRELIMINARY LOCAL CLIMATOLOGICAL DATA (WS FORM: F-6)
STATION: NEW IBERIA
MONTH: JULY
YEAR: 2022
LATITUDE: 30 1 N
LONGITUDE: 91 53 W
TEMPERATURE IN F: :PCPN: SNOW: WIND :SUNSHINE: SKY :PK WND
================================================================================
1 2 3 4 5 6A 6B 7 8 9 10 11 12 13 14 15 16 17 18
12Z AVG MX 2MIN
DY MAX MIN AVG DEP HDD CDD WTR SNW DPTH SPD SPD DIR MIN PSBL S-S WX SPD DR
================================================================================
1 80 73 77 -5 0 12 0.77 0.0 M 3.4 17 250 M M 4 13 25 250
2 88 76 82 0 0 17 0.51 0.0 M 4.3 18 240 M M 2 13 27 220
3 93 74 84 2 0 19 0.16 0.0 M 3.9 21 200 M M 2 1 26 210
4 94 76 85 3 0 20 0.00 0.0 M 3.7 14 190 M M 1 1 19 190
5 90 76 83 1 0 18 0.00 0.0 M 4.3 15 200 M M 0 1 21 190
6 90 76 83 1 0 18 0.03 0.0 M 3.9 16 210 M M 2 1 20 200
7 92 76 84 2 0 19 0.00 0.0 M 4.0 17 220 M M 1 3 23 210
8 93 77 85 2 0 20 T 0.0 M 3.9 14 10 M M 2 13 17 360
9 96 78 87 4 0 22 0.00 0.0 M 5.5 13 230 M M 1 17 230
10 94 79 87 4 0 22 0.02 0.0 M 6.2 15 290 M M 2 3 22 300
11 95 76 86 3 0 21 0.02 0.0 M 3.1 21 240 M M 2 13 30 240
12 97 75 86 3 0 21 T 0.0 0 4.6 22 140 M M 2 29 160
13 93 76 85 2 0 20 0.00 0.0 0 5.1 14 210 M M 2 1 20 210
14 88 76 82 -1 0 17 0.06 0.0 M 5.2 14 60 M M 3 13 20 190
15 91 74 83 0 0 18 1.60 0.0 M 4.5 20 120 M M 2 13 26 130
16 95 74 85 2 0 20 T 0.0 M 3.1 12 140 M M 1 13 16 160
17 85 78 82 -1 0 17 0.00 0.0 M 3.5 10 200 M M 1 3 12 340
18 92 77 85 2 0 20 0.10 0.0 M 5.8 16 160 M M 2 3 24 160
19 94 77 86 3 0 21 0.00 0.0 M 8.8 18 200 M M 2 27 180
20 95 77 86 3 0 21 0.00 0.0 M 7.3 17 210 M M 2 25 210
21 95 76 86 3 0 21 0.00 0.0 M 5.6 16 220 M M 1 38 22 210
22 86 72 79 -4 0 14 0.23 0.0 M 2.7 22 110 M M 3 13 30 100
23 92 76 84 1 0 19 T 0.0 M 5.1 15 150 M M 1 3 19 160
24 90 78 84 1 0 19 0.02 0.0 M 4.3 17 60 M M 2 3 21 60
25 95 76 86 3 0 21 0.37 0.0 M 3.9 23 50 M M 2 3 31 50
26 89 75 82 -1 0 17 1.76 0.0 M 4.6 22 180 M M 2 138 29 210
27 93 76 85 2 0 20 0.20 0.0 M 4.8 22 200 M M 2 13 30 200
28 91 75 83 0 0 18 0.22 0.0 M 3.1 24 300 M M 2 13 33 310
29 91 75 83 0 0 18 0.09 0.0 M 4.6 21 310 M M 2 3 29 310
30 88 75 82 -1 0 17 0.36 0.0 M 4.9 20 150 M M 2 13 26 160
31 91 73 82 -2 0 17 T 0.0 M 6.3 21 110 M M 1 13 27 110
================================================================================
SM 2836 2348 0 584 6.52 0.0 144.0 M 56
================================================================================
AV 91.5 75.7 4.6 FASTST M M 2 MAX(MPH)
MISC ----> 24 300 33 310
================================================================================
NOTES:
# LAST OF SEVERAL OCCURRENCES
COLUMN 17 PEAK WIND IN M.P.H.
PRELIMINARY LOCAL CLIMATOLOGICAL DATA (WS FORM: F-6) , PAGE 2
STATION: NEW IBERIA
MONTH: JULY
YEAR: 2022
LATITUDE: 30 1 N
LONGITUDE: 91 53 W
[TEMPERATURE DATA] [PRECIPITATION DATA] SYMBOLS USED IN COLUMN 16
AVERAGE MONTHLY: 83.6 TOTAL FOR MONTH: 6.52 1 = FOG OR MIST
DPTR FM NORMAL: 0.7 DPTR FM NORMAL: -0.19 2 = FOG REDUCING VISIBILITY
HIGHEST: 97 ON 12 GRTST 24HR 1.85 ON 25-26 TO 1/4 MILE OR LESS
LOWEST: 72 ON 22 3 = THUNDER
SNOW, ICE PELLETS, HAIL 4 = ICE PELLETS
TOTAL MONTH: 0.0 INCH 5 = HAIL
GRTST 24HR 0.0 6 = FREEZING RAIN OR DRIZZLE
GRTST DEPTH: 0 7 = DUSTSTORM OR SANDSTORM:
VSBY 1/2 MILE OR LESS
8 = SMOKE OR HAZE
[NO. OF DAYS WITH] [WEATHER - DAYS WITH] 9 = BLOWING SNOW
X = TORNADO
MAX 32 OR BELOW: 0 0.01 INCH OR MORE: 17
MAX 90 OR ABOVE: 24 0.10 INCH OR MORE: 11
MIN 32 OR BELOW: 0 0.50 INCH OR MORE: 4
MIN 0 OR BELOW: 0 1.00 INCH OR MORE: 2
[HDD (BASE 65) ]
TOTAL THIS MO. 0 CLEAR (SCALE 0-3) 30
DPTR FM NORMAL 0 PTCLDY (SCALE 4-7) 1
TOTAL FM JUL 1 0 CLOUDY (SCALE 8-10) 0
DPTR FM NORMAL 0
[CDD (BASE 65) ]
TOTAL THIS MO. 584
DPTR FM NORMAL 29 [PRESSURE DATA]
TOTAL FM JAN 1 1825 HIGHEST SLP 30.18 ON 30
DPTR FM NORMAL 175 LOWEST SLP 29.78 ON 11
[REMARKS]
#FINAL-07-22#