000
CXUS54 KLCH 011650
CF6ARA
PRELIMINARY LOCAL CLIMATOLOGICAL DATA (WS FORM: F-6)
STATION: NEW IBERIA
MONTH: JANUARY
YEAR: 2022
LATITUDE: 30 1 N
LONGITUDE: 91 53 W
TEMPERATURE IN F: :PCPN: SNOW: WIND :SUNSHINE: SKY :PK WND
================================================================================
1 2 3 4 5 6A 6B 7 8 9 10 11 12 13 14 15 16 17 18
12Z AVG MX 2MIN
DY MAX MIN AVG DEP HDD CDD WTR SNW DPTH SPD SPD DIR MIN PSBL S-S WX SPD DR
================================================================================
1 81 73 77 24 0 12 0.00 0.0 M 15.1 25 190 M M 10 40 220
2 74 30 52 -1 13 0 T 0.0 M 16.9 33 320 M M 9 1 44 320
3 50 28 39 -14 26 0 0.00 0.0 M 8.9 17 340 M M 0 25 350
4 59 31 45 -8 20 0 0.00 0.0 M 4.9 13 190 M M 1 18 17 220
5 75 49 62 9 3 0 0.00 M M 5.9 13 210 M M 6 18 16 170
6 78 40 59 6 6 0 0.07 M M 10.6 30 360 M M 4 128 37 350
7 55 37 46 -7 19 0 0.00 M M 9.6 17 40 M M 4 23 30
8 69 49 59 6 6 0 0.03 M M 12.0 24 130 M M 8 13 32 130
9 81 55 68 16 0 3 T M M 10.2 26 360 M M 8 1 36 360
10 57 42 50 -2 15 0 0.00 M M 16.3 26 20 M M 2 36 20
11 62 35 49 -3 16 0 0.00 M M 8.7 15 50 M M 0 23 50
12 63 42 53 1 12 0 0.00 M M 3.8 10 50 M M 5 13 360
13 68 38 53 1 12 0 0.00 M M 5.3 14 290 M M 0 18 22 260
14 74 42 58 6 7 0 0.00 M M 4.8 14 180 M M 0 128 17 200
15 63 38 51 -1 14 0 0.11 M M 13.7 29 320 M M 6 13 38 330
16 52 33 43 -10 22 0 0.00 M M 12.4 23 310 M M 5 33 300
17 62 33 48 -5 17 0 0.00 M M 4.1 14 30 M M 0 18 330
18 68 34 51 -2 14 0 0.00 M M 9.1 20 150 M M 0 27 170
19 75 53 64 11 1 0 0.00 M M 8.4 22 180 M M 7 28 170
20 63 36 50 -3 15 0 0.37 M M 17.5 26 10 M M 9 1 38 20
21 41 31 36 -17 29 0 T M M 15.4 22 360 M M 4 29 20
22 48 26 37 -16 28 0 0.00 M M 9.9 17 30 M M 0 23 30
23 57 24 41 -12 24 0 0.00 M M 4.0 10 40 M M 0 15 20
24 58 32 45 -8 20 0 0.33 M M 4.5 21 120 M M 6 1 26 120
25 57 46 52 -1 13 0 0.08 0.0 M 12.5 21 360 M M 9 1 26 360
26 57 35 46 -7 19 0 0.00 M M 10.9 18 30 M M 0 24 30
27 62 31 47 -7 18 0 0.00 M M 5.7 10 40 M M 0 16 30
28 57 37 47 -7 18 0 0.00 M M 10.7 25 360 M M 0 32 360
29 57 32 45 -9 20 0 0.00 M M 6.1 15 210 M M 0 20 200
30 67 33 50 -4 15 0 0.00 M M 7.3 18 230 M M 0 1 26 230
31 72 37 55 1 10 0 0.00 0.0 0 9.0 21 150 M M 2 12 26 160
================================================================================
SM 1962 1182 452 15 0.99 0.0 294.2 M 105
================================================================================
AV 63.3 38.1 9.5 FASTST M M 3 MAX(MPH)
MISC ----> 33 320 44 320
================================================================================
NOTES:
# LAST OF SEVERAL OCCURRENCES
COLUMN 17 PEAK WIND IN M.P.H.
PRELIMINARY LOCAL CLIMATOLOGICAL DATA (WS FORM: F-6) , PAGE 2
STATION: NEW IBERIA
MONTH: JANUARY
YEAR: 2022
LATITUDE: 30 1 N
LONGITUDE: 91 53 W
[TEMPERATURE DATA] [PRECIPITATION DATA] SYMBOLS USED IN COLUMN 16
AVERAGE MONTHLY: 50.7 TOTAL FOR MONTH: 0.99 1 = FOG OR MIST
DPTR FM NORMAL: -2.2 DPTR FM NORMAL: -4.37 2 = FOG REDUCING VISIBILITY
HIGHEST: 81 ON 9, 1 GRTST 24HR 1.18 ON 8- 9 TO 1/4 MILE OR LESS
LOWEST: 24 ON 23 3 = THUNDER
SNOW, ICE PELLETS, HAIL 4 = ICE PELLETS
TOTAL MONTH: 0.0 INCH 5 = HAIL
GRTST 24HR 0.0 6 = FREEZING RAIN OR DRIZZLE
GRTST DEPTH: 0 7 = DUSTSTORM OR SANDSTORM:
VSBY 1/2 MILE OR LESS
8 = SMOKE OR HAZE
[NO. OF DAYS WITH] [WEATHER - DAYS WITH] 9 = BLOWING SNOW
X = TORNADO
MAX 32 OR BELOW: 0 0.01 INCH OR MORE: 6
MAX 90 OR ABOVE: 0 0.10 INCH OR MORE: 3
MIN 32 OR BELOW: 9 0.50 INCH OR MORE: 0
MIN 0 OR BELOW: 0 1.00 INCH OR MORE: 0
[HDD (BASE 65) ]
TOTAL THIS MO. 452 CLEAR (SCALE 0-3) 16
DPTR FM NORMAL 62 PTCLDY (SCALE 4-7) 10
TOTAL FM JUL 1 766 CLOUDY (SCALE 8-10) 5
DPTR FM NORMAL -167
[CDD (BASE 65) ]
TOTAL THIS MO. 15
DPTR FM NORMAL 0 [PRESSURE DATA]
TOTAL FM JAN 1 15 HIGHEST SLP 30.57 ON 11
DPTR FM NORMAL 0 LOWEST SLP 29.74 ON 1
[REMARKS]
#FINAL-01-22#