000
CXUS54 KHGX 011515
CF6ARM
PRELIMINARY LOCAL CLIMATOLOGICAL DATA (WS FORM: F-6)
STATION: Wharton
MONTH: MAY
YEAR: 2020
LATITUDE: 29 15 N
LONGITUDE: 96 9 W
TEMPERATURE IN F: :PCPN: SNOW: WIND :SUNSHINE: SKY :PK WND
================================================================================
1 2 3 4 5 6A 6B 7 8 9 10 11 12 13 14 15 16 17 18
12Z AVG MX 2MIN
DY MAX MIN AVG DEP HDD CDD WTR SNW DPTH SPD SPD DIR MIN PSBL S-S WX SPD DR
================================================================================
1 82 56 69 M 0 4 0.00 0.0 0 6.3 15 160 M M 0 21 160
2 84 61 73 M 0 8 0.00 0.0 0 8.6 16 170 M M 3 20 170
3 85 65 75 M 0 10 0.00 0.0 0 7.6 14 160 M M 4 20 150
4 87 67 77 M 0 12 0.00 0.0 0 8.9 16 160 M M 5 1 22 150
5 91 71 81 M 0 16 0.00 0.0 0 6.3 20 350 M M 7 24 350
6 84 59 72 M 0 7 0.00 0.0 0 7.8 13 70 M M 4 3 22 70
7 83 56 70 M 0 5 0.00 0.0 0 9.8 20 140 M M 5 25 140
8 89 68 79 M 0 14 0.00 0.0 0 14.0 22 360 M M 9 3 33 360
9 73 61 67 M 0 2 0.00 0.0 0 8.1 14 40 M M 5 23 50
10 81 57 69 M 0 4 0.00 0.0 0 3.9 8 50 M M 2 M M
11 82 56 69 M 0 4 0.00 0.0 0 7.3 14 140 M M 3 22 140
12 85 66 76 M 0 11 0.55 0.0 0 10.5 18 150 M M 5 3 29 150
13 86 66 76 M 0 11 0.30 0.0 0 9.0 21 140 M M 6 3 29 150
14 87 70 79 M 0 14 0.00 0.0 0 5.9 15 150 M M 5 1 23 150
15 89 65 77 M 0 12 1.14 0.0 0 7.3 16 70 M M 6 13 21 170
16 79 64 72 M 0 7 0.91 0.0 0 5.9 13 60 M M 4 3 18 270
17 86 63 75 M 0 10 0.00 0.0 0 4.9 12 290 M M 0 M M
18 90 67 79 M 0 14 0.00 0.0 0 4.0 9 190 M M 0 M M
19 90 66 78 M 0 13 0.00 0.0 0 7.3 15 190 M M 4 1 20 190
20 90 72 81 M 0 16 0.00 0.0 0 7.3 14 150 M M 6 1 18 150
21 87 72 80 M 0 15 0.00 0.0 0 8.7 15 160 M M 5 1 21 140
22 90 74 82 M 0 17 0.00 0.0 0 8.2 16 170 M M 6 1 22 170
23 90 75 83 M 0 18 0.00 0.0 0 9.7 18 140 M M 6 1 22 140
24 88 70 79 M 0 14 0.18 0.0 0 10.2 21 150 M M 7 13 25 150
25 82 65 74 M 0 9 1.12 0.0 0 6.8 17 330 M M 7 3 22 330
26 85 66 76 M 0 11 0.37 0.0 0 5.1 22 310 M M 3 3 29 310
27 88 65 77 M 0 12 0.01 0.0 0 7.9 20 180 M M 3 13 25 180
28 90 65 78 M 0 13 0.37 0.0 0 5.1 10 230 M M 3 3 22 90
29 85 67 76 M 0 11 0.00 0.0 0 6.0 13 330 M M 2 1 18 330
30 87 67 77 M 0 12 0.00 0.0 0 4.1 9 100 M M 4 M M
31 80 69 75 M 0 10 0.16 0.0 0 3.1 7 100 M M 3 13 M M
================================================================================
SM 2655 2031 0 336 5.11 0.0 225.6 M 132
================================================================================
AV 85.7 65.5 7.3 FASTST M M 4 MAX(MPH)
MISC ----> # 22 360 # 33 360
================================================================================
NOTES:
# LAST OF SEVERAL OCCURRENCES
COLUMN 17 PEAK WIND IN M.P.H.
PRELIMINARY LOCAL CLIMATOLOGICAL DATA (WS FORM: F-6) , PAGE 2
STATION: Wharton
MONTH: MAY
YEAR: 2020
LATITUDE: 29 15 N
LONGITUDE: 96 9 W
[TEMPERATURE DATA] [PRECIPITATION DATA] SYMBOLS USED IN COLUMN 16
AVERAGE MONTHLY: 75.6 TOTAL FOR MONTH: 5.11 1 = FOG OR MIST
DPTR FM NORMAL: M DPTR FM NORMAL: M 2 = FOG REDUCING VISIBILITY
HIGHEST: 91 ON 5 GRTST 24HR 1.14 ON 15-15 TO 1/4 MILE OR LESS
LOWEST: 56 ON 11, 7 3 = THUNDER
SNOW, ICE PELLETS, HAIL 4 = ICE PELLETS
TOTAL MONTH: 0.0 INCH 5 = HAIL
GRTST 24HR 0.0 6 = FREEZING RAIN OR DRIZZLE
GRTST DEPTH: 0 7 = DUSTSTORM OR SANDSTORM:
VSBY 1/2 MILE OR LESS
8 = SMOKE OR HAZE
[NO. OF DAYS WITH] [WEATHER - DAYS WITH] 9 = BLOWING SNOW
X = TORNADO
MAX 32 OR BELOW: 0 0.01 INCH OR MORE: 10
MAX 90 OR ABOVE: 7 0.10 INCH OR MORE: 9
MIN 32 OR BELOW: 0 0.50 INCH OR MORE: 4
MIN 0 OR BELOW: 0 1.00 INCH OR MORE: 2
[HDD (BASE 65) ]
TOTAL THIS MO. 0 CLEAR (SCALE 0-3) 8
DPTR FM NORMAL M PTCLDY (SCALE 4-7) 22
TOTAL FM JUL 1 1145 CLOUDY (SCALE 8-10) 1
DPTR FM NORMAL M
[CDD (BASE 65) ]
TOTAL THIS MO. 336
DPTR FM NORMAL M [PRESSURE DATA]
TOTAL FM JAN 1 741 HIGHEST SLP M ON M
DPTR FM NORMAL M LOWEST SLP M ON M
[REMARKS]
#FINAL-05-20#