000
CXUS54 KHGX 011510
CF6ARM
PRELIMINARY LOCAL CLIMATOLOGICAL DATA (WS FORM: F-6)
STATION: Wharton
MONTH: DECEMBER
YEAR: 2023
LATITUDE: 29 15 N
LONGITUDE: 96 9 W
TEMPERATURE IN F: :PCPN: SNOW: WIND :SUNSHINE: SKY :PK WND
================================================================================
1 2 3 4 5 6A 6B 7 8 9 10 11 12 13 14 15 16 17 18
12Z AVG MX 2MIN
DY MAX MIN AVG DEP HDD CDD WTR SNW DPTH SPD SPD DIR MIN PSBL S-S WX SPD DR
================================================================================
1 M M M M M M 0.00 0.0 0 5.3 13 350 M M 10 12 M M
2 M M M M M M 0.00 0.0 0 4.3 8 320 M M 8 18 M M
3 69 55 62 M 3 0 0.00 0.0 0 3.0 9 200 M M 2 128 M M
4 70 49 60 M 5 0 0.00 0.0 0 3.9 12 340 M M 0 M M
5 71 56 64 M 1 0 0.00 0.0 0 1.5 6 350 M M 0 M M
6 68 51 60 M 5 0 0.00 0.0 0 3.4 12 90 M M 0 16 90
7 73 63 68 M 0 3 0.00 0.0 0 6.3 17 170 M M 4 22 140
8 78 M M M M M T 0.0 0 12.2 23 180 M M 9 30 190
9 80 59 70 M 0 5 0.01 0.0 0 10.7 23 340 M M 8 31 340
10 58 37 48 M 17 0 0.00 0.0 0 13.0 22 350 M M 1 36 350
11 65 43 54 M 11 0 0.00 0.0 0 2.7 8 160 M M 0 M M
12 70 47 59 M 6 0 0.00 0.0 0 7.7 14 100 M M 3 20 100
13 60 53 57 M 8 0 T 0.0 0 8.4 12 60 M M 5 17 70
14 71 55 63 M 2 0 0.00 0.0 0 9.8 14 70 M M 6 21 70
15 M M M M M M M M M 6.8 10 60 M M 10 8 16 70
16 62 46 54 M 11 0 0.00 0.0 0 13.8 21 360 M M 3 8 25 360
17 65 46 56 M 9 0 0.00 0.0 0 1.8 5 220 M M 0 M M
18 72 47 60 M 5 0 0.00 0.0 0 4.3 10 360 M M 0 18 16 10
19 70 42 56 M 9 0 0.00 0.0 0 7.7 13 140 M M 1 16 100
20 70 65 68 M 0 3 0.00 0.0 0 8.4 16 100 M M 6 20 100
21 67 67 67 M 0 2 0.00 0.0 0 8.6 12 100 M M 8 17 80
22 67 65 66 M 0 1 0.00 0.0 0 3.8 6 80 M M 9 18 M M
23 M M M M M M 0.01 0.0 0 7.4 16 130 M M 10 18 24 130
24 M M M M M M 0.01 0.0 0 7.6 22 330 M M 6 18 27 330
25 56 45 51 M 14 0 0.00 0.0 0 11.6 22 350 M M 1 28 350
26 58 42 50 M 15 0 0.00 0.0 0 2.9 7 130 M M 8 M M
27 66 44 55 M 10 0 0.00 0.0 0 5.7 14 350 M M 2 1 20 330
28 58 42 50 M 15 0 0.00 0.0 0 4.3 12 330 M M 0 17 330
29 56 40 48 M 17 0 0.00 0.0 0 5.8 12 270 M M 0 16 270
30 66 M M M M M 0.00 0.0 0 2.1 7 220 M M 0 M M
31 73 64 69 M 0 4 M 0.0 0 5.3 14 170 M M 4 128 23 200
================================================================================
SM 1739 1223 163 18 0.03 0.0 200.1 M 124
================================================================================
AV 66.9 51.0 6.5 FASTST M M 4 MAX(MPH)
MISC ----> # 23 180 36 350
================================================================================
NOTES:
# LAST OF SEVERAL OCCURRENCES
COLUMN 17 PEAK WIND IN M.P.H.
PRELIMINARY LOCAL CLIMATOLOGICAL DATA (WS FORM: F-6) , PAGE 2
STATION: Wharton
MONTH: DECEMBER
YEAR: 2023
LATITUDE: 29 15 N
LONGITUDE: 96 9 W
[TEMPERATURE DATA] [PRECIPITATION DATA] SYMBOLS USED IN COLUMN 16
AVERAGE MONTHLY: 58.9 TOTAL FOR MONTH: 0.03 1 = FOG OR MIST
DPTR FM NORMAL: 0.0 DPTR FM NORMAL: M 2 = FOG REDUCING VISIBILITY
HIGHEST: 80 ON 9 GRTST 24HR 0.01 ON 9- 9 TO 1/4 MILE OR LESS
LOWEST: 37 ON 10 3 = THUNDER
SNOW, ICE PELLETS, HAIL 4 = ICE PELLETS
TOTAL MONTH: 0.0 INCH 5 = HAIL
GRTST 24HR 0.0 6 = FREEZING RAIN OR DRIZZLE
GRTST DEPTH: 0 7 = DUSTSTORM OR SANDSTORM:
VSBY 1/2 MILE OR LESS
8 = SMOKE OR HAZE
[NO. OF DAYS WITH] [WEATHER - DAYS WITH] 9 = BLOWING SNOW
X = TORNADO
MAX 32 OR BELOW: 0 0.01 INCH OR MORE: 3
MAX 90 OR ABOVE: 0 0.10 INCH OR MORE: 0
MIN 32 OR BELOW: 0 0.50 INCH OR MORE: 0
MIN 0 OR BELOW: 0 1.00 INCH OR MORE: 0
[HDD (BASE 65) ]
TOTAL THIS MO. 163 CLEAR (SCALE 0-3) 16
DPTR FM NORMAL M PTCLDY (SCALE 4-7) 8
TOTAL FM JUL 1 298 CLOUDY (SCALE 8-10) 7
DPTR FM NORMAL M
[CDD (BASE 65) ]
TOTAL THIS MO. 18
DPTR FM NORMAL M [PRESSURE DATA]
TOTAL FM JAN 1 3784 HIGHEST SLP M ON M
DPTR FM NORMAL M LOWEST SLP M ON M
[REMARKS]
#FINAL-12-23#