000
CXUS51 KBUF 010805
CF6ART
PRELIMINARY LOCAL CLIMATOLOGICAL DATA (WS FORM: F-6)
STATION: WATERTOWN NY
MONTH: JULY
YEAR: 2023
LATITUDE: 43 59 N
LONGITUDE: 76 2 W
TEMPERATURE IN F: :PCPN: SNOW: WIND :SUNSHINE: SKY :PK WND
================================================================================
1 2 3 4 5 6A 6B 7 8 9 10 11 12 13 14 15 16 17 18
12Z AVG MX 2MIN
DY MAX MIN AVG DEP HDD CDD WTR SNW DPTH SPD SPD DIR MIN PSBL S-S WX SPD DR
================================================================================
1 84 67 76 8 0 11 0.00 M M 7.2 14 230 M M 1 8 20 200
2 80 68 74 6 0 9 0.01 M M 2.9 9 270 M M 5 18 12 190
3 78 62 70 2 0 5 0.01 M M 2.8 13 90 M M 6 18 16 90
4 84 59 72 4 0 7 0.00 M M 4.8 15 260 M M 0 12 21 230
5 85 64 75 7 0 10 0.00 M M 5.3 14 260 M M 0 22 270
6 93 62 78 10 0 13 T M M 3.9 14 260 M M 1 3 19 260
7 82 66 74 5 0 9 T M M 5.2 14 260 M M 4 19 270
8 77 60 69 0 0 4 0.00 M M 6.8 16 260 M M 0 22 260
9 83 61 72 3 0 7 0.17 M M 3.1 13 200 M M 8 13 19 170
10 73 64 69 0 0 4 0.08 M M 3.7 9 190 M M 7 13 13 210
11 85 64 75 6 0 10 0.00 M M 8.1 16 270 M M 2 23 210
12 76 57 67 -2 0 2 0.00 M M 6.7 16 260 M M 2 24 230
13 85 59 72 3 0 7 0.18 M M 8.9 25 250 M M 6 13 42 260
14 78 56 67 -2 0 2 0.00 M M 4.6 16 260 M M 4 21 260
15 87 54 71 2 0 6 0.00 M M 4.3 10 270 M M 1 16 260
16 78 67 73 4 0 8 0.14 M M 5.4 17 290 M M 6 13 23 260
17 82 67 75 6 0 10 0.17 M M 6.7 18 230 M M 0 138 26 250
18 80 64 72 3 0 7 0.16 M M 5.9 20 210 M M 4 138 29 200
19 78 52 65 -4 0 0 0.00 M M 3.1 14 250 M M 1 1 20 260
20 84 54 69 -1 0 4 0.39 M M 4.3 20 220 M M 1 13 34 210
21 77 57 67 -3 0 2 0.04 M M 7.9 21 250 M M 7 13 29 260
22 79 54 67 -3 0 2 0.00 M M 6.5 16 230 M M 1 23 230
23 81 61 71 1 0 6 0.00 M M 5.9 15 260 M M 1 20 260
24 85 55 70 0 0 5 T M M 4.4 17 180 M M 1 3 30 170
25 81 63 72 3 0 7 0.00 M M 5.6 14 260 M M 2 19 270
26 86 65 76 7 0 11 T M M 6.8 15 240 M M 1 24 260
27 79 69 74 5 0 9 1.05 M M 6.3 17 220 M M 7 13 27 220
28 83 69 76 7 0 11 0.00 M M 6.7 16 260 M M 2 1 22 260
29 72 54 63 -6 2 0 1.85 M M 7.1 18 30 M M 8 13 24 40
30 74 47 61 -8 4 0 0.00 M M 5.1 15 230 M M 1 1 22 230
31 74 49 62 -7 3 0 T M M 3.3 14 360 M M 4 19 300
================================================================================
SM 2503 1870 9 188 4.25 M 169.3 M 94
================================================================================
AV 80.7 60.3 5.5 FASTST M M 3 MAX(MPH)
MISC ----> 25 250 42 260
================================================================================
NOTES:
# LAST OF SEVERAL OCCURRENCES
COLUMN 17 PEAK WIND IN M.P.H.
PRELIMINARY LOCAL CLIMATOLOGICAL DATA (WS FORM: F-6) , PAGE 2
STATION: WATERTOWN NY
MONTH: JULY
YEAR: 2023
LATITUDE: 43 59 N
LONGITUDE: 76 2 W
[TEMPERATURE DATA] [PRECIPITATION DATA] SYMBOLS USED IN COLUMN 16
AVERAGE MONTHLY: 70.5 TOTAL FOR MONTH: 4.25 1 = FOG OR MIST
DPTR FM NORMAL: 1.5 DPTR FM NORMAL: 1.24 2 = FOG REDUCING VISIBILITY
HIGHEST: 93 ON 6 GRTST 24HR 1.85 ON 29-29 TO 1/4 MILE OR LESS
LOWEST: 47 ON 30 3 = THUNDER
SNOW, ICE PELLETS, HAIL 4 = ICE PELLETS
TOTAL MONTH: M 5 = HAIL
GRTST 24HR M ON M 6 = FREEZING RAIN OR DRIZZLE
GRTST DEPTH: M ON M 7 = DUSTSTORM OR SANDSTORM:
VSBY 1/2 MILE OR LESS
8 = SMOKE OR HAZE
[NO. OF DAYS WITH] [WEATHER - DAYS WITH] 9 = BLOWING SNOW
X = TORNADO
MAX 32 OR BELOW: 0 0.01 INCH OR MORE: 12
MAX 90 OR ABOVE: 1 0.10 INCH OR MORE: 8
MIN 32 OR BELOW: 0 0.50 INCH OR MORE: 2
MIN 0 OR BELOW: 0 1.00 INCH OR MORE: 2
[HDD (BASE 65) ]
TOTAL THIS MO. 9 CLEAR (SCALE 0-3) 18
DPTR FM NORMAL -13 PTCLDY (SCALE 4-7) 12
TOTAL FM JUL 1 9 CLOUDY (SCALE 8-10) 1
DPTR FM NORMAL -19
[CDD (BASE 65) ]
TOTAL THIS MO. 188
DPTR FM NORMAL 42 [PRESSURE DATA]
TOTAL FM JAN 1 259 HIGHEST SLP 30.11 ON 31
DPTR FM NORMAL 34 LOWEST SLP 29.59 ON 13
[REMARKS]
#FINAL-07-23#