000
CXUS51 KBUF 010905
CF6ART
PRELIMINARY LOCAL CLIMATOLOGICAL DATA (WS FORM: F-6)
STATION: WATERTOWN NY
MONTH: NOVEMBER
YEAR: 2021
LATITUDE: 43 59 N
LONGITUDE: 76 2 W
TEMPERATURE IN F: :PCPN: SNOW: WIND :SUNSHINE: SKY :PK WND
================================================================================
1 2 3 4 5 6A 6B 7 8 9 10 11 12 13 14 15 16 17 18
12Z AVG MX 2MIN
DY MAX MIN AVG DEP HDD CDD WTR SNW DPTH SPD SPD DIR MIN PSBL S-S WX SPD DR
================================================================================
1 54 43 49 6 16 0 0.03 M M 14.8 26 260 M M 7 1 37 230
2 45 34 40 -3 25 0 0.38 M M 6.7 20 250 M M 9 1 30 260
3 45 29 37 -6 28 0 0.03 M M 3.8 14 260 M M 6 1 16 270
4 45 31 38 -4 27 0 0.03 M M 3.3 9 210 M M 7 1 13 200
5 48 32 40 -2 25 0 T M M 3.5 14 260 M M 6 20 260
6 51 29 40 -2 25 0 0.00 M M 4.8 14 210 M M 1 20 230
7 57 35 46 5 19 0 0.00 M M 5.0 17 230 M M 0 21 230
8 59 37 48 7 17 0 0.00 M M 4.3 13 220 M M 3 18 17 220
9 59 48 54 14 11 0 0.03 M M 3.2 9 210 M M 6 1 12 210
10 53 31 42 2 23 0 0.13 M M 6.2 14 250 M M 3 1 20 230
11 59 29 44 4 21 0 T M M 7.0 24 170 M M 1 40 160
12 59 38 49 10 16 0 1.01 M M 9.8 28 170 M M 6 1 43 160
13 50 41 46 7 19 0 0.17 M M 9.6 24 260 M M 8 1 37 260
14 43 35 39 0 26 0 0.17 M M 5.9 18 270 M M 8 1 26 260
15 41 32 37 -1 28 0 0.09 M M 6.2 18 300 M M 9 1 24 260
16 41 26 34 -4 31 0 T M M 2.6 13 290 M M 7 17 300
17 57 29 43 5 22 0 0.01 M M 8.1 22 170 M M 8 32 160
18 61 40 51 14 14 0 0.33 M M 14.5 25 260 M M 10 1 35 270
19 42 23 33 -4 32 0 0.00 M M 10.9 28 290 M M 5 32 290
20 43 20 32 -4 33 0 0.00 M M 5.8 13 170 M M 2 20 150
21 50 38 44 8 21 0 0.01 M M 8.5 20 200 M M 7 1 33 200
22 46 28 37 1 28 0 0.04 M M 13.4 24 270 M M 7 1 34 290
23 32 17 25 -10 40 0 0.00 M M 4.0 12 310 M M 2 19 300
24 43 16 30 -5 35 0 0.00 M M 4.4 14 210 M M 2 17 210
25 46 40 43 9 22 0 0.03 M M 5.9 10 200 M M 8 1 15 190
26 44 28 36 2 29 0 0.26 M M 11.3 21 260 M M 10 1 27 270
27 32 16 24 -10 41 0 0.00 M M 8.8 18 260 M M 3 24 270
28 31 16 24 -9 41 0 T M M 6.1 14 40 M M 8 1 16 50
29 32 22 27 -6 38 0 0.00 M M 3.8 13 50 M M 8 15 60
30 34 26 30 -3 35 0 0.22 M M 4.2 12 230 M M 10 12 19 190
================================================================================
SM 1402 909 788 0 2.97 M 206.4 M 177
================================================================================
AV 46.7 30.3 6.9 FASTST M M 6 MAX(MPH)
MISC ----> # 28 170 43 160
================================================================================
NOTES:
# LAST OF SEVERAL OCCURRENCES
COLUMN 17 PEAK WIND IN M.P.H.
PRELIMINARY LOCAL CLIMATOLOGICAL DATA (WS FORM: F-6) , PAGE 2
STATION: WATERTOWN NY
MONTH: NOVEMBER
YEAR: 2021
LATITUDE: 43 59 N
LONGITUDE: 76 2 W
[TEMPERATURE DATA] [PRECIPITATION DATA] SYMBOLS USED IN COLUMN 16
AVERAGE MONTHLY: 38.5 TOTAL FOR MONTH: 2.97 1 = FOG OR MIST
DPTR FM NORMAL: 0.5 DPTR FM NORMAL: -0.43 2 = FOG REDUCING VISIBILITY
HIGHEST: 61 ON 18 GRTST 24HR 1.01 ON 11-12 TO 1/4 MILE OR LESS
LOWEST: 16 ON 28,27 3 = THUNDER
SNOW, ICE PELLETS, HAIL 4 = ICE PELLETS
TOTAL MONTH: M 5 = HAIL
GRTST 24HR M ON M 6 = FREEZING RAIN OR DRIZZLE
GRTST DEPTH: M ON M 7 = DUSTSTORM OR SANDSTORM:
VSBY 1/2 MILE OR LESS
8 = SMOKE OR HAZE
[NO. OF DAYS WITH] [WEATHER - DAYS WITH] 9 = BLOWING SNOW
X = TORNADO
MAX 32 OR BELOW: 4 0.01 INCH OR MORE: 17
MAX 90 OR ABOVE: 0 0.10 INCH OR MORE: 8
MIN 32 OR BELOW: 19 0.50 INCH OR MORE: 1
MIN 0 OR BELOW: 0 1.00 INCH OR MORE: 1
[HDD (BASE 65) ]
TOTAL THIS MO. 788 CLEAR (SCALE 0-3) 9
DPTR FM NORMAL -21 PTCLDY (SCALE 4-7) 14
TOTAL FM JUL 1 1196 CLOUDY (SCALE 8-10) 7
DPTR FM NORMAL -371
[CDD (BASE 65) ]
TOTAL THIS MO. 0
DPTR FM NORMAL 0 [PRESSURE DATA]
TOTAL FM JAN 1 546 HIGHEST SLP 30.50 ON 20
DPTR FM NORMAL 161 LOWEST SLP 29.62 ON 26
[REMARKS]
#FINAL-11-21#