843
CXUS51 KBUF 010905
CF6ART
PRELIMINARY LOCAL CLIMATOLOGICAL DATA (WS FORM: F-6)
STATION: WATERTOWN NY
MONTH: JANUARY
YEAR: 2021
LATITUDE: 43 59 N
LONGITUDE: 76 2 W
TEMPERATURE IN F: :PCPN: SNOW: WIND :SUNSHINE: SKY :PK WND
================================================================================
1 2 3 4 5 6A 6B 7 8 9 10 11 12 13 14 15 16 17 18
12Z AVG MX 2MIN
DY MAX MIN AVG DEP HDD CDD WTR SNW DPTH SPD SPD DIR MIN PSBL S-S WX SPD DR
================================================================================
1 35 28 32 11 33 0 0.12 M M 5.7 10 90 M M 7 168 14 90
2 33 28 31 10 34 0 0.24 M M 5.9 17 10 M M 10 16 21 340
3 33 23 28 7 37 0 T M M 3.9 12 60 M M 8 18 14 60
4 33 31 32 11 33 0 0.01 M M 3.0 10 20 M M 10 1 11 10
5 33 27 30 10 35 0 T M M 6.7 14 40 M M 10 18 17 30
6 31 26 29 9 36 0 0.00 M M 4.3 10 340 M M 10 1 16 350
7 28 19 24 4 41 0 0.00 M M 6.5 13 30 M M 10 16 20
8 22 5 14 -6 51 0 0.00 M M 4.5 12 40 M M 6 15 30
9 32 3 18 -2 47 0 0.00 M M 3.2 9 300 M M 1 11 310
10 31 9 20 0 45 0 T M M 3.8 15 260 M M 10 19 260
11 35 31 33 13 32 0 T M M 6.9 18 270 M M 10 1 24 270
12 33 30 32 13 33 0 0.14 M M 4.2 17 270 M M 10 1 21 270
13 37 31 34 15 31 0 0.01 M M 6.5 14 200 M M 10 18 22 190
14 38 33 36 17 29 0 T M M 3.1 10 50 M M 10 18 12 190
15 42 24 33 14 32 0 T M M 7.3 13 90 M M 5 18 17 110
16 40 33 37 18 28 0 0.17 M M 8.5 23 260 M M 10 1 33 260
17 35 29 32 13 33 0 0.01 M M 15.4 28 260 M M 10 1 39 270
18 29 10 20 1 45 0 T M M 4.8 14 310 M M 8 1 16 310
19 32 11 22 3 43 0 0.12 M M 7.7 26 270 M M 10 128 33 260
20 28 2 15 -4 50 0 T M M 6.1 18 300 M M 7 1 24 300
21 37 15 26 7 39 0 0.02 M M 12.3 22 230 M M 10 1 31 260
22 37 18 28 9 37 0 0.04 M M 9.4 17 330 M M 10 1 21 260
23 18 -3 8 -11 57 0 T M M 5.7 14 300 M M 4 17 290
24 18 -10 4 -15 61 0 0.00 M M 2.5 12 330 M M 0 13 350
25 32 2 17 -2 48 0 0.00 M M 2.5 8 300 M M 6 10 290
26 28 8 18 -1 47 0 0.04 M M 10.7 17 60 M M 6 12 22 60
27 29 19 24 5 41 0 0.01 M M 5.2 15 350 M M 9 18 17 350
28 22 -9 7 -12 58 0 T M M 7.0 18 350 M M 5 1 21 350
29 14 -5 5 -14 60 0 T M M 6.3 21 350 M M 6 8 25 340
30 16 -10 3 -16 62 0 T M M 3.6 9 10 M M 6 11 10
31 18 -10 4 -15 61 0 0.00 M M 9.4 16 40 M M 0 19 60
================================================================================
SM 929 448 1319 0 0.93 M 192.6 M 234
================================================================================
AV 30.0 14.5 6.2 FASTST M M 8 MAX(MPH)
MISC ----> 28 260 39 270
================================================================================
NOTES:
# LAST OF SEVERAL OCCURRENCES
COLUMN 17 PEAK WIND IN M.P.H.
PRELIMINARY LOCAL CLIMATOLOGICAL DATA (WS FORM: F-6) , PAGE 2
STATION: WATERTOWN NY
MONTH: JANUARY
YEAR: 2021
LATITUDE: 43 59 N
LONGITUDE: 76 2 W
[TEMPERATURE DATA] [PRECIPITATION DATA] SYMBOLS USED IN COLUMN 16
AVERAGE MONTHLY: 22.2 TOTAL FOR MONTH: 0.93 1 = FOG OR MIST
DPTR FM NORMAL: 2.8 DPTR FM NORMAL: -1.73 2 = FOG REDUCING VISIBILITY
HIGHEST: 42 ON 15 GRTST 24HR 0.65 ON 1- 2 TO 1/4 MILE OR LESS
LOWEST: -10 ON 31,30 3 = THUNDER
SNOW, ICE PELLETS, HAIL 4 = ICE PELLETS
TOTAL MONTH: M 5 = HAIL
GRTST 24HR M ON M 6 = FREEZING RAIN OR DRIZZLE
GRTST DEPTH: M ON M 7 = DUSTSTORM OR SANDSTORM:
VSBY 1/2 MILE OR LESS
8 = SMOKE OR HAZE
[NO. OF DAYS WITH] [WEATHER - DAYS WITH] 9 = BLOWING SNOW
X = TORNADO
MAX 32 OR BELOW: 17 0.01 INCH OR MORE: 12
MAX 90 OR ABOVE: 0 0.10 INCH OR MORE: 5
MIN 32 OR BELOW: 29 0.50 INCH OR MORE: 0
MIN 0 OR BELOW: 6 1.00 INCH OR MORE: 0
[HDD (BASE 65) ]
TOTAL THIS MO. 1319 CLEAR (SCALE 0-3) 3
DPTR FM NORMAL -96 PTCLDY (SCALE 4-7) 12
TOTAL FM JUL 1 3759 CLOUDY (SCALE 8-10) 16
DPTR FM NORMAL -448
[CDD (BASE 65) ]
TOTAL THIS MO. 0
DPTR FM NORMAL 0 [PRESSURE DATA]
TOTAL FM JAN 1 0 HIGHEST SLP 30.51 ON 1
DPTR FM NORMAL 0 LOWEST SLP 29.32 ON 17
[REMARKS]
#FINAL-01-21#