000
CXUS51 KBUF 010805
CF6ART
PRELIMINARY LOCAL CLIMATOLOGICAL DATA (WS FORM: F-6)
STATION: WATERTOWN NY
MONTH: OCTOBER
YEAR: 2023
LATITUDE: 43 59 N
LONGITUDE: 76 2 W
TEMPERATURE IN F: :PCPN: SNOW: WIND :SUNSHINE: SKY :PK WND
================================================================================
1 2 3 4 5 6A 6B 7 8 9 10 11 12 13 14 15 16 17 18
12Z AVG MX 2MIN
DY MAX MIN AVG DEP HDD CDD WTR SNW DPTH SPD SPD DIR MIN PSBL S-S WX SPD DR
================================================================================
1 74 46 60 6 5 0 0.00 M M 2.2 10 260 M M 5 12 14 260
2 75 49 62 8 3 0 0.00 M M 2.7 10 270 M M 3 12 14 260
3 77 59 68 14 0 3 0.00 M M 4.6 13 250 M M 1 18 260
4 82 52 67 14 0 2 0.00 M M 3.1 12 260 M M 0 1 17 280
5 82 66 74 21 0 9 0.00 M M 7.5 16 180 M M 0 30 190
6 73 61 67 15 0 2 0.54 M M 7.7 18 200 M M 7 1 35 180
7 61 43 52 0 13 0 0.53 M M 4.1 20 260 M M 8 1 29 260
8 56 40 48 -4 17 0 0.12 M M 14.1 29 270 M M 8 1 48 210
9 57 45 51 0 14 0 0.41 M M 14.4 26 230 M M 9 1 42 220
10 51 47 49 -2 16 0 0.21 M M 6.7 14 210 M M 9 1 25 210
11 57 47 52 2 13 0 0.24 M M 6.0 16 240 M M 8 1 25 230
12 59 34 47 -3 18 0 0.02 M M 4.6 14 270 M M 4 12 20 280
13 60 31 46 -4 19 0 0.00 M M 1.9 10 250 M M 4 16 260
14 56 37 47 -2 18 0 0.00 M M 4.9 15 360 M M 5 22 360
15 53 46 50 1 15 0 0.01 M M 5.4 16 320 M M 10 1 21 320
16 57 47 52 3 13 0 0.03 M M 7.6 18 350 M M 9 1 27 360
17 56 36 46 -2 19 0 0.00 M M 2.2 10 270 M M 8 1 14 260
18 57 49 53 5 12 0 T M M 5.0 14 250 M M 10 20 260
19 64 43 54 6 11 0 0.00 M M 5.9 15 170 M M 2 24 190
20 67 54 61 14 4 0 0.67 M M 7.5 18 160 M M 7 1 31 180
21 56 44 50 3 15 0 0.13 M M 7.3 16 290 M M 10 1 22 280
22 44 40 42 -5 23 0 0.18 M M 12.3 22 290 M M 10 1 30 280
23 50 32 41 -5 24 0 T M M 3.4 13 270 M M 2 18 260
24 66 39 53 7 12 0 T M M 5.1 15 210 M M 5 22 210
25 71 59 65 19 0 0 T M M 7.9 16 230 M M 6 25 210
26 63 55 59 14 6 0 0.02 M M 4.0 12 210 M M 8 1 18 190
27 73 60 67 22 0 2 0.02 M M 7.7 20 230 M M 8 1 30 230
28 68 41 55 10 10 0 0.01 M M 10.2 21 260 M M 5 30 190
29 43 38 41 -3 24 0 0.01 M M 8.9 14 20 M M 8 1 20 30
30 42 34 38 -6 27 0 0.28 M M 4.7 13 330 M M 10 1 19 330
31 42 26 34 -10 31 0 0.02 M M 4.5 15 250 M M 6 1 22 260
================================================================================
SM 1892 1400 382 18 3.45 M 194.1 M 195
================================================================================
AV 61.0 45.2 6.3 FASTST M M 6 MAX(MPH)
MISC ----> 29 270 48 210
================================================================================
NOTES:
# LAST OF SEVERAL OCCURRENCES
COLUMN 17 PEAK WIND IN M.P.H.
PRELIMINARY LOCAL CLIMATOLOGICAL DATA (WS FORM: F-6) , PAGE 2
STATION: WATERTOWN NY
MONTH: OCTOBER
YEAR: 2023
LATITUDE: 43 59 N
LONGITUDE: 76 2 W
[TEMPERATURE DATA] [PRECIPITATION DATA] SYMBOLS USED IN COLUMN 16
AVERAGE MONTHLY: 53.1 TOTAL FOR MONTH: 3.45 1 = FOG OR MIST
DPTR FM NORMAL: 4.3 DPTR FM NORMAL: -0.77 2 = FOG REDUCING VISIBILITY
HIGHEST: 82 ON 5, 4 GRTST 24HR 0.76 ON 6- 7 TO 1/4 MILE OR LESS
LOWEST: 26 ON 31 3 = THUNDER
SNOW, ICE PELLETS, HAIL 4 = ICE PELLETS
TOTAL MONTH: M 5 = HAIL
GRTST 24HR M ON M 6 = FREEZING RAIN OR DRIZZLE
GRTST DEPTH: M ON M 7 = DUSTSTORM OR SANDSTORM:
VSBY 1/2 MILE OR LESS
8 = SMOKE OR HAZE
[NO. OF DAYS WITH] [WEATHER - DAYS WITH] 9 = BLOWING SNOW
X = TORNADO
MAX 32 OR BELOW: 0 0.01 INCH OR MORE: 18
MAX 90 OR ABOVE: 0 0.10 INCH OR MORE: 10
MIN 32 OR BELOW: 3 0.50 INCH OR MORE: 3
MIN 0 OR BELOW: 0 1.00 INCH OR MORE: 0
[HDD (BASE 65) ]
TOTAL THIS MO. 382 CLEAR (SCALE 0-3) 6
DPTR FM NORMAL -124 PTCLDY (SCALE 4-7) 15
TOTAL FM JUL 1 562 CLOUDY (SCALE 8-10) 10
DPTR FM NORMAL -194
[CDD (BASE 65) ]
TOTAL THIS MO. 18
DPTR FM NORMAL 14 [PRESSURE DATA]
TOTAL FM JAN 1 421 HIGHEST SLP 30.29 ON 1
DPTR FM NORMAL 36 LOWEST SLP 29.29 ON 21
[REMARKS]
#FINAL-10-23#