000
CXUS51 KBUF 011332
CLMART
CLIMATE REPORT
NATIONAL WEATHER SERVICE BUFFALO NY
832 AM EST THU FEB 01 2024
...................................
...THE WATERTOWN NY CLIMATE SUMMARY FOR THE MONTH OF JANUARY 2024...
CLIMATE NORMAL PERIOD: 1991 TO 2020
CLIMATE RECORD PERIOD: 1949 TO 2024
WEATHER OBSERVED NORMAL DEPART LAST YEAR`S
VALUE DATE(S) VALUE FROM VALUE DATE(S)
NORMAL
................................................................
TEMPERATURE (F)
RECORD
HIGH 66 01/15/1995
01/14/1995
LOW -43 01/16/1994
HIGHEST 51 01/10 44 01/01
LOWEST -16 01/20 -1 01/15
AVG. MAXIMUM 32.8 29.8 3.0 35.0
AVG. MINIMUM 18.6 10.0 8.6 20.0
MEAN 25.7 19.9 5.8 27.5
DAYS MAX >= 90 0 0.0 0.0 0
DAYS MAX <= 32 10 16.9 -6.9 6
DAYS MIN <= 32 27 28.2 -1.2 27
DAYS MIN <= 0 5 9.1 -4.1 2
PRECIPITATION (INCHES)
RECORD
MAXIMUM 7.45 1999
MINIMUM 0.51 1981
TOTALS 2.41 2.86 -0.45 3.51
DAYS >= .01 11 16.4 -5.4 18
DAYS >= .10 6 7.5 -1.5 9
DAYS >= .50 2 1.4 0.6 2
DAYS >= 1.00 0 0.2 -0.2 0
GREATEST
24 HR. TOTAL 0.62 01/24 TO 01/25 0.88 01/03 TO 01/04
DEGREE DAYS
HEATING TOTAL 1212 1398 -186 1153
SINCE 7/1 3458 4132 -674 MM
COOLING TOTAL 0 0 0 0
SINCE 1/1 0 0 0 MM
................................................................
WIND (MPH)
AVERAGE WIND SPEED 8.7
HIGHEST WIND SPEED/DIRECTION 39/140
HIGHEST GUST SPEED/DIRECTION 78/140 DATE 01/09
SKY COVER
POSSIBLE SUNSHINE (PERCENT) MM
AVERAGE SKY COVER 0.88
NUMBER OF DAYS FAIR 1
NUMBER OF DAYS PC 5
NUMBER OF DAYS CLOUDY 25
AVERAGE RH (PERCENT) 79
WEATHER CONDITIONS. NUMBER OF DAYS WITH
THUNDERSTORM 0 MIXED PRECIP 0
HEAVY RAIN 1 RAIN 4
LIGHT RAIN 8 FREEZING RAIN 0
LT FREEZING RAIN 1 HAIL 0
HEAVY SNOW 3 SNOW 6
LIGHT SNOW 20 SLEET 0
FOG 21 FOG W/VIS <= 1/4 MILE 4
HAZE 5
- INDICATES NEGATIVE NUMBERS.
R INDICATES RECORD WAS SET OR TIED.
MM INDICATES DATA IS MISSING.
T INDICATES TRACE AMOUNT.
$$