000
CXUS55 KGJT 011000
CF6ASE
PRELIMINARY LOCAL CLIMATOLOGICAL DATA (WS FORM: F-6)
STATION: ASPEN CO
MONTH: APRIL
YEAR: 2020
LATITUDE: 39 13 N
LONGITUDE: 106 52 W
TEMPERATURE IN F: :PCPN: SNOW: WIND :SUNSHINE: SKY :PK WND
================================================================================
1 2 3 4 5 6A 6B 7 8 9 10 11 12 13 14 15 16 17 18
12Z AVG MX 2MIN
DY MAX MIN AVG DEP HDD CDD WTR SNW DPTH SPD SPD DIR MIN PSBL S-S WX SPD DR
================================================================================
1 58 29 44 8 21 0 0.00 M M 7.3 22 190 M M 4 29 170
2 49 23 36 0 29 0 0.27 M M 6.9 24 150 M M 9 128 31 150
3 43 16 30 -6 35 0 T M M 3.2 13 330 M M 6 18 20 270
4 53 28 41 4 24 0 0.00 M M 6.7 17 170 M M 7 25 160
5 56 36 46 9 19 0 0.00 M M 8.3 23 180 M M 5 29 180
6 59 34 47 10 18 0 0.00 M M 7.0 23 170 M M 2 33 260
7 58 31 45 7 20 0 0.00 M M 7.0 18 240 M M 0 27 250
8 61 27 44 6 21 0 0.00 M M 7.7 20 360 M M 0 28 360
9 67 27 47 9 18 0 T M M 6.0 18 360 M M 2 30 340
10 58 32 45 7 20 0 0.02 M M 7.4 24 320 M M 4 8 33 330
11 58 27 43 4 22 0 T M M 7.1 20 210 M M 3 28 190
12 40 26 33 -6 32 0 0.13 M M 8.1 24 320 M M 10 1 38 340
13 35 19 27 -12 38 0 T M M 8.5 26 330 M M 8 8 40 340
14 39 9 24 -15 41 0 0.00 M M 7.9 20 330 M M 2 33 340
15 45 19 32 -8 33 0 0.00 M M 7.4 18 180 M M 8 33 330
16 36 23 30 -10 35 0 0.45 M M 5.0 20 350 M M 10 12 30 340
17 47 20 34 -6 31 0 T M M 3.0 13 130 M M 3 1 15 130
18 52 25 39 -1 26 0 T M M 5.0 16 260 M M 5 25 270
19 46 31 39 -2 26 0 0.09 M M 4.6 22 280 M M 7 1 33 260
20 55 29 42 1 23 0 T M M 4.3 18 230 M M 6 18 24 230
21 58 30 44 3 21 0 T M M 6.7 21 330 M M 4 32 320
22 58 31 45 3 20 0 0.00 M M 7.8 22 340 M M 6 32 330
23 55 30 43 1 22 0 0.17 M M 6.3 26 330 M M 8 18 37 10
24 52 33 43 1 22 0 0.02 M M 7.0 18 330 M M 7 1 32 330
25 59 31 45 3 20 0 0.00 M M 6.2 20 340 M M 3 28 340
26 65 31 48 5 17 0 T M M 8.4 25 330 M M 3 40 330
27 68 30 49 6 16 0 0.00 M M 6.2 20 210 M M 3 33 250
28 65 38 52 9 13 0 T M M 9.6 24 350 M M 2 36 10
29 74 32 53 9 12 0 0.00 M M 7.0 15 10 M M 0 22 20
30 75 36 56 12 9 0 0.00 M M 5.8 21 220 M M 1 38 290
================================================================================
SM 1644 833 704 0 1.15 M 199.4 M 138
================================================================================
AV 54.8 27.8 6.6 FASTST M M 5 MAX(MPH)
MISC ----> # 26 330 # 40 340
================================================================================
NOTES:
# LAST OF SEVERAL OCCURRENCES
COLUMN 17 PEAK WIND IN M.P.H.
PRELIMINARY LOCAL CLIMATOLOGICAL DATA (WS FORM: F-6) , PAGE 2
STATION: ASPEN CO
MONTH: APRIL
YEAR: 2020
LATITUDE: 39 13 N
LONGITUDE: 106 52 W
[TEMPERATURE DATA] [PRECIPITATION DATA] SYMBOLS USED IN COLUMN 16
AVERAGE MONTHLY: 41.3 TOTAL FOR MONTH: 1.15 1 = FOG OR MIST
DPTR FM NORMAL: 1.5 DPTR FM NORMAL: -0.69 2 = FOG REDUCING VISIBILITY
HIGHEST: 75 ON 30 GRTST 24HR 0.45 ON 16-16 TO 1/4 MILE OR LESS
LOWEST: 9 ON 14 3 = THUNDER
SNOW, ICE PELLETS, HAIL 4 = ICE PELLETS
TOTAL MONTH: M 5 = HAIL
GRTST 24HR M ON M 6 = FREEZING RAIN OR DRIZZLE
GRTST DEPTH: M ON M 7 = DUSTSTORM OR SANDSTORM:
VSBY 1/2 MILE OR LESS
8 = SMOKE OR HAZE
[NO. OF DAYS WITH] [WEATHER - DAYS WITH] 9 = BLOWING SNOW
X = TORNADO
MAX 32 OR BELOW: 0 0.01 INCH OR MORE: 7
MAX 90 OR ABOVE: 0 0.10 INCH OR MORE: 4
MIN 32 OR BELOW: 25 0.50 INCH OR MORE: 0
MIN 0 OR BELOW: 0 1.00 INCH OR MORE: 0
[HDD (BASE 65) ]
TOTAL THIS MO. 704 CLEAR (SCALE 0-3) 10
DPTR FM NORMAL -51 PTCLDY (SCALE 4-7) 16
TOTAL FM JUL 1 7615 CLOUDY (SCALE 8-10) 4
DPTR FM NORMAL -515
[CDD (BASE 65) ]
TOTAL THIS MO. 0
DPTR FM NORMAL 0 [PRESSURE DATA]
TOTAL FM JAN 1 0 HIGHEST SLP 30.26 ON 14
DPTR FM NORMAL 0 LOWEST SLP 29.43 ON 2
[REMARKS]
#FINAL-04-20#