000
CXUS53 KGRB 131431
CF6ATW
PRELIMINARY LOCAL CLIMATOLOGICAL DATA (WS FORM: F-6)
STATION: APPLETON WI
MONTH: JANUARY
YEAR: 2024
LATITUDE: 44 16 N
LONGITUDE: 88 31 W
TEMPERATURE IN F: :PCPN: SNOW: WIND :SUNSHINE: SKY :PK WND
================================================================================
1 2 3 4 5 6A 6B 7 8 9 10 11 12 13 14 15 16 17 18
12Z AVG MX 2MIN
DY MAX MIN AVG DEP HDD CDD WTR SNW DPTH SPD SPD DIR MIN PSBL S-S WX SPD DR
================================================================================
1 30 25 28 10 37 0 M M M 9.3 14 240 M M 10 21 240
2 32 25 29 11 36 0 M M M 10.6 15 230 M M 8 21 230
3 36 28 32 14 33 0 M M M 7.8 12 10 M M 10 1 M M
4 30 25 28 10 37 0 M M M 4.7 10 350 M M 9 M M
5 34 27 31 13 34 0 M M M 5.3 12 250 M M 9 17 250
6 34 32 33 15 32 0 M M M 3.9 7 70 M M 10 1 M M
7 36 32 34 16 31 0 M M M 7.0 13 290 M M 9 18 M M
8 36 32 34 16 31 0 M M M 4.8 8 160 M M 10 M M
9 36 32 34 16 31 0 M M M 14.9 23 360 M M 10 1 32 10
10 34 30 32 15 33 0 M M M 7.5 21 350 M M 10 21 330
11 30 28 29 12 36 0 M M M 4.3 9 340 M M 9 M M
12 34 27 31 14 34 0 M M M 14.8 29 10 M M 10 38 10
13 27 14 21 4 44 0 M M M 16.4 24 360 M M 9 31 360
14 14 0 7 -10 58 0 M M M 16.0 22 280 M M 7 8 29 290
15 7 -2 3 -14 62 0 M M M 11.7 16 270 M M 5 18 250
16 3 -8 -2 -19 67 0 M M M 12.0 18 240 M M 3 23 230
17 12 0 6 -11 59 0 M M M 9.9 15 240 M M 3 18 240
18 14 1 8 -9 57 0 M M M 7.1 9 320 M M 4 M M
19 16 7 12 -5 53 0 M M M 11.9 16 340 M M 7 18 320
20 19 1 10 -7 55 0 M M M 12.2 15 310 M M 1 17 320
21 21 1 11 -6 54 0 M M M 12.5 17 210 M M 5 23 210
22 32 21 27 10 38 0 M M M 10.3 18 210 M M 9 22 210
23 34 30 32 15 33 0 M M M 6.5 10 60 M M 10 1 16 70
24 36 32 34 17 31 0 M M M 1.7 5 99 M M 10 12 M M
25 37 34 36 19 29 0 M M M 2.1 7 30 M M 10 12 M M
26 37 34 36 19 29 0 0.01 M M 4.8 9 10 M M 10 12 M M
27 39 34 37 20 28 0 M M M 3.7 7 340 M M 10 12 M M
28 36 32 34 16 31 0 M M M 8.0 10 270 M M 10 1 M M
29 36 30 33 15 32 0 M M M 9.3 13 220 M M 9 12 M M
30 39 34 37 19 28 0 M M M 6.8 10 350 M M 10 M M
31 45 34 40 22 25 0 M M M 11.0 20 230 M M 5 23 230
================================================================================
SM 906 672 1218 0 0.01 M 268.6 M 251
================================================================================
AV 29.2 21.7 8.7 FASTST M M 8 MAX(MPH)
MISC ----> 29 10 38 10
================================================================================
NOTES:
# LAST OF SEVERAL OCCURRENCES
COLUMN 17 PEAK WIND IN M.P.H.
PRELIMINARY LOCAL CLIMATOLOGICAL DATA (WS FORM: F-6) , PAGE 2
STATION: APPLETON WI
MONTH: JANUARY
YEAR: 2024
LATITUDE: 44 16 N
LONGITUDE: 88 31 W
[TEMPERATURE DATA] [PRECIPITATION DATA] SYMBOLS USED IN COLUMN 16
AVERAGE MONTHLY: 25.5 TOTAL FOR MONTH: 0.01 1 = FOG OR MIST
DPTR FM NORMAL: 8.0 DPTR FM NORMAL: -1.13 2 = FOG REDUCING VISIBILITY
HIGHEST: 45 ON 31 GRTST 24HR 0.46 ON 9- 9 TO 1/4 MILE OR LESS
LOWEST: -8 ON 16 3 = THUNDER
SNOW, ICE PELLETS, HAIL 4 = ICE PELLETS
TOTAL MONTH: M 5 = HAIL
GRTST 24HR M ON M 6 = FREEZING RAIN OR DRIZZLE
GRTST DEPTH: M ON M 7 = DUSTSTORM OR SANDSTORM:
VSBY 1/2 MILE OR LESS
8 = SMOKE OR HAZE
[NO. OF DAYS WITH] [WEATHER - DAYS WITH] 9 = BLOWING SNOW
X = TORNADO
MAX 32 OR BELOW: 14 0.01 INCH OR MORE: 1
MAX 90 OR ABOVE: 0 0.10 INCH OR MORE: 0
MIN 32 OR BELOW: 26 0.50 INCH OR MORE: 0
MIN 0 OR BELOW: 4 1.00 INCH OR MORE: 0
[HDD (BASE 65) ]
TOTAL THIS MO. 1218 CLEAR (SCALE 0-3) 3
DPTR FM NORMAL -256 PTCLDY (SCALE 4-7) 6
TOTAL FM JUL 1 3399 CLOUDY (SCALE 8-10) 22
DPTR FM NORMAL -1028
[CDD (BASE 65) ]
TOTAL THIS MO. 0
DPTR FM NORMAL 0 [PRESSURE DATA]
TOTAL FM JAN 1 0 HIGHEST SLP M ON M
DPTR FM NORMAL 0 LOWEST SLP M ON M
[REMARKS]
#FINAL-01-24#