000
CXUS51 KGYX 021949
CF6AUG
PRELIMINARY LOCAL CLIMATOLOGICAL DATA (WS FORM: F-6)
STATION: AUGUSTA
MONTH: MARCH
YEAR: 2023
LATITUDE: 44 18 N
LONGITUDE: 69 48 W
TEMPERATURE IN F: :PCPN: SNOW: WIND :SUNSHINE: SKY :PK WND
================================================================================
1 2 3 4 5 6A 6B 7 8 9 10 11 12 13 14 15 16 17 18
12Z AVG MX 2MIN
DY MAX MIN AVG DEP HDD CDD WTR SNW DPTH SPD SPD DIR MIN PSBL S-S WX SPD DR
================================================================================
1 40 15 28 1 37 0 0.07 M M 4.8 10 320 M M 3 1 15 310
2 34 32 33 5 32 0 0.39 M M 5.2 12 310 M M 10 12 18 330
3 41 24 33 5 32 0 0.00 M M 4.9 17 340 M M 1 22 320
4 32 27 30 2 35 0 0.63 M M 9.2 17 20 M M 10 12 24 10
5 44 22 33 5 32 0 0.00 M M 8.9 21 300 M M 1 30 280
6 43 32 38 9 27 0 0.00 M M 17.1 33 330 M M 4 45 310
7 34 25 30 1 35 0 0.02 M M 11.1 20 350 M M 6 18 28 320
8 45 32 39 10 26 0 0.00 M M 15.9 26 340 M M 8 34 330
9 42 30 36 6 29 0 0.00 M M 9.1 20 350 M M 5 26 340
10 44 28 36 6 29 0 0.00 M M 5.8 13 360 M M 0 15 360
11 40 26 33 3 32 0 0.00 M M 7.6 14 40 M M 0 17 50
12 46 25 36 5 29 0 0.00 M M 6.1 20 20 M M 0 25 20
13 45 27 36 5 29 0 0.00 M M 4.3 14 140 M M 4 20 120
14 37 32 35 4 30 0 0.16 M M 18.2 38 360 M M 10 128 51 10
15 38 32 35 3 30 0 T M M 20.2 33 350 M M 9 1 42 350
16 49 31 40 8 25 0 0.00 M M 10.3 25 340 M M 1 35 340
17 46 28 37 5 28 0 0.06 M M 5.0 15 160 M M 7 1 20 140
18 50 34 42 10 23 0 0.00 M M 5.0 13 320 M M 8 12 16 330
19 35 21 28 -5 37 0 T M M 10.4 22 290 M M 6 1 32 280
20 46 18 32 -1 33 0 0.00 M M 5.4 15 240 M M 0 24 240
21 53 25 39 5 26 0 0.00 M M 4.9 16 330 M M 4 8 22 330
22 50 29 40 6 25 0 0.00 M M 4.8 12 160 M M 1 15 200
23 44 35 40 6 25 0 0.19 M M 5.0 15 290 M M 10 12 20 290
24 46 32 39 4 26 0 0.00 M M 8.8 18 320 M M 6 25 300
25 40 25 33 -2 32 0 0.22 M M 4.7 13 160 M M 4 17 140
26 47 33 40 5 25 0 0.11 M M 7.8 17 110 M M 10 12 26 120
27 54 35 45 9 20 0 0.00 M M 5.7 15 20 M M 4 8 22 270
28 45 33 39 3 26 0 T M M 7.3 13 310 M M 9 17 340
29 50 28 39 3 26 0 0.00 M M 5.8 13 160 M M 0 18 180
30 39 27 33 -4 32 0 T M M 13.1 25 310 M M 2 1 39 320
31 45 26 36 -1 29 0 0.09 M M 6.9 12 210 M M 4 1 20 210
================================================================================
SM 1344 869 902 0 1.94 M 259.3 M 147
================================================================================
AV 43.4 28.0 8.4 FASTST M M 5 MAX(MPH)
MISC ----> 38 360 51 10
================================================================================
NOTES:
# LAST OF SEVERAL OCCURRENCES
COLUMN 17 PEAK WIND IN M.P.H.
PRELIMINARY LOCAL CLIMATOLOGICAL DATA (WS FORM: F-6) , PAGE 2
STATION: AUGUSTA
MONTH: MARCH
YEAR: 2023
LATITUDE: 44 18 N
LONGITUDE: 69 48 W
[TEMPERATURE DATA] [PRECIPITATION DATA] SYMBOLS USED IN COLUMN 16
AVERAGE MONTHLY: 35.7 TOTAL FOR MONTH: 1.94 1 = FOG OR MIST
DPTR FM NORMAL: 3.7 DPTR FM NORMAL: -1.27 2 = FOG REDUCING VISIBILITY
HIGHEST: 54 ON 27 GRTST 24HR 0.63 ON 4- 4 TO 1/4 MILE OR LESS
LOWEST: 15 ON 1 3 = THUNDER
SNOW, ICE PELLETS, HAIL 4 = ICE PELLETS
TOTAL MONTH: M 5 = HAIL
GRTST 24HR M ON M 6 = FREEZING RAIN OR DRIZZLE
GRTST DEPTH: M ON M 7 = DUSTSTORM OR SANDSTORM:
VSBY 1/2 MILE OR LESS
8 = SMOKE OR HAZE
[NO. OF DAYS WITH] [WEATHER - DAYS WITH] 9 = BLOWING SNOW
X = TORNADO
MAX 32 OR BELOW: 1 0.01 INCH OR MORE: 10
MAX 90 OR ABOVE: 0 0.10 INCH OR MORE: 6
MIN 32 OR BELOW: 26 0.50 INCH OR MORE: 1
MIN 0 OR BELOW: 0 1.00 INCH OR MORE: 0
[HDD (BASE 65) ]
TOTAL THIS MO. 902 CLEAR (SCALE 0-3) 11
DPTR FM NORMAL -121 PTCLDY (SCALE 4-7) 12
TOTAL FM JUL 1 5292 CLOUDY (SCALE 8-10) 8
DPTR FM NORMAL -951
[CDD (BASE 65) ]
TOTAL THIS MO. 0
DPTR FM NORMAL 0 [PRESSURE DATA]
TOTAL FM JAN 1 0 HIGHEST SLP 30.47 ON 22
DPTR FM NORMAL 0 LOWEST SLP 29.28 ON 14
[REMARKS]
#FINAL-03-23#