000
CXUS53 KGID 011347
CF6AUH
PRELIMINARY LOCAL CLIMATOLOGICAL DATA (WS FORM: F-6)
STATION: AURORA NE
MONTH: FEBRUARY
YEAR: 2023
LATITUDE: 40 54 N
LONGITUDE: 97 59 W
TEMPERATURE IN F: :PCPN: SNOW: WIND :SUNSHINE: SKY :PK WND
================================================================================
1 2 3 4 5 6A 6B 7 8 9 10 11 12 13 14 15 16 17 18
12Z AVG MX 2MIN
DY MAX MIN AVG DEP HDD CDD WTR SNW DPTH SPD SPD DIR MIN PSBL S-S WX SPD DR
================================================================================
1 32 6 19 M 46 0 0.00 M M 9.4 15 230 M M 0 M M
2 28 3 16 M 49 0 0.00 M M 11.3 25 10 M M 0 35 10
3 27 2 15 M 50 0 0.00 M M 9.4 17 200 M M 2 22 190
4 47 21 34 M 31 0 0.00 M M 10.0 14 210 M M 0 21 300
5 48 26 37 M 28 0 0.00 M M 5.9 10 300 M M 0 M M
6 44 29 37 M 28 0 0.00 M M 9.7 15 290 M M 3 24 320
7 49 28 39 M 26 0 0.00 M M 8.3 15 310 M M 0 M M
8 48 24 36 M 29 0 0.00 M M 4.8 12 220 M M 0 M M
9 35 24 30 M 35 0 0.00 M M 21.1 33 340 M M 4 40 340
10 40 15 28 M 37 0 0.00 M M 8.5 14 350 M M 0 21 200
11 51 25 38 M 27 0 0.00 M M 12.7 18 220 M M 0 23 220
12 43 20 32 M 33 0 0.00 M M 8.1 17 360 M M 0 18 360
13 59 24 42 M 23 0 0.00 M M 10.6 21 220 M M 1 29 220
14 47 33 40 M 25 0 0.06 M M 15.6 36 320 M M 8 1 45 320
15 33 17 25 M 40 0 M M M 23.1 29 340 M M 10 39 330
16 29 11 20 M 45 0 M M M 15.8 25 360 M M 5 1 31 360
17 36 8 22 M 43 0 0.00 M M 11.0 20 230 M M 0 27 220
18 46 22 34 M 31 0 0.00 M M 11.0 23 210 M M 0 22 220
19 47 25 36 M 29 0 0.00 M M 4.8 10 250 M M 1 M M
20 51 27 39 M 26 0 0.00 M M 9.9 18 280 M M 2 25 280
21 56 25 41 M 24 0 0.00 M M 10.6 21 150 M M 4 1 24 150
22 33 6 20 M 45 0 M M M 22.7 33 20 M M 9 40 20
23 12 -2 5 M 60 0 T M M 18.4 28 320 M M 2 8 35 310
24 13 0 7 M 58 0 M M M 4.4 15 20 M M 6 M M
25 47 4 26 M 39 0 0.00 M M 8.0 20 230 M M 0 27 230
26 55 22 39 M 26 0 0.28 M M 9.0 18 160 M M 2 13 24 140
27 55 28 42 M 23 0 0.00 M M 16.1 25 320 M M 2 1 37 320
28 43 27 35 M 30 0 0.00 M M 6.1 10 100 M M 4 16 50
================================================================================
SM 1154 500 986 0 M M 316.3 M 65
================================================================================
AV 41.2 17.9 11.3 FASTST M M 2 MAX(MPH)
MISC ----> 36 320 M M
================================================================================
NOTES:
# LAST OF SEVERAL OCCURRENCES
COLUMN 17 PEAK WIND IN M.P.H.
PRELIMINARY LOCAL CLIMATOLOGICAL DATA (WS FORM: F-6) , PAGE 2
STATION: AURORA NE
MONTH: FEBRUARY
YEAR: 2023
LATITUDE: 40 54 N
LONGITUDE: 97 59 W
[TEMPERATURE DATA] [PRECIPITATION DATA] SYMBOLS USED IN COLUMN 16
AVERAGE MONTHLY: 29.5 TOTAL FOR MONTH: M 1 = FOG OR MIST
DPTR FM NORMAL: M DPTR FM NORMAL: M 2 = FOG REDUCING VISIBILITY
HIGHEST: 59 ON 13 GRTST 24HR M ON M TO 1/4 MILE OR LESS
LOWEST: -2 ON 23 3 = THUNDER
SNOW, ICE PELLETS, HAIL 4 = ICE PELLETS
TOTAL MONTH: M 5 = HAIL
GRTST 24HR M ON M 6 = FREEZING RAIN OR DRIZZLE
GRTST DEPTH: M ON M 7 = DUSTSTORM OR SANDSTORM:
VSBY 1/2 MILE OR LESS
8 = SMOKE OR HAZE
[NO. OF DAYS WITH] [WEATHER - DAYS WITH] 9 = BLOWING SNOW
X = TORNADO
MAX 32 OR BELOW: 6 0.01 INCH OR MORE: M
MAX 90 OR ABOVE: 0 0.10 INCH OR MORE: M
MIN 32 OR BELOW: 27 0.50 INCH OR MORE: M
MIN 0 OR BELOW: 2 1.00 INCH OR MORE: M
[HDD (BASE 65) ]
TOTAL THIS MO. 986 CLEAR (SCALE 0-3) 19
DPTR FM NORMAL M PTCLDY (SCALE 4-7) 6
TOTAL FM JUL 1 4695 CLOUDY (SCALE 8-10) 3
DPTR FM NORMAL M
[CDD (BASE 65) ]
TOTAL THIS MO. 0
DPTR FM NORMAL M [PRESSURE DATA]
TOTAL FM JAN 1 0 HIGHEST SLP M ON M
DPTR FM NORMAL M LOWEST SLP M ON M
[REMARKS]
#FINAL-02-23#