000
CXUS53 KGID 011517 RRA
CF6AUH
PRELIMINARY LOCAL CLIMATOLOGICAL DATA (WS FORM: F-6)
STATION: AURORA
MONTH: APRIL
YEAR: 2020
LATITUDE: 40 54 N
LONGITUDE: 97 59 W
TEMPERATURE IN F: :PCPN: SNOW: WIND :SUNSHINE: SKY :PK WND
================================================================================
1 2 3 4 5 6A 6B 7 8 9 10 11 12 13 14 15 16 17 18
12Z AVG MX 2MIN
DY MAX MIN AVG DEP HDD CDD WTR SNW DPTH SPD SPD DIR MIN PSBL S-S WX SPD DR
================================================================================
1 76 42 59 14 6 0 0.00 M M 12.3 25 170 M M 2 36 180
2 57 23 40 -5 25 0 M M M 15.9 23 340 M M 9 1 29 340
3 36 21 29 -17 36 0 M M M 13.9 20 350 M M 9 3 22 360
4 51 25 38 -8 27 0 0.00 M M 5.9 12 160 M M 5 18 170
5 60 28 44 -2 21 0 0.00 M M 10.7 18 170 M M 3 8 25 140
6 78 49 64 17 1 0 0.00 M M 7.0 15 160 M M 5 8 18 160
7 84 45 65 18 0 0 0.00 M M 10.6 24 300 M M 0 1 37 280
8 70 36 53 5 12 0 0.00 M M 14.7 31 20 M M 0 39 20
9 55 25 40 -8 25 0 0.00 M M 14.8 31 330 M M 1 40 320
10 61 18 40 -8 25 0 0.00 M M 11.0 28 210 M M 2 33 210
11 74 41 58 9 7 0 T M M 11.2 24 20 M M 2 27 30
12 47 27 37 -12 28 0 M M M 22.9 36 20 M M 8 1 43 20
13 41 19 30 -19 35 0 0.00 M M 13.4 25 330 M M 1 32 320
14 51 15 33 -17 32 0 0.00 M M 10.2 23 260 M M 5 31 250
15 55 19 37 -13 28 0 0.03 M M 5.7 14 10 M M 4 M M
16 39 29 34 -16 31 0 M M M 14.0 22 70 M M 10 27 80
17 50 25 38 -13 27 0 0.00 M M 6.2 15 250 M M 4 12 M M
18 74 34 54 3 11 0 0.00 M M 12.5 22 240 M M 0 25 220
19 64 38 51 -1 14 0 0.00 M M 8.5 15 50 M M 1 18 70
20 72 36 54 2 11 0 T M M 11.2 24 340 M M 4 3 38 300
21 76 34 55 3 10 0 0.00 M M 8.5 15 210 M M 1 21 260
22 75 46 61 8 4 0 0.00 M M 8.3 15 220 M M 2 18 220
23 80 43 62 9 3 0 T M M 7.0 23 230 M M 3 40 230
24 63 45 54 0 11 0 0.34 M M 8.0 14 340 M M 6 M M
25 68 40 54 0 11 0 0.00 M M 9.7 21 320 M M 3 3 27 320
26 74 35 55 1 10 0 T M M 10.2 21 150 M M 2 27 190
27 84 51 68 13 0 3 0.00 M M 8.4 16 240 M M 1 22 240
28 75 48 62 7 3 0 0.01 M M 15.4 39 330 M M 2 48 330
29 66 44 55 -1 10 0 0.00 M M 19.4 28 350 M M 5 38 340
30 79 39 59 3 6 0 0.00 M M 7.1 15 190 M M 0 18 200
================================================================================
SM 1935 1020 470 3 M M 334.6 M 100
================================================================================
AV 64.5 34.0 11.2 FASTST M M 3 MAX(MPH)
MISC ----> # 39 330 # M M
================================================================================
NOTES:
# LAST OF SEVERAL OCCURRENCES
COLUMN 17 PEAK WIND IN M.P.H.
PRELIMINARY LOCAL CLIMATOLOGICAL DATA (WS FORM: F-6) , PAGE 2
STATION: AURORA
MONTH: APRIL
YEAR: 2020
LATITUDE: 40 54 N
LONGITUDE: 97 59 W
[TEMPERATURE DATA] [PRECIPITATION DATA] SYMBOLS USED IN COLUMN 16
AVERAGE MONTHLY: 49.3 TOTAL FOR MONTH: M 1 = FOG OR MIST
DPTR FM NORMAL: -1.2 DPTR FM NORMAL: M 2 = FOG REDUCING VISIBILITY
HIGHEST: 84 ON 27, 7 GRTST 24HR M ON M TO 1/4 MILE OR LESS
LOWEST: 15 ON 14 3 = THUNDER
SNOW, ICE PELLETS, HAIL 4 = ICE PELLETS
TOTAL MONTH: M 5 = HAIL
GRTST 24HR M ON M 6 = FREEZING RAIN OR DRIZZLE
GRTST DEPTH: M ON M 7 = DUSTSTORM OR SANDSTORM:
VSBY 1/2 MILE OR LESS
8 = SMOKE OR HAZE
[NO. OF DAYS WITH] [WEATHER - DAYS WITH] 9 = BLOWING SNOW
X = TORNADO
MAX 32 OR BELOW: 0 0.01 INCH OR MORE: M
MAX 90 OR ABOVE: 0 0.10 INCH OR MORE: M
MIN 32 OR BELOW: 12 0.50 INCH OR MORE: M
MIN 0 OR BELOW: 0 1.00 INCH OR MORE: M
[HDD (BASE 65) ]
TOTAL THIS MO. 470 CLEAR (SCALE 0-3) 16
DPTR FM NORMAL 19 PTCLDY (SCALE 4-7) 11
TOTAL FM JUL 1 5516 CLOUDY (SCALE 8-10) 3
DPTR FM NORMAL -535
[CDD (BASE 65) ]
TOTAL THIS MO. 3
DPTR FM NORMAL -8 [PRESSURE DATA]
TOTAL FM JAN 1 3 HIGHEST SLP M ON M
DPTR FM NORMAL -9 LOWEST SLP M ON M
[REMARKS]
#FINAL-04-20#