000
CXUS53 KARX 010900
CF6AUM
PRELIMINARY LOCAL CLIMATOLOGICAL DATA (WS FORM: F-6)
STATION: AUSTIN MUNI MN
MONTH: MARCH
YEAR: 2023
LATITUDE: 43 40 N
LONGITUDE: 92 56 W
TEMPERATURE IN F: :PCPN: SNOW: WIND :SUNSHINE: SKY :PK WND
================================================================================
1 2 3 4 5 6A 6B 7 8 9 10 11 12 13 14 15 16 17 18
12Z AVG MX 2MIN
DY MAX MIN AVG DEP HDD CDD WTR SNW DPTH SPD SPD DIR MIN PSBL S-S WX SPD DR
================================================================================
1 39 27 33 M 32 0 M M M 13.4 21 310 M M 9 1 29 300
2 30 21 26 M 39 0 M M M 5.5 15 340 M M 8 21 340
3 41 27 34 M 31 0 0.00 0.0 M 2.5 7 340 M M 0 1 M M
4 39 28 34 M 31 0 0.00 0.0 M 4.9 15 300 M M 2 1 18 300
5 39 27 33 M 32 0 M M M 8.3 17 110 M M 4 23 M
6 36 32 34 M 31 0 M M M 9.2 17 350 M M 9 1 23 350
7 39 32 36 M 29 0 M M M 9.0 15 110 M M 9 18 20
8 37 34 36 M 29 0 M M M 8.0 14 130 M M 10 18 130
9 36 28 32 M 33 0 M M M 10.7 15 70 M M 9 24 90
10 32 27 30 M 35 0 M M M 5.2 10 320 M M 9 M M
11 32 30 31 M 34 0 M M M 10.3 18 120 M M 10 25 140
12 32 27 30 M 35 0 M M M 13.0 17 300 M M 9 1 27 290
13 28 16 22 M 43 0 M M M 10.2 17 340 M M 6 25 340
14 30 5 18 M 47 0 0.00 0.0 M 5.4 13 180 M M 1 1 17 170
15 46 30 38 M 27 0 0.00 0.0 M 13.7 21 180 M M 3 24 180
16 45 19 32 M 33 0 M M M 14.7 30 330 M M 8 40 330
17 19 7 13 M 52 0 T M M 22.4 29 310 M M 4 38 310
18 21 7 14 M 51 0 M M M 15.7 22 320 M M 4 28 310
19 41 9 25 M 40 0 0.00 M M 12.9 23 220 M M 0 31 220
20 43 30 37 M 28 0 0.00 0.0 M 7.8 16 210 M M 0 22 210
21 54 32 43 M 22 0 0.02 0.0 0 8.2 16 180 M M 5 23 180
22 41 30 36 M 29 0 M M 0 10.7 17 200 M M 9 1 23 190
23 37 27 32 M 33 0 M M M 7.1 10 340 M M 4 17 360
24 46 25 36 M 29 0 0.00 0.0 M 2.9 8 50 M M 0 M M
25 46 30 38 M 27 0 0.00 0.0 M 6.6 15 320 M M 2 23 330
26 43 27 35 M 30 0 0.00 0.0 0 7.4 10 350 M M 0 1 18 10
27 43 25 34 M 31 0 0.00 0.0 M 7.6 13 310 M M 0 17 320
28 41 18 30 M 35 0 M M M 8.9 15 320 M M 3 24 250
29 30 14 22 M 43 0 M M M 8.5 20 320 M M 1 27 330
30 43 21 32 M 33 0 M M M 11.8 20 120 M M 7 3 25 120
31 48 34 41 M 24 0 M M M 9.4 21 100 M M 10 13 24 60
================================================================================
SM 1177 746 1048 0 0.02 0.0 291.9 M 155
================================================================================
AV 38.0 24.1 9.4 FASTST M M 5 MAX(MPH)
MISC ----> 30 330 40 330
================================================================================
NOTES:
# LAST OF SEVERAL OCCURRENCES
COLUMN 17 PEAK WIND IN M.P.H.
PRELIMINARY LOCAL CLIMATOLOGICAL DATA (WS FORM: F-6) , PAGE 2
STATION: AUSTIN MUNI MN
MONTH: MARCH
YEAR: 2023
LATITUDE: 43 40 N
LONGITUDE: 92 56 W
[TEMPERATURE DATA] [PRECIPITATION DATA] SYMBOLS USED IN COLUMN 16
AVERAGE MONTHLY: 31.0 TOTAL FOR MONTH: 0.02 1 = FOG OR MIST
DPTR FM NORMAL: 0.0 DPTR FM NORMAL: M 2 = FOG REDUCING VISIBILITY
HIGHEST: 54 ON 21 GRTST 24HR 0.02 ON 21-21 TO 1/4 MILE OR LESS
LOWEST: 5 ON 14 3 = THUNDER
SNOW, ICE PELLETS, HAIL 4 = ICE PELLETS
TOTAL MONTH: 0.0 INCH 5 = HAIL
GRTST 24HR 0.0 6 = FREEZING RAIN OR DRIZZLE
GRTST DEPTH: 0 7 = DUSTSTORM OR SANDSTORM:
VSBY 1/2 MILE OR LESS
8 = SMOKE OR HAZE
[NO. OF DAYS WITH] [WEATHER - DAYS WITH] 9 = BLOWING SNOW
X = TORNADO
MAX 32 OR BELOW: 9 0.01 INCH OR MORE: 1
MAX 90 OR ABOVE: 0 0.10 INCH OR MORE: 0
MIN 32 OR BELOW: 29 0.50 INCH OR MORE: 0
MIN 0 OR BELOW: 0 1.00 INCH OR MORE: 0
[HDD (BASE 65) ]
TOTAL THIS MO. 1048 CLEAR (SCALE 0-3) 12
DPTR FM NORMAL M PTCLDY (SCALE 4-7) 7
TOTAL FM JUL 1 6582 CLOUDY (SCALE 8-10) 12
DPTR FM NORMAL M
[CDD (BASE 65) ]
TOTAL THIS MO. 0
DPTR FM NORMAL M [PRESSURE DATA]
TOTAL FM JAN 1 0 HIGHEST SLP M ON M
DPTR FM NORMAL M LOWEST SLP M ON M
[REMARKS]
#FINAL-03-23#