000
CXUS53 KARX 011000
CF6AUM
PRELIMINARY LOCAL CLIMATOLOGICAL DATA (WS FORM: F-6)
STATION: AUSTIN MUNI MN
MONTH: FEBRUARY
YEAR: 2022
LATITUDE: 43 40 N
LONGITUDE: 92 56 W
TEMPERATURE IN F: :PCPN: SNOW: WIND :SUNSHINE: SKY :PK WND
================================================================================
1 2 3 4 5 6A 6B 7 8 9 10 11 12 13 14 15 16 17 18
12Z AVG MX 2MIN
DY MAX MIN AVG DEP HDD CDD WTR SNW DPTH SPD SPD DIR MIN PSBL S-S WX SPD DR
================================================================================
1 36 5 21 M 44 0 M M M 15.2 24 290 M M 2 31 290
2 9 -2 4 M 61 0 M M M 12.4 18 330 M M 0 24 330
3 3 -9 -3 M 68 0 M M M 4.4 8 40 M M 0 M M
4 9 -11 -1 M 66 0 M M M 9.7 23 300 M M 4 8 28 310
5 21 -8 7 M 58 0 0.00 0.0 M 10.3 23 180 M M 4 8 31 180
6 28 3 16 M 49 0 M M M 8.5 22 300 M M 6 1 27 310
7 18 -6 6 M 59 0 M M M 4.8 12 180 M M 3 M M
8 39 14 27 M 38 0 0.00 M M 8.4 14 290 M M 2 21 280
9 36 21 29 M 36 0 M M M 17.8 24 300 M M 10 35 300
10 39 10 25 M 40 0 M M M 14.6 28 180 M M 7 32 180
11 39 7 23 M 42 0 M M M 19.4 30 300 M M 9 43 290
12 7 -6 1 M 64 0 M M M 6.7 16 320 M M 6 25 330
13 7 -4 2 M 63 0 M M M 5.6 10 190 M M 5 21 160
14 18 7 13 M 52 0 M M M 5.8 15 190 M M 4 21 190
15 37 12 25 M 40 0 M M M 10.9 22 130 M M 0 32 140
16 37 19 28 M 37 0 M M M 12.7 23 340 M M 3 1 29 340
17 19 1 10 M 55 0 M M M 10.9 17 320 M M 1 27 330
18 41 5 23 M 42 0 M M M 17.1 33 300 M M 5 44 300
19 21 1 11 M 54 0 M M M 14.1 24 300 M M 1 32 300
20 46 21 34 M 31 0 0.00 0.0 M 11.7 21 180 M M 2 28 190
21 34 19 27 M 38 0 M M M 14.2 21 90 M M 7 29 90
22 19 3 11 M 54 0 M M M 13.6 21 330 M M 9 1 31 330
23 7 -6 1 M 64 0 0.00 0.0 M 8.7 14 310 M M 4 1 20 310
24 14 1 8 M 57 0 M M M 6.2 12 30 M M 6 M M
25 16 1 9 M 56 0 M M M 5.9 10 320 M M 2 M M
26 32 3 18 M 47 0 M M M 8.3 14 220 M M 0 17 220
27 34 16 25 M 40 0 M M M 5.4 10 270 M M 0 M M
28 48 21 35 M 30 0 0.00 0.0 0 5.6 12 230 M M 1 M M
================================================================================
SM 714 138 1385 0 0.00 0.0 288.9 M 103
================================================================================
AV 25.5 4.9 10.3 FASTST M M 4 MAX(MPH)
MISC ----> 33 300 44 300
================================================================================
NOTES:
# LAST OF SEVERAL OCCURRENCES
COLUMN 17 PEAK WIND IN M.P.H.
PRELIMINARY LOCAL CLIMATOLOGICAL DATA (WS FORM: F-6) , PAGE 2
STATION: AUSTIN MUNI MN
MONTH: FEBRUARY
YEAR: 2022
LATITUDE: 43 40 N
LONGITUDE: 92 56 W
[TEMPERATURE DATA] [PRECIPITATION DATA] SYMBOLS USED IN COLUMN 16
AVERAGE MONTHLY: 15.2 TOTAL FOR MONTH: 0.00 1 = FOG OR MIST
DPTR FM NORMAL: 0.0 DPTR FM NORMAL: 0.00 2 = FOG REDUCING VISIBILITY
HIGHEST: 48 ON 28 GRTST 24HR 0.00 ON 5- 5 TO 1/4 MILE OR LESS
LOWEST: -11 ON 4 3 = THUNDER
SNOW, ICE PELLETS, HAIL 4 = ICE PELLETS
TOTAL MONTH: 0.0 INCH 5 = HAIL
GRTST 24HR 0.0 6 = FREEZING RAIN OR DRIZZLE
GRTST DEPTH: 0 7 = DUSTSTORM OR SANDSTORM:
VSBY 1/2 MILE OR LESS
8 = SMOKE OR HAZE
[NO. OF DAYS WITH] [WEATHER - DAYS WITH] 9 = BLOWING SNOW
X = TORNADO
MAX 32 OR BELOW: 16 0.01 INCH OR MORE: 0
MAX 90 OR ABOVE: 0 0.10 INCH OR MORE: 0
MIN 32 OR BELOW: 28 0.50 INCH OR MORE: 0
MIN 0 OR BELOW: 8 1.00 INCH OR MORE: 0
[HDD (BASE 65) ]
TOTAL THIS MO. 1385 CLEAR (SCALE 0-3) 12
DPTR FM NORMAL M PTCLDY (SCALE 4-7) 13
TOTAL FM JUL 1 5499 CLOUDY (SCALE 8-10) 3
DPTR FM NORMAL M
[CDD (BASE 65) ]
TOTAL THIS MO. 0
DPTR FM NORMAL M [PRESSURE DATA]
TOTAL FM JAN 1 0 HIGHEST SLP M ON M
DPTR FM NORMAL M LOWEST SLP M ON M
[REMARKS]
#FINAL-02-22#