000
CXUS53 KARX 010900
CF6AUM
PRELIMINARY LOCAL CLIMATOLOGICAL DATA (WS FORM: F-6)
STATION: AUSTIN MUNI MN
MONTH: JULY
YEAR: 2021
LATITUDE: 43 40 N
LONGITUDE: 92 56 W
TEMPERATURE IN F: :PCPN: SNOW: WIND :SUNSHINE: SKY :PK WND
================================================================================
1 2 3 4 5 6A 6B 7 8 9 10 11 12 13 14 15 16 17 18
12Z AVG MX 2MIN
DY MAX MIN AVG DEP HDD CDD WTR SNW DPTH SPD SPD DIR MIN PSBL S-S WX SPD DR
================================================================================
1 84 61 73 M 0 8 0.00 0.0 0 2.3 9 80 M M 2 M M
2 81 61 71 M 0 6 0.00 0.0 0 2.5 9 70 M M 0 M M
3 82 57 70 M 0 5 0.00 0.0 0 2.3 8 210 M M 0 M M
4 90 66 78 M 0 13 0.00 0.0 0 10.2 18 210 M M 0 27 230
5 91 70 81 M 0 16 0.00 0.0 0 5.7 14 200 M M 2 3 29 200
6 88 70 79 M 0 14 M 0.0 0 2.3 9 310 M M 4 13 22 50
7 70 59 65 M 0 0 M 0.0 0 6.7 13 340 M M 10 1 18 350
8 72 61 67 M 0 2 0.00 0.0 0 2.8 9 330 M M 7 M M
9 72 63 68 M 0 3 M 0.0 0 5.4 10 120 M M 8 3 M M
10 72 61 67 M 0 2 M 0.0 0 5.6 12 100 M M 4 1 16 100
11 79 57 68 M 0 3 0.00 0.0 0 4.2 10 50 M M 1 18 60
12 79 54 67 M 0 2 0.00 0.0 0 1.2 6 90 M M 3 M M
13 81 57 69 M 0 4 0.00 0.0 0 3.4 9 220 M M 2 12 16 250
14 72 64 68 M 0 3 M 0.0 0 4.0 10 120 M M 7 13 17 120
15 77 61 69 M 0 4 0.00 0.0 0 3.6 9 340 M M 4 1 17 340
16 81 55 68 M 0 3 0.00 0.0 0 2.1 7 70 M M 1 1 M M
17 82 59 71 M 0 6 0.00 0.0 0 1.4 6 110 M M 2 M M
18 82 57 70 M 0 5 0.00 0.0 0 0.9 5 140 M M 1 M M
19 82 57 70 M 0 5 0.00 0.0 0 1.8 7 310 M M 2 M M
20 84 63 74 M 0 9 0.00 0.0 0 4.2 10 300 M M 0 1 20 330
21 84 66 75 M 0 10 0.00 0.0 0 3.8 10 130 M M 3 18 M M
22 84 70 77 M 0 12 0.00 0.0 0 7.1 13 200 M M 2 1 18 220
23 90 68 79 M 0 14 M M M 8.1 16 190 M M 0 1 18 190
24 88 70 79 M 0 14 M 0.0 0 7.7 14 340 M M 1 21 290
25 88 57 73 M 0 8 0.00 0.0 0 3.7 10 320 M M 1 12 17 310
26 88 64 76 M 0 11 0.00 0.0 0 5.2 15 220 M M 1 22 230
27 91 66 79 M 0 14 M 0.0 0 6.8 16 210 M M 2 3 21 210
28 90 70 80 M 0 15 M 0.0 0 6.3 14 20 M M 3 3 29 0
29 86 66 76 M 0 11 0.00 0.0 0 5.8 14 10 M M 1 18 22 20
30 73 64 69 M 0 4 M 0.0 0 0.7 6 40 M M 2 18 M M
31 81 63 72 M 0 7 0.00 0.0 0 8.1 13 320 M M 4 18 20 320
================================================================================
SM 2544 1937 0 233 0.00 0.0 135.9 M 80
================================================================================
AV 82.1 62.5 4.4 FASTST M M 3 MAX(MPH)
MISC ----> 18 210 # 29 200
================================================================================
NOTES:
# LAST OF SEVERAL OCCURRENCES
COLUMN 17 PEAK WIND IN M.P.H.
PRELIMINARY LOCAL CLIMATOLOGICAL DATA (WS FORM: F-6) , PAGE 2
STATION: AUSTIN MUNI MN
MONTH: JULY
YEAR: 2021
LATITUDE: 43 40 N
LONGITUDE: 92 56 W
[TEMPERATURE DATA] [PRECIPITATION DATA] SYMBOLS USED IN COLUMN 16
AVERAGE MONTHLY: 72.3 TOTAL FOR MONTH: 0.00 1 = FOG OR MIST
DPTR FM NORMAL: 0.0 DPTR FM NORMAL: M 2 = FOG REDUCING VISIBILITY
HIGHEST: 91 ON 27, 5 GRTST 24HR 0.00 ON 1- 1 TO 1/4 MILE OR LESS
LOWEST: 54 ON 12 3 = THUNDER
SNOW, ICE PELLETS, HAIL 4 = ICE PELLETS
TOTAL MONTH: 0.0 INCH 5 = HAIL
GRTST 24HR 0.0 6 = FREEZING RAIN OR DRIZZLE
GRTST DEPTH: 0 7 = DUSTSTORM OR SANDSTORM:
VSBY 1/2 MILE OR LESS
8 = SMOKE OR HAZE
[NO. OF DAYS WITH] [WEATHER - DAYS WITH] 9 = BLOWING SNOW
X = TORNADO
MAX 32 OR BELOW: 0 0.01 INCH OR MORE: 0
MAX 90 OR ABOVE: 5 0.10 INCH OR MORE: 0
MIN 32 OR BELOW: 0 0.50 INCH OR MORE: 0
MIN 0 OR BELOW: 0 1.00 INCH OR MORE: 0
[HDD (BASE 65) ]
TOTAL THIS MO. 0 CLEAR (SCALE 0-3) 23
DPTR FM NORMAL M PTCLDY (SCALE 4-7) 7
TOTAL FM JUL 1 0 CLOUDY (SCALE 8-10) 1
DPTR FM NORMAL M
[CDD (BASE 65) ]
TOTAL THIS MO. 233
DPTR FM NORMAL M [PRESSURE DATA]
TOTAL FM JAN 1 581 HIGHEST SLP M ON M
DPTR FM NORMAL M LOWEST SLP M ON M
[REMARKS]
#FINAL-07-21#