000
CXUS53 KARX 010900
CF6AUM
PRELIMINARY LOCAL CLIMATOLOGICAL DATA (WS FORM: F-6)
STATION: AUSTIN MUNI MN
MONTH: APRIL
YEAR: 2021
LATITUDE: 43 40 N
LONGITUDE: 92 56 W
TEMPERATURE IN F: :PCPN: SNOW: WIND :SUNSHINE: SKY :PK WND
================================================================================
1 2 3 4 5 6A 6B 7 8 9 10 11 12 13 14 15 16 17 18
12Z AVG MX 2MIN
DY MAX MIN AVG DEP HDD CDD WTR SNW DPTH SPD SPD DIR MIN PSBL S-S WX SPD DR
================================================================================
1 45 18 32 M 33 0 0.00 0.0 0 2.5 8 200 M M 0 M M
2 59 30 45 M 20 0 0.00 0.0 0 12.5 25 180 M M 0 36 180
3 72 36 54 M 11 0 0.00 0.0 0 5.5 15 190 M M 0 18 360
4 82 41 62 M 3 0 0.00 0.0 0 7.4 21 190 M M 0 28 190
5 81 48 65 M 0 0 0.00 0.0 0 12.8 28 180 M M 0 36 180
6 79 57 68 M 0 3 M 0.0 0 8.5 16 190 M M 2 22 210
7 73 55 64 M 1 0 M 0.0 0 8.1 15 170 M M 5 3 23 140
8 61 48 55 M 10 0 M 0.0 0 8.0 17 140 M M 10 22 140
9 54 45 50 M 15 0 M 0.0 0 6.4 16 280 M M 10 23 280
10 46 43 45 M 20 0 0.00 0.0 0 10.6 14 360 M M 10 22 350
11 54 43 49 M 16 0 0.00 0.0 0 13.3 17 320 M M 9 23 340
12 48 39 44 M 21 0 M 0.0 0 13.6 22 270 M M 7 30 280
13 39 32 36 M 29 0 T T 0 14.2 22 280 M M 10 31 280
14 45 30 38 M 27 0 M 0.0 0 12.7 16 300 M M 10 22 310
15 46 36 41 M 24 0 M 0.0 0 9.2 13 310 M M 10 17 300
16 57 37 47 M 18 0 0.00 0.0 0 5.2 13 350 M M 4 17 350
17 61 36 49 M 16 0 0.00 0.0 0 5.7 14 340 M M 3 21 320
18 63 32 48 M 17 0 M 0.0 0 8.1 21 330 M M 3 28 330
19 43 30 37 M 28 0 0.00 0.0 0 12.9 20 340 M M 9 27 320
20 43 27 35 M 30 0 0.00 0.0 0 6.2 14 300 M M 5 20 320
21 43 25 34 M 31 0 0.00 0.0 0 7.8 16 290 M M 6 25 290
22 61 34 48 M 17 0 0.00 0.0 0 9.0 18 240 M M 2 25 230
23 55 46 51 M 14 0 M 0.0 0 7.5 16 190 M M 10 22 210
24 46 30 38 M 27 0 0.00 0.0 0 8.5 17 340 M M 6 1 24 340
25 46 23 35 M 30 0 M M 0 8.5 16 140 M M 4 27 140
26 68 43 56 M 9 0 0.00 0.0 0 12.9 20 110 M M 3 23 150
27 66 45 56 M 9 0 M M 0 10.6 16 90 M M 6 3 23 10
28 57 43 50 M 15 0 M 0.0 0 6.2 12 350 M M 7 1 16 350
29 68 39 54 M 11 0 0.00 0.0 0 8.9 23 310 M M 1 1 32 310
30 64 45 55 M 10 0 0.00 0.0 0 6.5 17 30 M M 2 8 22 30
================================================================================
SM 1725 1136 512 3 T T 269.8 M 154
================================================================================
AV 57.5 37.9 9.0 FASTST M M 5 MAX(MPH)
MISC ----> 28 180 # 36 180
================================================================================
NOTES:
# LAST OF SEVERAL OCCURRENCES
COLUMN 17 PEAK WIND IN M.P.H.
PRELIMINARY LOCAL CLIMATOLOGICAL DATA (WS FORM: F-6) , PAGE 2
STATION: AUSTIN MUNI MN
MONTH: APRIL
YEAR: 2021
LATITUDE: 43 40 N
LONGITUDE: 92 56 W
[TEMPERATURE DATA] [PRECIPITATION DATA] SYMBOLS USED IN COLUMN 16
AVERAGE MONTHLY: 47.7 TOTAL FOR MONTH: T 1 = FOG OR MIST
DPTR FM NORMAL: 0.0 DPTR FM NORMAL: M 2 = FOG REDUCING VISIBILITY
HIGHEST: 82 ON 4 GRTST 24HR T ON 13-13 TO 1/4 MILE OR LESS
LOWEST: 18 ON 1 3 = THUNDER
SNOW, ICE PELLETS, HAIL 4 = ICE PELLETS
TOTAL MONTH: T 5 = HAIL
GRTST 24HR T ON 13-13 6 = FREEZING RAIN OR DRIZZLE
GRTST DEPTH: 0 7 = DUSTSTORM OR SANDSTORM:
VSBY 1/2 MILE OR LESS
8 = SMOKE OR HAZE
[NO. OF DAYS WITH] [WEATHER - DAYS WITH] 9 = BLOWING SNOW
X = TORNADO
MAX 32 OR BELOW: 0 0.01 INCH OR MORE: 0
MAX 90 OR ABOVE: 0 0.10 INCH OR MORE: 0
MIN 32 OR BELOW: 10 0.50 INCH OR MORE: 0
MIN 0 OR BELOW: 0 1.00 INCH OR MORE: 0
[HDD (BASE 65) ]
TOTAL THIS MO. 512 CLEAR (SCALE 0-3) 10
DPTR FM NORMAL M PTCLDY (SCALE 4-7) 11
TOTAL FM JUL 1 6967 CLOUDY (SCALE 8-10) 9
DPTR FM NORMAL M
[CDD (BASE 65) ]
TOTAL THIS MO. 3
DPTR FM NORMAL M [PRESSURE DATA]
TOTAL FM JAN 1 3 HIGHEST SLP M ON M
DPTR FM NORMAL M LOWEST SLP M ON M
[REMARKS]
#FINAL-04-21#