000
CXUS53 KGRR 011540
CLMAZO
CLIMATE REPORT
NATIONAL WEATHER SERVICE GRAND RAPIDS, MICHIGAN
1140 AM EDT TUE AUG 01 2023
...................................
...THE KALAMAZOO CLIMATE SUMMARY FOR THE MONTH OF JULY 2023...
CLIMATE NORMAL PERIOD: 1991 TO 2020
CLIMATE RECORD PERIOD: 1887 TO 2023
WEATHER OBSERVED NORMAL DEPART LAST YEAR`S
VALUE DATE(S) VALUE FROM VALUE DATE(S)
NORMAL
................................................................
TEMPERATURE (F)
RECORD
HIGH 109 07/13/1936
LOW 39 07/02/2001
HIGHEST 93 07/05 MM MM 92 07/04
LOWEST 55 07/18 MM MM 52 07/10
AVG. MAXIMUM 84.5 83.1 1.4 84.6
AVG. MINIMUM 62.7 62.0 0.7 63.2
MEAN 73.6 72.6 1.0 73.9
DAYS MAX >= 90 3 5.3 -2.3 4
DAYS MAX <= 32 0 0.0 0.0 0
DAYS MIN <= 32 0 0.0 0.0 0
DAYS MIN <= 0 0 0.0 0.0 0
PRECIPITATION (INCHES)
RECORD
MAXIMUM 7.95 1982
TOTALS 6.56 3.36 3.20 4.06
DAILY AVG. 0.21 0.11 0.10 0.13
DAYS >= .01 11 10.4 0.6 10
DAYS >= .10 8 5.7 2.3 8
DAYS >= .50 8 2.3 5.7 2
DAYS >= 1.00 1 1.0 0.0 1
GREATEST
24 HR. TOTAL 1.84 07/14 TO 07/15
SNOWFALL (INCHES)
TOTALS 0.0
SINCE 7/1 0.0
SNOWDEPTH AVG. 0
DAYS >= TRACE 0
DAYS >= 1.0 0
GREATEST
SNOW DEPTH 0
DEGREE DAYS
HEATING TOTAL 0 6 -6 0
SINCE 7/1 0 0 0 MM
COOLING TOTAL 274 240 34 284
SINCE 1/1 484 442 42 MM
................................................................
WIND (MPH)
AVERAGE WIND SPEED 5.4
RESULTANT WIND SPEED/DIRECTION 2/270
HIGHEST WIND SPEED/DIRECTION 35/200 DATE 07/28
HIGHEST GUST SPEED/DIRECTION 45/200 DATE 07/26
SKY COVER
POSSIBLE SUNSHINE (PERCENT) MM
AVERAGE SKY COVER 0.30
NUMBER OF DAYS FAIR 21
NUMBER OF DAYS PC 9
NUMBER OF DAYS CLOUDY 1
AVERAGE RH (PERCENT) 67
WEATHER CONDITIONS. NUMBER OF DAYS WITH
THUNDERSTORM 10 MIXED PRECIP 0
HEAVY RAIN 7 RAIN 7
LIGHT RAIN 14 FREEZING RAIN 0
LT FREEZING RAIN 0 HAIL 0
HEAVY SNOW 0 SNOW 0
LIGHT SNOW 0 SLEET 0
FOG 19 FOG W/VIS <= 1/4 MILE 3
HAZE 12
- INDICATES NEGATIVE NUMBERS.
R INDICATES RECORD WAS SET OR TIED.
MM INDICATES DATA IS MISSING.
T INDICATES TRACE AMOUNT.
$$