000
CXUS55 KLBF 011410
CF6BBW
PRELIMINARY LOCAL CLIMATOLOGICAL DATA (WS FORM: F-6)
STATION: BROKEN BOW
MONTH: SEPTEMBER
YEAR: 2022
LATITUDE: 41 26 N
LONGITUDE: 99 39 W
TEMPERATURE IN F: :PCPN: SNOW: WIND :SUNSHINE: SKY :PK WND
================================================================================
1 2 3 4 5 6A 6B 7 8 9 10 11 12 13 14 15 16 17 18
12Z AVG MX 2MIN
DY MAX MIN AVG DEP HDD CDD WTR SNW DPTH SPD SPD DIR MIN PSBL S-S WX SPD DR
================================================================================
1 93 56 75 6 0 10 0.00 M M 5.9 17 170 M M 0 23 160
2 99 56 78 9 0 13 0.00 M M 6.0 22 30 M M 0 30 40
3 85 47 66 -3 0 1 0.00 M M 6.3 14 50 M M 0 19 50
4 88 43 66 -3 0 1 0.00 M M 4.5 15 120 M M 0 20 110
5 91 48 70 2 0 5 0.00 M M 8.0 20 160 M M 0 26 180
6 96 55 76 8 0 11 0.00 M M 3.9 13 60 M M 0 20 60
7 94 52 73 5 0 8 0.00 M M 8.0 20 160 M M 0 29 120
8 100 65 83 16 0 18 0.00 M M 13.2 23 160 M M 0 33 160
9 74 55 65 -2 0 0 T M M 14.6 31 360 M M 5 3 46 360
10 71 45 58 -9 7 0 0.19 M M 4.8 12 30 M M 4 18 340
11 78 41 60 -6 5 0 0.00 M M 1.9 12 240 M M 0 18 220
12 89 42 66 0 0 1 0.00 M M 1.9 12 160 M M 0 16 160
13 93 45 69 3 0 4 0.00 M M 2.2 8 120 M M 0 13 30
14 91 54 73 8 0 8 T M M 10.5 24 180 M M 1 40 190
15 85 64 75 10 0 10 0.38 M M 9.0 23 200 M M 6 13 37 190
16 85 57 71 7 0 6 0.23 M M 7.0 23 300 M M 2 13 34 280
17 86 57 72 8 0 7 0.04 M M 3.5 12 310 M M 1 3 15 320
18 85 54 70 6 0 5 T M M 8.1 18 50 M M 1 26 70
19 95 53 74 11 0 9 0.00 M M 5.9 18 170 M M 3 12 25 180
20 98 55 77 14 0 12 0.00 M M 5.7 17 330 M M 0 22 300
21 68 50 59 -3 6 0 0.02 M M 10.0 23 360 M M 2 37 30
22 59 49 54 -8 11 0 0.01 M M 7.4 17 140 M M 6 24 140
23 83 48 66 5 0 1 0.00 M M 12.1 23 300 M M 5 36 300
24 88 43 66 5 0 1 0.00 M M 7.4 18 350 M M 0 29 350
25 79 40 60 0 5 0 0.00 M M 9.4 23 300 M M 1 37 300
26 80 34 57 -3 8 0 0.00 M M 3.3 14 200 M M 0 20 200
27 79 43 61 1 4 0 0.00 M M 6.9 18 60 M M 0 24 40
28 77 37 57 -2 8 0 0.00 M M 8.4 21 140 M M 0 31 170
29 82 50 66 7 0 1 0.00 M M 12.8 23 150 M M 0 32 140
30 81 48 65 7 0 0 0.00 M M 9.9 21 140 M M 0 28 140
================================================================================
SM 2552 1486 54 132 0.87 M 218.5 M 37
================================================================================
AV 85.1 49.5 7.3 FASTST M M 1 MAX(MPH)
MISC ----> 31 360 46 360
================================================================================
NOTES:
# LAST OF SEVERAL OCCURRENCES
COLUMN 17 PEAK WIND IN M.P.H.
PRELIMINARY LOCAL CLIMATOLOGICAL DATA (WS FORM: F-6) , PAGE 2
STATION: BROKEN BOW
MONTH: SEPTEMBER
YEAR: 2022
LATITUDE: 41 26 N
LONGITUDE: 99 39 W
[TEMPERATURE DATA] [PRECIPITATION DATA] SYMBOLS USED IN COLUMN 16
AVERAGE MONTHLY: 67.3 TOTAL FOR MONTH: 0.87 1 = FOG OR MIST
DPTR FM NORMAL: 3.0 DPTR FM NORMAL: -1.34 2 = FOG REDUCING VISIBILITY
HIGHEST: 100 ON 8 GRTST 24HR 0.38 ON 15-15 TO 1/4 MILE OR LESS
LOWEST: 34 ON 26 3 = THUNDER
SNOW, ICE PELLETS, HAIL 4 = ICE PELLETS
TOTAL MONTH: M 5 = HAIL
GRTST 24HR M ON M 6 = FREEZING RAIN OR DRIZZLE
GRTST DEPTH: M ON M 7 = DUSTSTORM OR SANDSTORM:
VSBY 1/2 MILE OR LESS
8 = SMOKE OR HAZE
[NO. OF DAYS WITH] [WEATHER - DAYS WITH] 9 = BLOWING SNOW
X = TORNADO
MAX 32 OR BELOW: 0 0.01 INCH OR MORE: 6
MAX 90 OR ABOVE: 10 0.10 INCH OR MORE: 3
MIN 32 OR BELOW: 0 0.50 INCH OR MORE: 0
MIN 0 OR BELOW: 0 1.00 INCH OR MORE: 0
[HDD (BASE 65) ]
TOTAL THIS MO. 54 CLEAR (SCALE 0-3) 25
DPTR FM NORMAL -63 PTCLDY (SCALE 4-7) 5
TOTAL FM JUL 1 56 CLOUDY (SCALE 8-10) 0
DPTR FM NORMAL -73
[CDD (BASE 65) ]
TOTAL THIS MO. 132
DPTR FM NORMAL 38 [PRESSURE DATA]
TOTAL FM JAN 1 1114 HIGHEST SLP 30.39 ON 28
DPTR FM NORMAL 210 LOWEST SLP 29.59 ON 8
[REMARKS]
#FINAL-09-22#