000
CXUS53 KLBF 011510
CF6BBW
PRELIMINARY LOCAL CLIMATOLOGICAL DATA (WS FORM: F-6)
STATION: BROKEN BOW
MONTH: NOVEMBER
YEAR: 2023
LATITUDE: 41 26 N
LONGITUDE: 99 39 W
TEMPERATURE IN F: :PCPN: SNOW: WIND :SUNSHINE: SKY :PK WND
================================================================================
1 2 3 4 5 6A 6B 7 8 9 10 11 12 13 14 15 16 17 18
12Z AVG MX 2MIN
DY MAX MIN AVG DEP HDD CDD WTR SNW DPTH SPD SPD DIR MIN PSBL S-S WX SPD DR
================================================================================
1 60 23 42 -2 23 0 0.00 M M 4.4 12 200 M M 0 17 210
2 67 19 43 0 22 0 0.00 M M 4.3 17 240 M M 1 25 200
3 65 35 50 7 15 0 T M M 7.2 21 310 M M 5 28 320
4 61 36 49 7 16 0 0.26 M M 6.4 18 200 M M 4 1 23 200
5 68 41 55 13 10 0 0.00 M M 10.7 22 200 M M 0 33 210
6 68 36 52 10 13 0 0.00 M M 5.8 15 190 M M 0 19 170
7 59 37 48 7 17 0 0.00 M M 4.8 13 360 M M 4 12 17 350
8 59 26 43 2 22 0 0.01 M M 11.7 26 330 M M 2 37 330
9 56 21 39 -1 26 0 0.00 M M 8.2 22 320 M M 0 31 320
10 56 17 37 -3 28 0 0.00 M M 6.3 21 180 M M 0 27 170
11 63 27 45 6 20 0 0.00 M M 7.7 21 190 M M 0 26 190
12 68 26 47 8 18 0 0.00 M M 6.9 22 350 M M 0 30 360
13 67 25 46 8 19 0 0.00 M M 8.8 25 170 M M 0 34 170
14 64 28 46 8 19 0 0.00 M M 8.5 20 210 M M 0 8 29 210
15 67 26 47 9 18 0 0.00 M M 4.6 14 160 M M 0 17 170
16 71 37 54 17 11 0 T M M 10.6 33 340 M M 2 47 340
17 60 20 40 3 25 0 0.00 M M 4.9 18 200 M M 0 23 210
18 66 22 44 8 21 0 0.00 M M 2.8 13 190 M M 0 18 170
19 51 33 42 6 23 0 0.60 M M 7.4 20 140 M M 9 1 24 130
20 47 42 45 9 20 0 0.18 M M 12.6 22 330 M M 10 1 32 310
21 48 24 36 1 29 0 0.00 M M 12.3 25 330 M M 1 36 330
22 69 22 46 11 19 0 0.00 M M 6.7 18 260 M M 0 23 260
23 44 25 35 1 30 0 0.00 M M 15.1 21 30 M M 2 31 350
24 25 18 22 -12 43 0 0.18 M M 10.2 21 30 M M 10 18 28 30
25 23 17 20 -14 45 0 0.05 M M 4.9 15 290 M M 9 18 18 290
26 35 15 25 -8 40 0 T M M 15.0 28 310 M M 2 37 320
27 38 13 26 -7 39 0 0.00 M M 10.6 22 310 M M 0 30 300
28 48 10 29 -4 36 0 0.00 M M 6.4 17 290 M M 0 12 23 270
29 55 18 37 5 28 0 0.00 M M 5.2 17 190 M M 0 23 200
30 41 21 31 -1 34 0 0.00 M M 11.5 21 350 M M 0 28 360
================================================================================
SM 1669 760 729 0 1.28 M 242.5 M 61
================================================================================
AV 55.6 25.3 8.1 FASTST M M 2 MAX(MPH)
MISC ----> 33 340 47 340
================================================================================
NOTES:
# LAST OF SEVERAL OCCURRENCES
COLUMN 17 PEAK WIND IN M.P.H.
PRELIMINARY LOCAL CLIMATOLOGICAL DATA (WS FORM: F-6) , PAGE 2
STATION: BROKEN BOW
MONTH: NOVEMBER
YEAR: 2023
LATITUDE: 41 26 N
LONGITUDE: 99 39 W
[TEMPERATURE DATA] [PRECIPITATION DATA] SYMBOLS USED IN COLUMN 16
AVERAGE MONTHLY: 40.5 TOTAL FOR MONTH: 1.28 1 = FOG OR MIST
DPTR FM NORMAL: 2.9 DPTR FM NORMAL: 0.69 2 = FOG REDUCING VISIBILITY
HIGHEST: 71 ON 16 GRTST 24HR 0.72 ON 19-20 TO 1/4 MILE OR LESS
LOWEST: 10 ON 28 3 = THUNDER
SNOW, ICE PELLETS, HAIL 4 = ICE PELLETS
TOTAL MONTH: M 5 = HAIL
GRTST 24HR M ON M 6 = FREEZING RAIN OR DRIZZLE
GRTST DEPTH: M ON M 7 = DUSTSTORM OR SANDSTORM:
VSBY 1/2 MILE OR LESS
8 = SMOKE OR HAZE
[NO. OF DAYS WITH] [WEATHER - DAYS WITH] 9 = BLOWING SNOW
X = TORNADO
MAX 32 OR BELOW: 2 0.01 INCH OR MORE: 6
MAX 90 OR ABOVE: 0 0.10 INCH OR MORE: 4
MIN 32 OR BELOW: 22 0.50 INCH OR MORE: 1
MIN 0 OR BELOW: 0 1.00 INCH OR MORE: 0
[HDD (BASE 65) ]
TOTAL THIS MO. 729 CLEAR (SCALE 0-3) 23
DPTR FM NORMAL -95 PTCLDY (SCALE 4-7) 3
TOTAL FM JUL 1 1260 CLOUDY (SCALE 8-10) 4
DPTR FM NORMAL -143
[CDD (BASE 65) ]
TOTAL THIS MO. 0
DPTR FM NORMAL 0 [PRESSURE DATA]
TOTAL FM JAN 1 931 HIGHEST SLP 30.64 ON 24
DPTR FM NORMAL 19 LOWEST SLP 29.66 ON 19
[REMARKS]
#FINAL-11-23#