000
CXUS55 KCYS 020357 CCA
CF6BFF
PRELIMINARY LOCAL CLIMATOLOGICAL DATA (WS FORM: F-6)...CORRECTED
STATION: SCOTTSBLUFF NE AIRPORT
MONTH: JANUARY
YEAR: 2023
LATITUDE: 41 52 N
LONGITUDE: 103 36 W
TEMPERATURE IN F: :PCPN: SNOW: WIND :SUNSHINE: SKY :PK WND
================================================================================
1 2 3 4 5 6A 6B 7 8 9 10 11 12 13 14 15 16 17 18
12Z AVG MX 2MIN
DY MAX MIN AVG DEP HDD CDD WTR SNW DPTH SPD SPD DIR MIN PSBL S-S WX SPD DR
================================================================================
1 42 31 37 10 28 0 T T 0 6.5 14 60 M M 10 18 60
2 35 28 32 5 33 0 0.38 6.5 3 12.4 20 90 M M 10 16 25 80
3 33 9 21 -6 44 0 0.06 1.0 7 5.6 17 10 M M 9 12 22 10
4 35 8 22 -5 43 0 0.00 0.0 6 9.5 18 290 M M 3 12 26 300
5 28 4 16 -12 49 0 0.00 0.0 6 6.2 13 110 M M 0 14 110
6 33 10 22 -6 43 0 0.00 0.0 5 3.0 8 30 M M 5 9 240
7 43 14 29 1 36 0 0.00 0.0 4 4.0 9 280 M M 3 18 14 290
8 38 11 25 -3 40 0 0.00 0.0 3 2.7 12 20 M M 0 14 20
9 49 25 37 9 28 0 0.00 0.0 2 8.6 18 290 M M 1 26 300
10 45 24 35 7 30 0 0.01 0.2 1 4.6 15 20 M M 3 17 20
11 35 27 31 3 34 0 0.24 2.0 2 4.8 14 80 M M 9 12 18 60
12 39 16 28 0 37 0 0.00 0.0 2 5.1 13 300 M M 2 12 17 300
13 43 14 29 1 36 0 0.00 0.0 2 2.3 7 80 M M 0 8 80
14 51 22 37 9 28 0 0.00 0.0 1 3.8 14 130 M M 1 18 130
15 42 25 34 6 31 0 0.08 1.0 2 3.5 10 280 M M 8 1 12 270
16 45 27 36 8 29 0 0.00 0.0 1 6.5 15 310 M M 2 12 22 310
17 40 26 33 5 32 0 0.02 0.2 1 7.4 16 120 M M 6 18 22 120
18 32 22 27 -2 38 0 0.52 7.0 8 11.1 22 40 M M 10 1 28 30
19 32 7 20 -9 45 0 0.00 0.0 7 8.1 14 290 M M 0 18 300
20 26 8 17 -12 48 0 0.00 0.0 6 9.4 14 310 M M 2 17 310
21 32 19 26 -3 39 0 T T 5 10.6 17 300 M M 10 8 23 300
22 37 18 28 -1 37 0 0.00 0.0 5 4.9 13 290 M M 10 19 290
23 36 13 25 -4 40 0 0.00 0.0 4 7.2 14 290 M M 7 12 19 270
24 36 12 24 -5 41 0 0.00 0.0 4 9.9 15 290 M M 4 M M
25 35 24 30 1 35 0 0.01 0.2 4 16.3 32 300 M M 9 18 44 300
26 34 26 30 1 35 0 T T 4 17.4 29 280 M M 7 45 260
27 41 28 35 6 30 0 0.03 T 4 10.7 29 280 M M 7 1 39 270
28 35 -5 15 -14 50 0 0.06 1.7 6 12.6 22 70 M M 9 18 27 80
29 5 0 3 -26 62 0 0.13 3.9 10 6.4 13 350 M M 10 8 17 330
30 8 -13 -2 -31 67 0 0.02 0.4 10 6.2 13 280 M M 3 8 16 290
31 26 -22 2 -27 63 0 0.00 0.0 10 5.8 23 270 M M 0 31 260
================================================================================
SM 1091 458 1231 0 1.56 24.1 233.1 M 160
================================================================================
AV 35.2 14.8 7.5 FASTST M M 5 MAX(MPH)
MISC ----> 32 300 45 260
================================================================================
NOTES:
# LAST OF SEVERAL OCCURRENCES
COLUMN 17 PEAK WIND IN M.P.H.
PRELIMINARY LOCAL CLIMATOLOGICAL DATA (WS FORM: F-6) , PAGE 2
STATION: SCOTTSBLUFF NE AIRPORT
MONTH: JANUARY
YEAR: 2023
LATITUDE: 41 52 N
LONGITUDE: 103 36 W
[TEMPERATURE DATA] [PRECIPITATION DATA] SYMBOLS USED IN COLUMN 16
AVERAGE MONTHLY: 25.0 TOTAL FOR MONTH: 1.56 1 = FOG OR MIST
DPTR FM NORMAL: -3.3 DPTR FM NORMAL: 1.17 2 = FOG REDUCING VISIBILITY
HIGHEST: 51 ON 14 GRTST 24HR 0.52 ON 17-18 TO 1/4 MILE OR LESS
LOWEST: -22 ON 31 3 = THUNDER
SNOW, ICE PELLETS, HAIL 4 = ICE PELLETS
TOTAL MONTH: 24.1 INCHES 5 = HAIL
GRTST 24HR 7.0 ON 18-18 6 = FREEZING RAIN OR DRIZZLE
GRTST DEPTH: 10 ON 31,30 7 = DUSTSTORM OR SANDSTORM:
VSBY 1/2 MILE OR LESS
8 = SMOKE OR HAZE
[NO. OF DAYS WITH] [WEATHER - DAYS WITH] 9 = BLOWING SNOW
X = TORNADO
MAX 32 OR BELOW: 8 0.01 INCH OR MORE: 12
MAX 90 OR ABOVE: 0 0.10 INCH OR MORE: 4
MIN 32 OR BELOW: 31 0.50 INCH OR MORE: 1
MIN 0 OR BELOW: 4 1.00 INCH OR MORE: 0
[HDD (BASE 65) ]
TOTAL THIS MO. 1231 CLEAR (SCALE 0-3) 13
DPTR FM NORMAL 93 PTCLDY (SCALE 4-7) 8
TOTAL FM JUL 1 3951 CLOUDY (SCALE 8-10) 10
DPTR FM NORMAL 202
[CDD (BASE 65) ]
TOTAL THIS MO. 0
DPTR FM NORMAL 0 [PRESSURE DATA]
TOTAL FM JAN 1 0 HIGHEST SLP 30.54 ON 29
DPTR FM NORMAL 0 LOWEST SLP 29.48 ON 15
[REMARKS]
JANUARY 18...RECORD PRECIPITATION 0.52" (PREVIOUS 0.40" IN 1988)
JANUARY 24...PEAK WIND MISSING.
JANUARY 31...TIED RECORD LOW -22 DEGREES PREVIOUSLY SET IN 1979.
MONTHLY PRECIPITATION 1.56" WAS WETTEST JANUARY ON RECORD.
MONTHLY SNOWFALL 24.1" WAS SNOWIEST JANUARY ON RECORD.
#FINAL-01-23#