000
CXUS56 KHNX 030638
CF6BFL
PRELIMINARY LOCAL CLIMATOLOGICAL DATA (WS FORM: F-6)
STATION: BAKERSFIELD CA
MONTH: APRIL
YEAR: 2023
LATITUDE: 35 25 N
LONGITUDE: 119 3 W
TEMPERATURE IN F: :PCPN: SNOW: WIND :SUNSHINE: SKY :PK WND
================================================================================
1 2 3 4 5 6A 6B 7 8 9 10 11 12 13 14 15 16 17 18
12Z AVG MX 2MIN
DY MAX MIN AVG DEP HDD CDD WTR SNW DPTH SPD SPD DIR MIN PSBL S-S WX SPD DR
================================================================================
1 67 42 55 -5 10 0 0.00 0.0 0 3.9 9 320 M M 0 8 12 280
2 69 47 58 -3 7 0 0.00 0.0 0 5.6 23 340 M M 4 18 29 340
3 57 38 48 -13 17 0 T 0.0 0 18.3 32 330 M M 5 40 320
4 59 34 47 -14 18 0 T 0.0 0 5.4 18 320 M M 1 23 320
5 65 39 52 -9 13 0 0.00 0.0 0 4.9 14 340 M M 0 20 340
6 72 39 56 -5 9 0 0.00 0.0 0 4.0 12 320 M M 0 16 330
7 74 52 63 2 2 0 0.00 0.0 0 6.3 14 320 M M 2 24 320
8 72 52 62 0 3 0 0.00 0.0 0 4.6 10 310 M M 4 1 13 350
9 79 53 66 4 0 1 0.00 0.0 0 4.0 12 310 M M 0 16 310
10 88 55 72 10 0 7 0.00 0.0 0 3.5 12 290 M M 0 18 15 300
11 76 55 66 4 0 1 0.00 0.0 0 4.9 13 310 M M 1 16 300
12 70 50 60 -2 5 0 0.00 0.0 0 7.0 13 320 M M 5 1 16 330
13 66 48 57 -5 8 0 0.00 0.0 0 6.2 17 330 M M 3 20 320
14 72 46 59 -4 6 0 0.00 0.0 0 4.8 14 330 M M 0 16 260
15 77 47 62 -1 3 0 0.00 0.0 0 4.7 15 320 M M 0 19 320
16 78 50 64 1 1 0 0.00 0.0 0 5.3 15 340 M M 0 8 24 360
17 74 46 60 -3 5 0 0.00 0.0 0 6.4 15 310 M M 1 20 290
18 67 48 58 -6 7 0 0.00 0.0 0 9.3 20 330 M M 5 24 350
19 66 40 53 -11 12 0 0.00 0.0 0 6.5 17 340 M M 2 8 23 320
20 72 44 58 -6 7 0 0.00 0.0 0 4.8 14 310 M M 0 16 310
21 79 49 64 0 1 0 0.00 0.0 0 4.6 12 280 M M 0 16 290
22 82 56 69 4 0 4 0.00 0.0 0 5.8 14 310 M M 0 18 320
23 83 55 69 4 0 4 0.00 0.0 0 6.5 17 310 M M 0 22 310
24 82 56 69 4 0 4 0.00 0.0 0 5.3 17 320 M M 0 21 300
25 84 55 70 4 0 5 0.00 0.0 0 5.3 15 320 M M 0 21 310
26 90 56 73 7 0 8 0.00 0.0 0 5.4 17 310 M M 0 25 300
27 93 59 76 10 0 11 0.00 0.0 0 5.7 15 340 M M 0 21 300
28 97 62 80 14 0 15 0.00 0.0 0 6.2 20 310 M M 0 8 25 300
29 94 65 80 13 0 15 0.00 0.0 0 5.9 15 290 M M 0 8 21 300
30 89 61 75 8 0 10 0.00 0.0 0 7.7 20 330 M M 0 8 26 340
================================================================================
SM 2293 1499 134 85 T 0.0 178.8 M 33
================================================================================
AV 76.4 50.0 6.0 FASTST M M 1 MAX(MPH)
MISC ----> 32 330 40 320
================================================================================
NOTES:
# LAST OF SEVERAL OCCURRENCES
COLUMN 17 PEAK WIND IN M.P.H.
PRELIMINARY LOCAL CLIMATOLOGICAL DATA (WS FORM: F-6) , PAGE 2
STATION: BAKERSFIELD CA
MONTH: APRIL
YEAR: 2023
LATITUDE: 35 25 N
LONGITUDE: 119 3 W
[TEMPERATURE DATA] [PRECIPITATION DATA] SYMBOLS USED IN COLUMN 16
AVERAGE MONTHLY: 63.2 TOTAL FOR MONTH: T 1 = FOG OR MIST
DPTR FM NORMAL: -0.1 DPTR FM NORMAL: -0.60 2 = FOG REDUCING VISIBILITY
HIGHEST: 97 ON 28 GRTST 24HR T ON 3- 3 TO 1/4 MILE OR LESS
LOWEST: 34 ON 4 3 = THUNDER
SNOW, ICE PELLETS, HAIL 4 = ICE PELLETS
TOTAL MONTH: 0.0 INCH 5 = HAIL
GRTST 24HR 0.0 6 = FREEZING RAIN OR DRIZZLE
GRTST DEPTH: 0 7 = DUSTSTORM OR SANDSTORM:
VSBY 1/2 MILE OR LESS
8 = SMOKE OR HAZE
[NO. OF DAYS WITH] [WEATHER - DAYS WITH] 9 = BLOWING SNOW
X = TORNADO
MAX 32 OR BELOW: 0 0.01 INCH OR MORE: 0
MAX 90 OR ABOVE: 4 0.10 INCH OR MORE: 0
MIN 32 OR BELOW: 0 0.50 INCH OR MORE: 0
MIN 0 OR BELOW: 0 1.00 INCH OR MORE: 0
[HDD (BASE 65) ]
TOTAL THIS MO. 134 CLEAR (SCALE 0-3) 24
DPTR FM NORMAL 21 PTCLDY (SCALE 4-7) 6
TOTAL FM JUL 1 2253 CLOUDY (SCALE 8-10) 0
DPTR FM NORMAL 324
[CDD (BASE 65) ]
TOTAL THIS MO. 85
DPTR FM NORMAL 23 [PRESSURE DATA]
TOTAL FM JAN 1 85 HIGHEST SLP 30.31 ON 20
DPTR FM NORMAL 9 LOWEST SLP 29.70 ON 30
[REMARKS]
#FINAL-04-23#