000
CXUS56 KHNX 021643
CF6BFL
PRELIMINARY LOCAL CLIMATOLOGICAL DATA (WS FORM: F-6)
STATION: BAKERSFIELD CA
MONTH: JANUARY
YEAR: 2022
LATITUDE: 35 25 N
LONGITUDE: 119 3 W
TEMPERATURE IN F: :PCPN: SNOW: WIND :SUNSHINE: SKY :PK WND
================================================================================
1 2 3 4 5 6A 6B 7 8 9 10 11 12 13 14 15 16 17 18
12Z AVG MX 2MIN
DY MAX MIN AVG DEP HDD CDD WTR SNW DPTH SPD SPD DIR MIN PSBL S-S WX SPD DR
================================================================================
1 54 38 46 -2 19 0 0.00 0.0 0 3.2 9 10 M M 1 18 10 200
2 60 33 47 -1 18 0 0.00 0.0 0 2.9 9 130 M M 0 18 11 330
3 58 34 46 -2 19 0 0.00 0.0 0 4.1 10 340 M M 0 8 13 320
4 60 38 49 0 16 0 0.00 0.0 0 4.2 12 360 M M 2 18 12 360
5 60 41 51 2 14 0 0.00 0.0 0 3.1 7 130 M M 1 18 9 60
6 60 41 51 2 14 0 0.00 0.0 0 1.4 7 110 M M 0 18 9 120
7 51 39 45 -4 20 0 0.00 0.0 0 2.3 12 140 M M 5 1 12 150
8 58 40 49 0 16 0 0.00 0.0 0 3.5 10 320 M M 6 18 13 330
9 61 38 50 1 15 0 0.00 0.0 0 5.0 14 320 M M 5 128 16 320
10 57 38 48 -1 17 0 0.00 0.0 0 3.5 8 90 M M 3 128 11 110
11 61 37 49 0 16 0 0.00 0.0 0 4.9 13 340 M M 1 128 15 340
12 63 37 50 1 15 0 0.00 0.0 0 3.4 9 180 M M 0 18 11 180
13 61 45 53 4 12 0 0.00 0.0 0 3.4 12 310 M M 0 18 15 160
14 60 39 50 1 15 0 0.00 0.0 0 3.5 14 330 M M 0 18 16 330
15 57 38 48 -1 17 0 T 0.0 0 4.7 15 300 M M 5 128 17 310
16 64 47 56 7 9 0 0.01 0.0 0 2.5 7 50 M M 7 128 10 130
17 63 46 55 6 10 0 0.00 0.0 0 2.0 6 100 M M 4 18 7 100
18 64 47 56 6 9 0 0.00 0.0 0 3.0 7 60 M M 3 18 8 120
19 62 44 53 3 12 0 0.00 0.0 0 2.2 7 140 M M 1 18 9 340
20 64 42 53 3 12 0 0.00 0.0 0 2.6 9 350 M M 0 18 11 350
21 59 40 50 0 15 0 0.00 0.0 0 2.5 8 100 M M 3 18 10 100
22 63 39 51 1 14 0 0.00 0.0 0 4.9 10 120 M M 0 128 13 320
23 65 37 51 1 14 0 0.00 0.0 0 2.0 8 140 M M 0 18 9 40
24 65 37 51 1 14 0 0.00 0.0 0 3.1 8 350 M M 0 18 10 290
25 63 37 50 0 15 0 0.00 0.0 0 3.3 8 50 M M 0 8 11 260
26 68 34 51 1 14 0 0.00 0.0 0 2.9 9 50 M M 0 18 11 360
27 65 35 50 0 15 0 0.00 0.0 0 3.5 10 340 M M 0 8 13 320
28 70 37 54 3 11 0 0.00 0.0 0 7.3 29 140 M M 0 8 37 140
29 58 39 49 -2 16 0 0.00 0.0 0 2.8 9 150 M M 0 8 10 150
30 65 35 50 -1 15 0 0.00 0.0 0 4.4 10 340 M M 0 8 15 310
31 58 36 47 -4 18 0 0.00 0.0 0 2.2 7 350 M M 0 8 8 100
================================================================================
SM 1897 1208 456 0 0.01 0.0 104.3 M 47
================================================================================
AV 61.2 39.0 3.4 FASTST M M 2 MAX(MPH)
MISC ----> 29 140 37 140
================================================================================
NOTES:
# LAST OF SEVERAL OCCURRENCES
COLUMN 17 PEAK WIND IN M.P.H.
PRELIMINARY LOCAL CLIMATOLOGICAL DATA (WS FORM: F-6) , PAGE 2
STATION: BAKERSFIELD CA
MONTH: JANUARY
YEAR: 2022
LATITUDE: 35 25 N
LONGITUDE: 119 3 W
[TEMPERATURE DATA] [PRECIPITATION DATA] SYMBOLS USED IN COLUMN 16
AVERAGE MONTHLY: 50.1 TOTAL FOR MONTH: 0.01 1 = FOG OR MIST
DPTR FM NORMAL: 0.6 DPTR FM NORMAL: -1.18 2 = FOG REDUCING VISIBILITY
HIGHEST: 70 ON 28 GRTST 24HR 0.01 ON 16-16 TO 1/4 MILE OR LESS
LOWEST: 33 ON 2 3 = THUNDER
SNOW, ICE PELLETS, HAIL 4 = ICE PELLETS
TOTAL MONTH: 0.0 INCH 5 = HAIL
GRTST 24HR 0.0 6 = FREEZING RAIN OR DRIZZLE
GRTST DEPTH: 0 7 = DUSTSTORM OR SANDSTORM:
VSBY 1/2 MILE OR LESS
8 = SMOKE OR HAZE
[NO. OF DAYS WITH] [WEATHER - DAYS WITH] 9 = BLOWING SNOW
X = TORNADO
MAX 32 OR BELOW: 0 0.01 INCH OR MORE: 1
MAX 90 OR ABOVE: 0 0.10 INCH OR MORE: 0
MIN 32 OR BELOW: 0 0.50 INCH OR MORE: 0
MIN 0 OR BELOW: 0 1.00 INCH OR MORE: 0
[HDD (BASE 65) ]
TOTAL THIS MO. 456 CLEAR (SCALE 0-3) 24
DPTR FM NORMAL -25 PTCLDY (SCALE 4-7) 7
TOTAL FM JUL 1 1240 CLOUDY (SCALE 8-10) 0
DPTR FM NORMAL -48
[CDD (BASE 65) ]
TOTAL THIS MO. 0
DPTR FM NORMAL 0 [PRESSURE DATA]
TOTAL FM JAN 1 0 HIGHEST SLP 30.47 ON 10
DPTR FM NORMAL 0 LOWEST SLP 29.93 ON 7
[REMARKS]
#FINAL-01-22#