000
CXUS54 KAMA 010810
CF6BGD
PRELIMINARY LOCAL CLIMATOLOGICAL DATA (WS FORM: F-6)
STATION: BORGER
MONTH: FEBRUARY
YEAR: 2023
LATITUDE: 35 42 N
LONGITUDE: 101 24 W
TEMPERATURE IN F: :PCPN: SNOW: WIND :SUNSHINE: SKY :PK WND
================================================================================
1 2 3 4 5 6A 6B 7 8 9 10 11 12 13 14 15 16 17 18
12Z AVG MX 2MIN
DY MAX MIN AVG DEP HDD CDD WTR SNW DPTH SPD SPD DIR MIN PSBL S-S WX SPD DR
================================================================================
1 38 23 31 -10 34 0 0.00 M M 4.0 13 150 M M 5 16 160
2 57 19 38 -3 27 0 0.00 M M 8.7 20 320 M M 0 1 28 310
3 64 21 43 2 22 0 0.00 M M 10.5 23 170 M M 0 35 190
4 73 43 58 16 7 0 0.00 M M 12.6 26 180 M M 0 39 190
5 70 28 49 7 16 0 0.00 M M 7.8 17 120 M M 0 26 120
6 71 41 56 14 9 0 0.00 M M 15.1 30 360 M M 0 36 240
7 53 31 42 0 23 0 0.00 M M 10.1 20 340 M M 5 27 10
8 56 30 43 1 22 0 0.00 M M 6.0 16 260 M M 1 22 280
9 46 31 39 -3 26 0 0.00 M M 15.4 30 350 M M 5 42 360
10 46 24 35 -7 30 0 0.00 M M 8.1 21 330 M M 3 28 340
11 63 18 41 -1 24 0 0.00 M M 9.2 20 200 M M 0 28 170
12 74 41 58 16 7 0 0.00 M M 12.0 26 320 M M 0 39 310
13 64 28 46 4 19 0 0.06 M M 7.5 21 120 M M 2 3 31 120
14 64 42 53 10 12 0 T M M 16.0 44 260 M M 4 8 66 280
15 52 19 36 -7 29 0 0.15 M M 14.4 25 20 M M 4 12 38 40
16 30 13 22 -21 43 0 0.00 M M 10.3 23 330 M M 0 33 320
17 54 14 34 -9 31 0 0.00 M M 9.1 17 230 M M 0 26 170
18 63 35 49 6 16 0 0.00 M M 16.1 30 180 M M 0 48 180
19 73 41 57 13 8 0 0.00 M M 17.1 32 220 M M 0 45 220
20 70 48 59 15 6 0 0.00 M M 13.1 33 220 M M 0 46 220
21 76 37 57 13 8 0 0.00 M M 16.8 40 210 M M 0 58 220
22 64 27 46 2 19 0 0.00 M M 15.8 30 220 M M 2 46 210
23 38 13 26 -19 39 0 0.00 M M 10.6 16 60 M M 1 24 90
24 47 15 31 -14 34 0 0.00 M M 6.6 14 70 M M 3 22 50
25 74 24 49 4 16 0 0.00 M M 8.4 21 150 M M 0 32 140
26 80 48 64 18 1 0 T M M 18.8 45 230 M M 2 38 71 160
27 71 40 56 10 9 0 0.00 M M 12.5 29 230 M M 0 45 230
28 73 39 56 10 9 0 0.00 M M 15.6 37 210 M M 0 51 200
================================================================================
SM 1704 833 546 0 0.21 M 328.2 M 37
================================================================================
AV 60.9 29.8 11.7 FASTST M M 1 MAX(MPH)
MISC ----> 45 230 71 160
================================================================================
NOTES:
# LAST OF SEVERAL OCCURRENCES
COLUMN 17 PEAK WIND IN M.P.H.
PRELIMINARY LOCAL CLIMATOLOGICAL DATA (WS FORM: F-6) , PAGE 2
STATION: BORGER
MONTH: FEBRUARY
YEAR: 2023
LATITUDE: 35 42 N
LONGITUDE: 101 24 W
[TEMPERATURE DATA] [PRECIPITATION DATA] SYMBOLS USED IN COLUMN 16
AVERAGE MONTHLY: 45.3 TOTAL FOR MONTH: 0.21 1 = FOG OR MIST
DPTR FM NORMAL: 2.2 DPTR FM NORMAL: -0.31 2 = FOG REDUCING VISIBILITY
HIGHEST: 80 ON 26 GRTST 24HR 0.15 ON 15-15 TO 1/4 MILE OR LESS
LOWEST: 13 ON 23,16 3 = THUNDER
SNOW, ICE PELLETS, HAIL 4 = ICE PELLETS
TOTAL MONTH: M 5 = HAIL
GRTST 24HR M ON M 6 = FREEZING RAIN OR DRIZZLE
GRTST DEPTH: M ON M 7 = DUSTSTORM OR SANDSTORM:
VSBY 1/2 MILE OR LESS
8 = SMOKE OR HAZE
[NO. OF DAYS WITH] [WEATHER - DAYS WITH] 9 = BLOWING SNOW
X = TORNADO
MAX 32 OR BELOW: 1 0.01 INCH OR MORE: 2
MAX 90 OR ABOVE: 0 0.10 INCH OR MORE: 1
MIN 32 OR BELOW: 17 0.50 INCH OR MORE: 0
MIN 0 OR BELOW: 0 1.00 INCH OR MORE: 0
[HDD (BASE 65) ]
TOTAL THIS MO. 546 CLEAR (SCALE 0-3) 22
DPTR FM NORMAL -68 PTCLDY (SCALE 4-7) 6
TOTAL FM JUL 1 2535 CLOUDY (SCALE 8-10) 0
DPTR FM NORMAL -295
[CDD (BASE 65) ]
TOTAL THIS MO. 0
DPTR FM NORMAL -1 [PRESSURE DATA]
TOTAL FM JAN 1 0 HIGHEST SLP M ON M
DPTR FM NORMAL 0 LOWEST SLP 29.13 ON 14
[REMARKS]
#FINAL-02-23#