929
CXUS54 KAMA 010810
CF6BGD
PRELIMINARY LOCAL CLIMATOLOGICAL DATA (WS FORM: F-6)
STATION: BORGER
MONTH: DECEMBER
YEAR: 2020
LATITUDE: 35 42 N
LONGITUDE: 101 24 W
TEMPERATURE IN F: :PCPN: SNOW: WIND :SUNSHINE: SKY :PK WND
================================================================================
1 2 3 4 5 6A 6B 7 8 9 10 11 12 13 14 15 16 17 18
12Z AVG MX 2MIN
DY MAX MIN AVG DEP HDD CDD WTR SNW DPTH SPD SPD DIR MIN PSBL S-S WX SPD DR
================================================================================
1 59 31 45 3 20 0 0.00 M M 10.8 22 30 M M 0 28 230
2 41 33 37 -5 28 0 T M M 21.0 30 350 M M 8 38 360
3 39 29 34 -7 31 0 0.00 M M 11.0 28 10 M M 6 36 360
4 59 28 44 3 21 0 0.00 M M 7.7 13 30 M M 0 17 30
5 59 32 46 5 19 0 0.00 M M 8.2 18 20 M M 0 23 30
6 62 31 47 7 18 0 0.00 M M 6.2 13 10 M M 0 15 10
7 67 33 50 10 15 0 0.00 M M 7.4 14 360 M M 0 18 350
8 71 30 51 11 14 0 0.00 M M 6.8 15 240 M M 0 18 240
9 70 32 51 12 14 0 0.00 M M 4.4 12 240 M M 0 14 240
10 65 29 47 8 18 0 T M M 6.8 17 290 M M 2 21 300
11 44 33 39 0 26 0 0.02 M M 8.2 16 340 M M 7 21 340
12 46 29 38 -1 27 0 0.00 M M 6.7 17 100 M M 1 22 90
13 37 25 31 -7 34 0 0.15 M M 11.5 24 30 M M 6 18 34 40
14 42 21 32 -6 33 0 0.00 M M 12.6 25 170 M M 0 33 140
15 34 20 27 -11 38 0 0.20 M M 8.4 24 340 M M 7 12 30 350
16 47 19 33 -5 32 0 0.00 M M 5.5 13 250 M M 0 14 240
17 55 27 41 3 24 0 0.00 M M 11.5 23 190 M M 0 35 190
18 63 38 51 13 14 0 0.00 M M 9.6 22 360 M M 0 30 200
19 55 30 43 5 22 0 0.00 M M 6.5 15 250 M M 0 20 230
20 58 33 46 9 19 0 0.00 M M 7.7 16 240 M M 0 20 250
21 67 33 50 13 15 0 0.00 M M 5.4 10 260 M M 0 12 80
22 71 32 52 15 13 0 0.00 M M 13.3 30 220 M M 0 40 220
23 55 25 40 3 25 0 0.00 M M 15.1 38 340 M M 3 8 48 350
24 56 21 39 2 26 0 0.00 M M 11.0 24 330 M M 0 38 320
25 68 29 49 12 16 0 0.00 M M 10.1 20 240 M M 0 26 250
26 66 32 49 12 16 0 0.00 M M 7.2 17 240 M M 0 22 230
27 60 37 49 12 16 0 0.00 M M 9.6 25 10 M M 0 32 360
28 47 35 41 4 24 0 T M M 7.7 21 110 M M 3 27 110
29 54 35 45 8 20 0 T M M 7.4 22 10 M M 7 128 29 350
30 47 27 37 0 28 0 0.00 M M 8.5 21 20 M M 2 28 20
31 46 18 32 -5 33 0 0.00 M M 6.1 14 10 M M 0 18 10
================================================================================
SM 1710 907 699 0 0.37 M 279.9 M 52
================================================================================
AV 55.2 29.3 9.0 FASTST M M 2 MAX(MPH)
MISC ----> 38 340 48 350
================================================================================
NOTES:
# LAST OF SEVERAL OCCURRENCES
COLUMN 17 PEAK WIND IN M.P.H.
PRELIMINARY LOCAL CLIMATOLOGICAL DATA (WS FORM: F-6) , PAGE 2
STATION: BORGER
MONTH: DECEMBER
YEAR: 2020
LATITUDE: 35 42 N
LONGITUDE: 101 24 W
[TEMPERATURE DATA] [PRECIPITATION DATA] SYMBOLS USED IN COLUMN 16
AVERAGE MONTHLY: 42.2 TOTAL FOR MONTH: 0.37 1 = FOG OR MIST
DPTR FM NORMAL: 3.7 DPTR FM NORMAL: -0.40 2 = FOG REDUCING VISIBILITY
HIGHEST: 71 ON 22, 8 GRTST 24HR 0.20 ON 15-15 TO 1/4 MILE OR LESS
LOWEST: 18 ON 31 3 = THUNDER
SNOW, ICE PELLETS, HAIL 4 = ICE PELLETS
TOTAL MONTH: M 5 = HAIL
GRTST 24HR M ON M 6 = FREEZING RAIN OR DRIZZLE
GRTST DEPTH: M ON M 7 = DUSTSTORM OR SANDSTORM:
VSBY 1/2 MILE OR LESS
8 = SMOKE OR HAZE
[NO. OF DAYS WITH] [WEATHER - DAYS WITH] 9 = BLOWING SNOW
X = TORNADO
MAX 32 OR BELOW: 0 0.01 INCH OR MORE: 3
MAX 90 OR ABOVE: 0 0.10 INCH OR MORE: 2
MIN 32 OR BELOW: 22 0.50 INCH OR MORE: 0
MIN 0 OR BELOW: 0 1.00 INCH OR MORE: 0
[HDD (BASE 65) ]
TOTAL THIS MO. 699 CLEAR (SCALE 0-3) 24
DPTR FM NORMAL -121 PTCLDY (SCALE 4-7) 7
TOTAL FM JUL 1 1293 CLOUDY (SCALE 8-10) 0
DPTR FM NORMAL -246
[CDD (BASE 65) ]
TOTAL THIS MO. 0
DPTR FM NORMAL 0 [PRESSURE DATA]
TOTAL FM JAN 1 2688 HIGHEST SLP M ON M
DPTR FM NORMAL 849 LOWEST SLP 29.57 ON 22
[REMARKS]
#FINAL-12-20#