000
CXUS54 KBMX 011411
CF6BHM
PRELIMINARY LOCAL CLIMATOLOGICAL DATA (WS FORM: F-6)
STATION: BIRMINGHAM
MONTH: JUNE
YEAR: 2022
LATITUDE: 33 34 N
LONGITUDE: 86 45 W
TEMPERATURE IN F: :PCPN: SNOW: WIND :SUNSHINE: SKY :PK WND
================================================================================
1 2 3 4 5 6A 6B 7 8 9 10 11 12 13 14 15 16 17 18
12Z AVG MX 2MIN
DY MAX MIN AVG DEP HDD CDD WTR SNW DPTH SPD SPD DIR MIN PSBL S-S WX SPD DR
================================================================================
1 91 70 81 5 0 16 T 0.0 0 1.8 14 250 M M 3 17 250
2 92 70 81 5 0 16 0.44 0.0 0 2.7 23 320 M M 5 13 33 330
3 81 64 73 -3 0 8 T 0.0 0 5.6 14 360 M M 7 1 18 10
4 87 60 74 -2 0 9 0.00 0.0 0 4.6 14 50 M M 3 20 120
5 87 67 77 1 0 12 0.00 0.0 0 5.4 15 130 M M 4 19 120
6 88 70 79 2 0 14 0.45 0.0 0 6.8 22 210 M M 6 13 26 210
7 91 73 82 5 0 17 0.00 0.0 0 8.6 16 250 M M 7 3 24 270
8 89 69 79 2 0 14 6.97 0.0 M 6.5 31 300 M M 7 13 38 300
9 86 67 77 0 0 12 0.00 0.0 0 3.9 15 360 M M 7 128 22 310
10 87 63 75 -2 0 10 0.00 0.0 0 3.7 12 90 M M 7 20 120
11 88 68 78 0 0 13 0.00 0.0 0 1.4 8 140 M M 5 10 360
12 92 70 81 3 0 16 0.00 0.0 0 3.0 12 300 M M 5 16 290
13 95 76 86 8 0 21 0.00 0.0 0 4.2 15 200 M M 4 19 190
14 95 77 86 8 0 21 0.00 0.0 0 4.7 13 170 M M 2 17 50
15 96 73 85 7 0 20 0.32 0.0 0 5.4 28 50 M M 6 38 37 50
16 96 70 83 4 0 18 0.00 0.0 0 3.0 13 60 M M 2 18 60
17 95 73 84 5 0 19 0.02 0.0 M 5.4 30 300 M M 6 3 41 310
18 92 71 82 3 0 17 0.00 0.0 M 6.2 15 320 M M 3 1 21 50
19 89 67 78 -1 0 13 0.00 0.0 M 4.9 13 50 M M 0 22 30
20 93 70 82 3 0 17 0.00 0.0 M 3.8 10 170 M M 2 13 180
21 96 70 83 4 0 18 0.00 0.0 M 3.0 12 340 M M 2 17 310
22 98 73 86 6 0 21 0.00 0.0 M 4.7 14 350 M M 1 19 320
23 98 74 86 6 0 21 0.00 0.0 M 4.4 15 320 M M 5 13 21 340
24 97 70 84 4 0 19 0.00 0.0 0 3.3 15 20 M M 2 32 40
25 97 77 87 7 0 22 0.00 0.0 0 6.8 14 90 M M 4 3 14 90
26 95 75 85 5 0 20 0.00 0.0 0 3.9 12 120 M M 5 12 120
27 92 74 83 3 0 18 0.00 0.0 0 4.0 18 330 M M 8 3 26 330
28 91 71 81 1 0 16 1.18 0.0 0 4.8 15 180 M M 8 13 21 140
29 91 72 82 2 0 17 0.00 0.0 M 4.7 10 250 M M 7 3 15 130
30 88 74 81 1 0 16 0.00 0.0 M 4.2 12 150 M M 7 15 150
================================================================================
SM 2753 2118 0 491 9.38 0.0 135.4 M 140
================================================================================
AV 91.8 70.6 4.5 FASTST M M 5 MAX(MPH)
MISC ----> 31 300 41 310
================================================================================
NOTES:
# LAST OF SEVERAL OCCURRENCES
COLUMN 17 PEAK WIND IN M.P.H.
PRELIMINARY LOCAL CLIMATOLOGICAL DATA (WS FORM: F-6) , PAGE 2
STATION: BIRMINGHAM
MONTH: JUNE
YEAR: 2022
LATITUDE: 33 34 N
LONGITUDE: 86 45 W
[TEMPERATURE DATA] [PRECIPITATION DATA] SYMBOLS USED IN COLUMN 16
AVERAGE MONTHLY: 81.2 TOTAL FOR MONTH: 9.38 1 = FOG OR MIST
DPTR FM NORMAL: 2.9 DPTR FM NORMAL: 4.60 2 = FOG REDUCING VISIBILITY
HIGHEST: 98 ON 23,22 GRTST 24HR 6.97 ON 8- 8 TO 1/4 MILE OR LESS
LOWEST: 60 ON 4 3 = THUNDER
SNOW, ICE PELLETS, HAIL 4 = ICE PELLETS
TOTAL MONTH: 0.0 INCH 5 = HAIL
GRTST 24HR 0.0 6 = FREEZING RAIN OR DRIZZLE
GRTST DEPTH: 0 7 = DUSTSTORM OR SANDSTORM:
VSBY 1/2 MILE OR LESS
8 = SMOKE OR HAZE
[NO. OF DAYS WITH] [WEATHER - DAYS WITH] 9 = BLOWING SNOW
X = TORNADO
MAX 32 OR BELOW: 0 0.01 INCH OR MORE: 6
MAX 90 OR ABOVE: 20 0.10 INCH OR MORE: 5
MIN 32 OR BELOW: 0 0.50 INCH OR MORE: 2
MIN 0 OR BELOW: 0 1.00 INCH OR MORE: 2
[HDD (BASE 65) ]
TOTAL THIS MO. 0 CLEAR (SCALE 0-3) 10
DPTR FM NORMAL 0 PTCLDY (SCALE 4-7) 20
TOTAL FM JUL 1 2148 CLOUDY (SCALE 8-10) 0
DPTR FM NORMAL -385
[CDD (BASE 65) ]
TOTAL THIS MO. 491
DPTR FM NORMAL 92 [PRESSURE DATA]
TOTAL FM JAN 1 920 HIGHEST SLP 30.25 ON 21
DPTR FM NORMAL 195 LOWEST SLP 29.80 ON 5
[REMARKS]
#FINAL-06-22#