000
CXUS55 KBYZ 011532
CF6BIL
PRELIMINARY LOCAL CLIMATOLOGICAL DATA (WS FORM: F-6)
STATION: BILLINGS MT
MONTH: APRIL
YEAR: 2020
LATITUDE: 45 47 N
LONGITUDE: 108 32 W
TEMPERATURE IN F: :PCPN: SNOW: WIND :SUNSHINE: SKY :PK WND
================================================================================
1 2 3 4 5 6A 6B 7 8 9 10 11 12 13 14 15 16 17 18
12Z AVG MX 2MIN
DY MAX MIN AVG DEP HDD CDD WTR SNW DPTH SPD SPD DIR MIN PSBL S-S WX SPD DR
================================================================================
1 32 13 23 -19 42 0 0.02 0.7 T 14.3 24 360 M M 10 1 30 350
2 20 9 15 -27 50 0 0.05 0.9 1 6.1 17 50 M M 8 18 21 40
3 44 11 28 -14 37 0 0.00 0.0 1 9.4 20 240 M M 1 25 220
4 49 29 39 -4 26 0 0.00 0.0 0 10.3 21 330 M M 4 23 330
5 56 26 41 -2 24 0 0.00 0.0 0 5.0 13 40 M M 6 14 40
6 65 37 51 8 14 0 0.00 0.0 0 9.0 20 270 M M 8 24 260
7 66 36 51 7 14 0 0.00 0.0 0 15.5 35 300 M M 5 41 290
8 47 27 37 -7 28 0 0.00 0.0 0 7.0 22 30 M M 5 27 30
9 55 27 41 -3 24 0 0.00 0.0 0 7.1 14 110 M M 3 19 120
10 69 34 52 8 13 0 T 0.0 0 13.1 24 340 M M 6 31 320
11 43 22 33 -12 32 0 0.22 3.0 0 14.8 29 50 M M 10 1 39 40
12 27 15 21 -24 44 0 0.04 0.7 3 9.5 18 320 M M 6 18 23 20
13 30 15 23 -22 42 0 0.00 0.0 T 15.6 28 330 M M 4 36 320
14 45 20 33 -13 32 0 0.00 0.0 T 14.2 29 300 M M 8 34 310
15 39 26 33 -13 32 0 T T 0 12.6 25 30 M M 9 31 30
16 39 21 30 -16 35 0 0.05 1.4 1 7.8 17 240 M M 5 1 22 240
17 62 29 46 0 19 0 0.00 0.0 0 19.1 36 270 M M 3 45 270
18 54 35 45 -2 20 0 0.02 0.0 0 9.2 22 60 M M 7 27 50
19 59 34 47 0 18 0 T 0.0 0 7.4 24 290 M M 8 33 300
20 66 41 54 7 11 0 0.00 0.0 0 10.3 20 330 M M 4 26 310
21 72 39 56 8 9 0 0.00 0.0 0 12.0 23 320 M M 1 28 310
22 68 47 58 10 7 0 0.00 0.0 0 15.2 28 290 M M 5 34 290
23 59 44 52 4 13 0 T 0.0 0 11.2 29 340 M M 8 37 340
24 62 39 51 2 14 0 T 0.0 0 13.2 30 340 M M 6 3 36 340
25 65 38 52 3 13 0 0.00 0.0 0 9.6 17 230 M M 4 23 240
26 72 48 60 11 5 0 0.00 0.0 0 9.3 26 290 M M 5 33 290
27 66 40 53 3 12 0 T 0.0 0 12.5 33 290 M M 7 43 290
28 67 43 55 5 10 0 0.00 0.0 0 13.8 39 290 M M 2 52 300
29 79 37 58 8 7 0 0.00 0.0 0 8.3 18 220 M M 4 22 230
30 77 52 65 14 0 0 T 0.0 0 13.8 30 290 M M 8 35 290
================================================================================
SM 1654 934 647 0 0.40 6.7 336.2 M 170
================================================================================
AV 55.1 31.1 11.2 FASTST M M 6 MAX(MPH)
MISC ----> # 39 290 # 52 300
================================================================================
NOTES:
# LAST OF SEVERAL OCCURRENCES
COLUMN 17 PEAK WIND IN M.P.H.
PRELIMINARY LOCAL CLIMATOLOGICAL DATA (WS FORM: F-6) , PAGE 2
STATION: BILLINGS MT
MONTH: APRIL
YEAR: 2020
LATITUDE: 45 47 N
LONGITUDE: 108 32 W
[TEMPERATURE DATA] [PRECIPITATION DATA] SYMBOLS USED IN COLUMN 16
AVERAGE MONTHLY: 43.1 TOTAL FOR MONTH: 0.40 1 = FOG OR MIST
DPTR FM NORMAL: -3.1 DPTR FM NORMAL: -1.26 2 = FOG REDUCING VISIBILITY
HIGHEST: 79 ON 29 GRTST 24HR 0.22 ON 11-11 TO 1/4 MILE OR LESS
LOWEST: 9 ON 2 3 = THUNDER
SNOW, ICE PELLETS, HAIL 4 = ICE PELLETS
TOTAL MONTH: 6.7 INCHES 5 = HAIL
GRTST 24HR 3.0 ON 11-11 6 = FREEZING RAIN OR DRIZZLE
GRTST DEPTH: 3 ON 12 7 = DUSTSTORM OR SANDSTORM:
VSBY 1/2 MILE OR LESS
8 = SMOKE OR HAZE
[NO. OF DAYS WITH] [WEATHER - DAYS WITH] 9 = BLOWING SNOW
X = TORNADO
MAX 32 OR BELOW: 4 0.01 INCH OR MORE: 6
MAX 90 OR ABOVE: 0 0.10 INCH OR MORE: 1
MIN 32 OR BELOW: 14 0.50 INCH OR MORE: 0
MIN 0 OR BELOW: 0 1.00 INCH OR MORE: 0
[HDD (BASE 65) ]
TOTAL THIS MO. 647 CLEAR (SCALE 0-3) 5
DPTR FM NORMAL 80 PTCLDY (SCALE 4-7) 20
TOTAL FM JUL 1 6449 CLOUDY (SCALE 8-10) 5
DPTR FM NORMAL 77
[CDD (BASE 65) ]
TOTAL THIS MO. 0
DPTR FM NORMAL -1 [PRESSURE DATA]
TOTAL FM JAN 1 0 HIGHEST SLP 30.42 ON 2
DPTR FM NORMAL -1 LOWEST SLP 29.58 ON 6
[REMARKS]
#FINAL-04-20#