000
CXUS53 KBIS 010830
CF6BIS
PRELIMINARY LOCAL CLIMATOLOGICAL DATA (WS FORM: F-6)
STATION: BISMARCK ND
MONTH: APRIL
YEAR: 2021
LATITUDE: 46 46 N
LONGITUDE: 100 45 W
TEMPERATURE IN F: :PCPN: SNOW: WIND :SUNSHINE: SKY :PK WND
================================================================================
1 2 3 4 5 6A 6B 7 8 9 10 11 12 13 14 15 16 17 18
12Z AVG MX 2MIN
DY MAX MIN AVG DEP HDD CDD WTR SNW DPTH SPD SPD DIR MIN PSBL S-S WX SPD DR
================================================================================
1 67 17 42 5 23 0 0.00 0.0 0 10.6 28 160 M M 0 36 150
2 75 28 52 14 13 0 0.00 0.0 0 10.0 25 330 M M 0 39 310
3 83 29 56 18 9 0 0.00 0.0 0 9.2 28 190 M M 0 43 200
4 77 31 54 15 11 0 0.00 0.0 0 9.5 25 90 M M 0 32 110
5 69 35 52 13 13 0 0.00 0.0 0 11.0 28 360 M M 0 39 340
6 54 33 44 4 21 0 0.00 0.0 0 8.3 18 30 M M 3 25 60
7 63 26 45 5 20 0 0.00 0.0 0 7.3 21 30 M M 0 27 340
8 69 24 47 6 18 0 0.00 0.0 0 7.1 15 30 M M 0 21 360
9 59 31 45 4 20 0 0.00 0.0 0 17.4 31 330 M M 1 46 310
10 70 20 45 3 20 0 0.00 0.0 0 7.0 20 140 M M 0 25 140
11 47 35 41 -1 24 0 0.23 0.0 0 15.0 28 310 M M 6 40 310
12 37 25 31 -11 34 0 0.10 0.7 0 17.7 29 320 M M 10 1 42 330
13 32 24 28 -15 37 0 0.02 0.1 1 16.5 26 310 M M 10 34 310
14 39 25 32 -11 33 0 T T T 10.1 15 350 M M 10 8 23 340
15 42 32 37 -7 28 0 0.02 0.0 0 7.3 13 350 M M 10 1 16 360
16 46 33 40 -4 25 0 T 0.0 0 7.5 15 340 M M 10 1 19 350
17 60 27 44 -1 21 0 0.00 0.0 0 7.5 18 330 M M 0 25 310
18 51 31 41 -4 24 0 0.00 0.0 0 12.9 25 30 M M 8 35 10
19 41 21 31 -15 34 0 T T 0 9.7 21 320 M M 8 32 330
20 37 23 30 -16 35 0 0.05 0.7 T 8.3 21 350 M M 10 128 28 30
21 59 20 40 -6 25 0 0.00 0.0 0 7.7 21 280 M M 1 27 290
22 66 24 45 -2 20 0 0.00 0.0 0 10.0 25 170 M M 1 34 170
23 42 27 35 -12 30 0 0.00 0.0 0 9.8 22 360 M M 9 29 340
24 55 19 37 -11 28 0 0.00 0.0 0 7.7 22 160 M M 4 30 170
25 42 33 38 -10 27 0 0.12 1.0 T 14.1 28 160 M M 10 1 37 150
26 52 38 45 -3 20 0 0.09 0.0 0 4.1 12 60 M M 10 1 15 120
27 68 44 56 7 9 0 0.03 0.0 0 3.0 12 140 M M 5 1 16 360
28 76 36 56 7 9 0 0.00 0.0 0 9.2 28 260 M M 5 1 40 270
29 73 29 51 1 14 0 0.00 0.0 0 8.3 21 350 M M 2 28 350
30 78 37 58 8 7 0 0.00 0.0 0 12.3 25 190 M M 1 35 170
================================================================================
SM 1729 857 652 0 0.66 2.5 296.1 M 134
================================================================================
AV 57.6 28.6 9.9 FASTST M M 4 MAX(MPH)
MISC ----> 31 330 46 310
================================================================================
NOTES:
# LAST OF SEVERAL OCCURRENCES
COLUMN 17 PEAK WIND IN M.P.H.
PRELIMINARY LOCAL CLIMATOLOGICAL DATA (WS FORM: F-6) , PAGE 2
STATION: BISMARCK ND
MONTH: APRIL
YEAR: 2021
LATITUDE: 46 46 N
LONGITUDE: 100 45 W
[TEMPERATURE DATA] [PRECIPITATION DATA] SYMBOLS USED IN COLUMN 16
AVERAGE MONTHLY: 43.1 TOTAL FOR MONTH: 0.66 1 = FOG OR MIST
DPTR FM NORMAL: -0.7 DPTR FM NORMAL: -0.60 2 = FOG REDUCING VISIBILITY
HIGHEST: 83 ON 3 GRTST 24HR 0.30 ON 11-12 TO 1/4 MILE OR LESS
LOWEST: 17 ON 1 3 = THUNDER
SNOW, ICE PELLETS, HAIL 4 = ICE PELLETS
TOTAL MONTH: 2.5 INCHES 5 = HAIL
GRTST 24HR 1.0 ON 25-25 6 = FREEZING RAIN OR DRIZZLE
GRTST DEPTH: 1 ON 13 7 = DUSTSTORM OR SANDSTORM:
VSBY 1/2 MILE OR LESS
8 = SMOKE OR HAZE
[NO. OF DAYS WITH] [WEATHER - DAYS WITH] 9 = BLOWING SNOW
X = TORNADO
MAX 32 OR BELOW: 1 0.01 INCH OR MORE: 8
MAX 90 OR ABOVE: 0 0.10 INCH OR MORE: 3
MIN 32 OR BELOW: 21 0.50 INCH OR MORE: 0
MIN 0 OR BELOW: 0 1.00 INCH OR MORE: 0
[HDD (BASE 65) ]
TOTAL THIS MO. 652 CLEAR (SCALE 0-3) 15
DPTR FM NORMAL 16 PTCLDY (SCALE 4-7) 5
TOTAL FM JUL 1 7209 CLOUDY (SCALE 8-10) 10
DPTR FM NORMAL -947
[CDD (BASE 65) ]
TOTAL THIS MO. 0
DPTR FM NORMAL -1 [PRESSURE DATA]
TOTAL FM JAN 1 0 HIGHEST SLP 30.47 ON 1
DPTR FM NORMAL -1 LOWEST SLP 29.57 ON 11
[REMARKS]
#FINAL-04-21#