000
CXUS53 KGRR 010910
CF6BIV
PRELIMINARY LOCAL CLIMATOLOGICAL DATA (WS FORM: F-6)
STATION: HOLLAND
MONTH: JULY
YEAR: 2022
LATITUDE: 42 49 N
LONGITUDE: 86 10 W
TEMPERATURE IN F: :PCPN: SNOW: WIND :SUNSHINE: SKY :PK WND
================================================================================
1 2 3 4 5 6A 6B 7 8 9 10 11 12 13 14 15 16 17 18
12Z AVG MX 2MIN
DY MAX MIN AVG DEP HDD CDD WTR SNW DPTH SPD SPD DIR MIN PSBL S-S WX SPD DR
================================================================================
1 83 60 72 1 0 7 0.00 M M 8.4 18 240 M M 3 26 240
2 82 56 69 -2 0 4 0.00 M M 5.1 15 270 M M 1 1 20 280
3 83 60 72 1 0 7 0.00 M M 2.9 12 260 M M 2 17 320
4 91 62 77 6 0 12 1.70 M M 7.0 20 350 M M 3 13 36 350
5 82 71 77 6 0 12 0.38 M M 6.7 26 280 M M 7 138 44 280
6 82 69 76 4 0 11 0.06 M M 5.3 14 80 M M 4 1 20 100
7 84 62 73 1 0 8 0.00 M M 4.2 9 280 M M 1 13 220
8 83 66 75 3 0 10 0.01 M M 5.6 15 110 M M 2 1 20 100
9 83 59 71 -1 0 6 0.00 M M 7.4 15 90 M M 0 23 80
10 81 52 67 -5 0 2 T M M 4.2 14 150 M M 0 20 170
11 80 63 72 0 0 7 0.19 M M 11.8 24 240 M M 6 138 35 230
12 77 63 70 -2 0 5 0.00 M M 7.6 16 300 M M 4 25 300
13 76 63 70 -2 0 5 0.02 M M 6.9 15 310 M M 4 1 23 310
14 79 60 70 -2 0 5 0.00 M M 4.4 13 300 M M 2 18 300
15 73 56 65 -7 0 0 0.08 M M 5.0 16 240 M M 6 1 24 240
16 84 65 75 3 0 10 0.00 M M 2.8 12 40 M M 7 18 17 20
17 80 69 75 3 0 10 0.00 M M 5.1 15 90 M M 5 22 100
18 83 63 73 1 0 8 0.00 M M 4.8 14 280 M M 0 1 21 270
19 87 72 80 8 0 15 0.00 M M 8.3 16 220 M M 0 21 200
20 85 70 78 6 0 13 0.14 M M 14.9 28 220 M M 4 1 38 230
21 86 68 77 5 0 12 0.09 M M 7.0 16 260 M M 3 3 23 290
22 85 67 76 4 0 11 T M M 6.4 17 240 M M 2 22 240
23 86 69 78 6 0 13 0.51 M M 8.6 25 330 M M 2 13 38 330
24 80 68 74 2 0 9 1.31 M M 9.3 22 240 M M 7 13 35 230
25 73 58 66 -6 0 1 0.00 M M 4.9 14 300 M M 0 23 300
26 79 57 68 -4 0 3 0.00 M M 2.8 10 290 M M 1 15 280
27 80 62 71 -1 0 6 0.00 M M 7.1 16 230 M M 3 21 240
28 76 61 69 -3 0 4 0.02 M M 7.9 22 280 M M 3 33 290
29 75 60 68 -4 0 3 0.00 M M 5.8 16 290 M M 0 25 290
30 80 58 69 -3 0 4 0.00 M M 3.0 12 260 M M 0 19 250
31 83 60 72 0 0 7 0.00 M M 5.7 14 240 M M 1 21 250
================================================================================
SM 2521 1949 0 230 4.51 M 196.9 M 83
================================================================================
AV 81.3 62.9 6.4 FASTST M M 3 MAX(MPH)
MISC ----> 28 220 44 280
================================================================================
NOTES:
# LAST OF SEVERAL OCCURRENCES
COLUMN 17 PEAK WIND IN M.P.H.
PRELIMINARY LOCAL CLIMATOLOGICAL DATA (WS FORM: F-6) , PAGE 2
STATION: HOLLAND
MONTH: JULY
YEAR: 2022
LATITUDE: 42 49 N
LONGITUDE: 86 10 W
[TEMPERATURE DATA] [PRECIPITATION DATA] SYMBOLS USED IN COLUMN 16
AVERAGE MONTHLY: 72.1 TOTAL FOR MONTH: 4.51 1 = FOG OR MIST
DPTR FM NORMAL: 0.5 DPTR FM NORMAL: 1.71 2 = FOG REDUCING VISIBILITY
HIGHEST: 91 ON 4 GRTST 24HR 2.02 ON 4- 5 TO 1/4 MILE OR LESS
LOWEST: 52 ON 10 3 = THUNDER
SNOW, ICE PELLETS, HAIL 4 = ICE PELLETS
TOTAL MONTH: M 5 = HAIL
GRTST 24HR M ON M 6 = FREEZING RAIN OR DRIZZLE
GRTST DEPTH: M ON M 7 = DUSTSTORM OR SANDSTORM:
VSBY 1/2 MILE OR LESS
8 = SMOKE OR HAZE
[NO. OF DAYS WITH] [WEATHER - DAYS WITH] 9 = BLOWING SNOW
X = TORNADO
MAX 32 OR BELOW: 0 0.01 INCH OR MORE: 12
MAX 90 OR ABOVE: 1 0.10 INCH OR MORE: 6
MIN 32 OR BELOW: 0 0.50 INCH OR MORE: 3
MIN 0 OR BELOW: 0 1.00 INCH OR MORE: 2
[HDD (BASE 65) ]
TOTAL THIS MO. 0 CLEAR (SCALE 0-3) 21
DPTR FM NORMAL -9 PTCLDY (SCALE 4-7) 10
TOTAL FM JUL 1 0 CLOUDY (SCALE 8-10) 0
DPTR FM NORMAL 0
[CDD (BASE 65) ]
TOTAL THIS MO. 230
DPTR FM NORMAL 15 [PRESSURE DATA]
TOTAL FM JAN 1 463 HIGHEST SLP 30.21 ON 9
DPTR FM NORMAL 73 LOWEST SLP 29.54 ON 20
[REMARKS]
#FINAL-07-22#