000
CXUS53 KGRR 011017
CF6BIV
PRELIMINARY LOCAL CLIMATOLOGICAL DATA (WS FORM: F-6)
STATION: HOLLAND
MONTH: MAY
YEAR: 2020
LATITUDE: 42 49 N
LONGITUDE: 86 10 W
TEMPERATURE IN F: :PCPN: SNOW: WIND :SUNSHINE: SKY :PK WND
================================================================================
1 2 3 4 5 6A 6B 7 8 9 10 11 12 13 14 15 16 17 18
12Z AVG MX 2MIN
DY MAX MIN AVG DEP HDD CDD WTR SNW DPTH SPD SPD DIR MIN PSBL S-S WX SPD DR
================================================================================
1 58 36 47 -7 18 0 0.00 M M 4.9 14 280 M M 1 17 250
2 69 50 60 6 5 0 0.00 M M 11.0 25 220 M M 3 34 230
3 66 46 56 2 9 0 0.00 M M 9.3 16 250 M M 0 26 30
4 53 38 46 -9 19 0 0.00 M M 6.9 15 340 M M 1 8 21 300
5 54 43 49 -6 16 0 0.00 M M 9.2 18 100 M M 1 26 100
6 55 35 45 -11 20 0 0.00 M M 7.7 16 290 M M 0 26 290
7 57 40 49 -7 16 0 0.00 M M 10.0 20 330 M M 0 29 340
8 43 31 37 -19 28 0 0.00 M M 11.7 24 320 M M 1 38 320
9 51 26 39 -17 26 0 0.00 M M 12.0 26 270 M M 3 37 260
10 54 38 46 -11 19 0 0.15 M M 12.1 25 220 M M 10 36 220
11 45 34 40 -17 25 0 T M M 9.7 22 310 M M 6 32 290
12 54 36 45 -12 20 0 0.00 M M 6.7 15 260 M M 1 22 310
13 65 33 49 -9 16 0 0.00 M M 8.6 16 140 M M 2 24 140
14 66 48 57 -1 8 0 0.58 M M 9.2 22 230 M M 10 138 31 230
15 70 48 59 1 6 0 0.55 M M 5.8 20 250 M M 5 123 27 270
16 69 48 59 0 6 0 0.00 M M 8.6 17 120 M M 1 1 25 100
17 57 53 55 -4 10 0 2.13 M M 14.0 23 90 M M 8 1 35 90
18 60 54 57 -2 8 0 0.29 M M 10.4 21 90 M M 10 18 36 80
19 63 55 59 -1 6 0 0.01 M M 12.6 22 90 M M 9 1 34 70
20 73 53 63 3 2 0 0.00 M M 10.3 20 110 M M 1 28 110
21 75 52 64 4 1 0 0.00 M M 8.3 20 110 M M 4 27 120
22 68 59 64 3 1 0 0.00 M M 3.5 10 100 M M 10 15 120
23 80 56 68 7 0 3 0.01 M M 7.4 24 140 M M 3 12 37 160
24 81 64 73 12 0 8 0.00 M M 7.8 16 230 M M 1 8 21 250
25 84 63 74 12 0 9 0.00 M M 6.8 17 250 M M 0 1 23 250
26 90 64 77 15 0 12 0.31 M M 5.5 17 210 M M 1 38 22 190
27 83 67 75 13 0 10 T M M 4.1 15 160 M M 4 3 21 160
28 76 60 68 5 0 3 0.07 M M 7.4 21 260 M M 8 1 29 250
29 68 57 63 0 2 0 0.15 M M 6.8 16 290 M M 5 1 23 290
30 66 52 59 -4 6 0 0.00 M M 7.0 16 310 M M 2 26 280
31 62 43 53 -11 12 0 0.00 M M 4.7 14 260 M M 0 23 30
================================================================================
SM 2015 1482 305 45 4.25 M 260.0 M 111
================================================================================
AV 65.0 47.8 8.4 FASTST M M 4 MAX(MPH)
MISC ----> # 26 270 # 38 320
================================================================================
NOTES:
# LAST OF SEVERAL OCCURRENCES
COLUMN 17 PEAK WIND IN M.P.H.
PRELIMINARY LOCAL CLIMATOLOGICAL DATA (WS FORM: F-6) , PAGE 2
STATION: HOLLAND
MONTH: MAY
YEAR: 2020
LATITUDE: 42 49 N
LONGITUDE: 86 10 W
[TEMPERATURE DATA] [PRECIPITATION DATA] SYMBOLS USED IN COLUMN 16
AVERAGE MONTHLY: 56.4 TOTAL FOR MONTH: 4.25 1 = FOG OR MIST
DPTR FM NORMAL: -2.3 DPTR FM NORMAL: 1.07 2 = FOG REDUCING VISIBILITY
HIGHEST: 90 ON 26 GRTST 24HR 2.13 ON 17-17 TO 1/4 MILE OR LESS
LOWEST: 26 ON 9 3 = THUNDER
SNOW, ICE PELLETS, HAIL 4 = ICE PELLETS
TOTAL MONTH: M 5 = HAIL
GRTST 24HR M ON M 6 = FREEZING RAIN OR DRIZZLE
GRTST DEPTH: M ON M 7 = DUSTSTORM OR SANDSTORM:
VSBY 1/2 MILE OR LESS
8 = SMOKE OR HAZE
[NO. OF DAYS WITH] [WEATHER - DAYS WITH] 9 = BLOWING SNOW
X = TORNADO
MAX 32 OR BELOW: 0 0.01 INCH OR MORE: 10
MAX 90 OR ABOVE: 1 0.10 INCH OR MORE: 7
MIN 32 OR BELOW: 2 0.50 INCH OR MORE: 3
MIN 0 OR BELOW: 0 1.00 INCH OR MORE: 1
[HDD (BASE 65) ]
TOTAL THIS MO. 305 CLEAR (SCALE 0-3) 17
DPTR FM NORMAL 72 PTCLDY (SCALE 4-7) 8
TOTAL FM JUL 1 6030 CLOUDY (SCALE 8-10) 6
DPTR FM NORMAL -82
[CDD (BASE 65) ]
TOTAL THIS MO. 45
DPTR FM NORMAL 7 [PRESSURE DATA]
TOTAL FM JAN 1 45 HIGHEST SLP 30.39 ON 31
DPTR FM NORMAL 3 LOWEST SLP 29.72 ON 18
[REMARKS]
#FINAL-05-20#