000
CXUS51 KRLX 021440
CF6BKW
PRELIMINARY LOCAL CLIMATOLOGICAL DATA (WS FORM: F-6)
STATION: BECKLEY WV
MONTH: APRIL
YEAR: 2022
LATITUDE: 37 46 N
LONGITUDE: 81 7 W
TEMPERATURE IN F: :PCPN: SNOW: WIND :SUNSHINE: SKY :PK WND
================================================================================
1 2 3 4 5 6A 6B 7 8 9 10 11 12 13 14 15 16 17 18
12Z AVG MX 2MIN
DY MAX MIN AVG DEP HDD CDD WTR SNW DPTH SPD SPD DIR MIN PSBL S-S WX SPD DR
================================================================================
1 41 30 36 -12 29 0 0.03 T T 9.9 28 270 M M 8 12 34 320
2 64 24 44 -5 21 0 0.00 0.0 0 6.1 16 260 M M 3 22 280
3 51 33 42 -7 23 0 T 0.0 0 11.6 23 310 M M 4 33 310
4 60 29 45 -4 20 0 T 0.0 0 5.9 21 270 M M 6 26 270
5 61 46 54 4 11 0 0.24 0.0 0 7.8 21 150 M M 9 1 31 150
6 70 50 60 10 5 0 0.49 0.0 0 8.1 17 150 M M 7 13 24 180
7 60 41 51 0 14 0 0.12 0.0 0 7.7 24 330 M M 9 1 32 330
8 48 33 41 -10 24 0 0.12 T 0 9.3 28 260 M M 7 1 38 220
9 41 30 36 -15 29 0 0.16 0.9 0 9.5 24 280 M M 10 12 32 280
10 56 31 44 -8 21 0 0.00 0.0 T 8.1 24 330 M M 5 30 330
11 72 45 59 7 6 0 0.00 0.0 0 10.5 30 230 M M 5 38 230
12 70 52 61 9 4 0 0.02 0.0 0 6.8 18 280 M M 9 8 23 280
13 77 59 68 15 0 3 T 0.0 0 11.1 30 220 M M 3 43 230
14 66 42 54 1 11 0 0.11 0.0 0 9.9 25 290 M M 4 1 34 270
15 69 34 52 -2 13 0 T 0.0 0 7.8 16 220 M M 0 23 190
16 71 52 62 8 3 0 T 0.0 0 12.3 22 280 M M 6 31 230
17 57 38 48 -6 17 0 T 0.0 0 8.0 20 340 M M 1 27 120
18 51 32 42 -13 23 0 0.50 T 0 15.8 37 120 M M 10 1 51 130
19 42 30 36 -19 29 0 T T 0 10.7 24 280 M M 9 12 31 280
20 64 26 45 -10 20 0 0.00 0.0 0 7.0 17 140 M M 0 28 160
21 67 50 59 3 6 0 T 0.0 0 9.5 21 220 M M 7 30 230
22 77 52 65 9 0 0 0.00 0.0 0 4.1 12 10 M M 3 15 340
23 84 59 72 16 0 7 0.00 0.0 0 7.2 16 260 M M 0 19 270
24 84 56 70 14 0 5 0.00 0.0 0 5.6 18 200 M M 0 24 200
25 82 59 71 14 0 6 0.00 0.0 0 7.2 21 200 M M 1 28 260
26 67 40 54 -3 11 0 0.29 0.0 0 8.1 20 360 M M 9 1 23 360
27 56 35 46 -11 19 0 0.00 0.0 0 10.9 28 300 M M 2 41 280
28 60 37 49 -9 16 0 0.00 0.0 0 6.9 20 320 M M 4 26 320
29 64 46 55 -3 10 0 T 0.0 0 3.0 9 150 M M 9 12 160
30 58 52 55 -3 10 0 0.74 0.0 0 5.7 14 160 M M 8 1 18 160
================================================================================
SM 1890 1243 395 21 2.82 0.9 252.1 M 158
================================================================================
AV 63.0 41.4 8.4 FASTST M M 5 MAX(MPH)
MISC ----> 37 120 51 130
================================================================================
NOTES:
# LAST OF SEVERAL OCCURRENCES
COLUMN 17 PEAK WIND IN M.P.H.
PRELIMINARY LOCAL CLIMATOLOGICAL DATA (WS FORM: F-6) , PAGE 2
STATION: BECKLEY WV
MONTH: APRIL
YEAR: 2022
LATITUDE: 37 46 N
LONGITUDE: 81 7 W
[TEMPERATURE DATA] [PRECIPITATION DATA] SYMBOLS USED IN COLUMN 16
AVERAGE MONTHLY: 52.2 TOTAL FOR MONTH: 2.82 1 = FOG OR MIST
DPTR FM NORMAL: -1.3 DPTR FM NORMAL: -0.76 2 = FOG REDUCING VISIBILITY
HIGHEST: 84 ON 24,23 GRTST 24HR 0.74 ON 30-30 TO 1/4 MILE OR LESS
LOWEST: 24 ON 2 3 = THUNDER
SNOW, ICE PELLETS, HAIL 4 = ICE PELLETS
TOTAL MONTH: 0.9 INCH 5 = HAIL
GRTST 24HR 0.9 ON 9- 9 6 = FREEZING RAIN OR DRIZZLE
GRTST DEPTH: T 7 = DUSTSTORM OR SANDSTORM:
VSBY 1/2 MILE OR LESS
8 = SMOKE OR HAZE
[NO. OF DAYS WITH] [WEATHER - DAYS WITH] 9 = BLOWING SNOW
X = TORNADO
MAX 32 OR BELOW: 0 0.01 INCH OR MORE: 11
MAX 90 OR ABOVE: 0 0.10 INCH OR MORE: 9
MIN 32 OR BELOW: 8 0.50 INCH OR MORE: 2
MIN 0 OR BELOW: 0 1.00 INCH OR MORE: 0
[HDD (BASE 65) ]
TOTAL THIS MO. 395 CLEAR (SCALE 0-3) 9
DPTR FM NORMAL 37 PTCLDY (SCALE 4-7) 13
TOTAL FM JUL 1 4487 CLOUDY (SCALE 8-10) 8
DPTR FM NORMAL -379
[CDD (BASE 65) ]
TOTAL THIS MO. 21
DPTR FM NORMAL 8 [PRESSURE DATA]
TOTAL FM JAN 1 21 HIGHEST SLP 30.43 ON 22
DPTR FM NORMAL 6 LOWEST SLP 29.54 ON 5
[REMARKS]
#FINAL-04-22#