000
CXUS55 KSEW 030153
CF6BLI
PRELIMINARY LOCAL CLIMATOLOGICAL DATA (WS FORM: F-6)
STATION: BELLINGHAM WA AIRPORT
MONTH: OCTOBER
YEAR: 2020
LATITUDE: 48 47 N
LONGITUDE: 122 32 W
TEMPERATURE IN F: :PCPN: SNOW: WIND :SUNSHINE: SKY :PK WND
================================================================================
1 2 3 4 5 6A 6B 7 8 9 10 11 12 13 14 15 16 17 18
12Z AVG MX 2MIN
DY MAX MIN AVG DEP HDD CDD WTR SNW DPTH SPD SPD DIR MIN PSBL S-S WX SPD DR
================================================================================
1 71 49 60 7 5 0 0.00 0.0 0 1.5 7 350 M M 3 128 9 20
2 71 48 60 7 5 0 0.00 0.0 0 1.3 7 310 M M 4 12 9 10
3 58 51 55 2 10 0 0.00 0.0 0 8.1 16 170 M M 9 12 24 160
4 62 57 60 7 5 0 0.00 0.0 0 4.7 13 170 M M 10 17 160
5 65 50 58 6 7 0 0.00 0.0 0 1.8 10 310 M M 6 1 14 310
6 67 47 57 5 8 0 0.00 0.0 0 2.5 9 310 M M 3 12 13 290
7 61 49 55 3 10 0 0.00 0.0 0 3.0 10 200 M M 9 12 16 200
8 62 54 58 6 7 0 0.00 0.0 0 8.3 17 180 M M 8 12 25 190
9 65 56 61 10 4 0 0.36 0.0 0 8.8 22 160 M M 9 1 32 180
10 60 51 56 5 9 0 0.45 0.0 0 8.2 20 170 M M 8 1 26 160
11 55 49 52 1 13 0 0.89 0.0 0 7.8 18 160 M M 8 1 24 150
12 57 48 53 2 12 0 0.03 0.0 0 4.9 13 310 M M 6 1 18 300
13 61 47 54 4 11 0 0.39 0.0 0 9.9 24 190 M M 6 13 40 180
14 59 46 53 3 12 0 T 0.0 0 5.0 14 180 M M 5 17 200
15 57 43 50 0 15 0 0.00 0.0 0 3.5 13 160 M M 5 1 18 160
16 60 51 56 6 9 0 0.21 0.0 0 9.2 24 190 M M 10 18 40 200
17 57 48 53 4 12 0 0.18 0.0 0 5.1 14 170 M M 9 1 17 170
18 56 48 52 3 13 0 0.49 0.0 0 5.6 17 160 M M 10 1 23 170
19 55 47 51 2 14 0 T 0.0 0 6.3 12 190 M M 7 22 170
20 57 46 52 3 13 0 0.00 0.0 0 5.1 12 190 M M 5 15 190
21 54 36 45 -4 20 0 0.01 0.0 0 3.1 14 330 M M 5 13 20 310
22 52 33 43 -5 22 0 0.00 0.0 0 1.2 8 190 M M 3 12 12 210
23 44 38 41 -7 24 0 0.37 0.0 0 8.0 17 150 M M 9 1 23 130
24 45 34 40 -8 25 0 0.00 0.0 0 20.4 32 40 M M 0 45 40
25 45 29 37 -11 28 0 0.00 0.0 0 8.5 29 40 M M 0 42 40
26 46 32 39 -9 26 0 0.05 0.0 0 1.2 6 30 M M 10 16 8 30
27 56 42 49 2 16 0 0.00 0.0 0 5.4 17 190 M M 9 27 190
28 58 52 55 8 10 0 0.00 0.0 0 12.3 21 190 M M 10 30 190
29 60 51 56 9 9 0 0.00 0.0 0 7.8 14 180 M M 9 21 200
30 57 39 48 1 17 0 0.07 0.0 0 6.9 24 170 M M 6 35 170
31 56 33 45 -2 20 0 0.00 0.0 0 2.4 8 20 M M 0 1 10 30
================================================================================
SM 1789 1404 411 0 3.50 0.0 187.8 M 201
================================================================================
AV 57.7 45.3 6.1 FASTST M M 6 MAX(MPH)
MISC ----> # 32 40 # 45 40
================================================================================
NOTES:
# LAST OF SEVERAL OCCURRENCES
COLUMN 17 PEAK WIND IN M.P.H.
PRELIMINARY LOCAL CLIMATOLOGICAL DATA (WS FORM: F-6) , PAGE 2
STATION: BELLINGHAM WA AIRPORT
MONTH: OCTOBER
YEAR: 2020
LATITUDE: 48 47 N
LONGITUDE: 122 32 W
[TEMPERATURE DATA] [PRECIPITATION DATA] SYMBOLS USED IN COLUMN 16
AVERAGE MONTHLY: 51.5 TOTAL FOR MONTH: 3.50 1 = FOG OR MIST
DPTR FM NORMAL: 1.7 DPTR FM NORMAL: -0.18 2 = FOG REDUCING VISIBILITY
HIGHEST: 71 ON 2, 1 GRTST 24HR 0.89 ON 11-11 TO 1/4 MILE OR LESS
LOWEST: 29 ON 25 3 = THUNDER
SNOW, ICE PELLETS, HAIL 4 = ICE PELLETS
TOTAL MONTH: 0.0 INCH 5 = HAIL
GRTST 24HR 0.0 6 = FREEZING RAIN OR DRIZZLE
GRTST DEPTH: 0 7 = DUSTSTORM OR SANDSTORM:
VSBY 1/2 MILE OR LESS
8 = SMOKE OR HAZE
[NO. OF DAYS WITH] [WEATHER - DAYS WITH] 9 = BLOWING SNOW
X = TORNADO
MAX 32 OR BELOW: 0 0.01 INCH OR MORE: 12
MAX 90 OR ABOVE: 0 0.10 INCH OR MORE: 8
MIN 32 OR BELOW: 2 0.50 INCH OR MORE: 1
MIN 0 OR BELOW: 0 1.00 INCH OR MORE: 0
[HDD (BASE 65) ]
TOTAL THIS MO. 411 CLEAR (SCALE 0-3) 6
DPTR FM NORMAL -62 PTCLDY (SCALE 4-7) 12
TOTAL FM JUL 1 642 CLOUDY (SCALE 8-10) 13
DPTR FM NORMAL -262
[CDD (BASE 65) ]
TOTAL THIS MO. 0
DPTR FM NORMAL 0 [PRESSURE DATA]
TOTAL FM JAN 1 84 HIGHEST SLP 30.65 ON 15
DPTR FM NORMAL 42 LOWEST SLP 29.47 ON 10
[REMARKS]
CORRECTEDK0K
#FINAL-10-20#