000
CXUS53 KIND 010700
CF6BMG
PRELIMINARY LOCAL CLIMATOLOGICAL DATA (WS FORM: F-6)
STATION: BLOOMINGTON IN
MONTH: DECEMBER
YEAR: 2021
LATITUDE: 39 7 N
LONGITUDE: 86 37 W
TEMPERATURE IN F: :PCPN: SNOW: WIND :SUNSHINE: SKY :PK WND
================================================================================
1 2 3 4 5 6A 6B 7 8 9 10 11 12 13 14 15 16 17 18
12Z AVG MX 2MIN
DY MAX MIN AVG DEP HDD CDD WTR SNW DPTH SPD SPD DIR MIN PSBL S-S WX SPD DR
================================================================================
1 53 30 42 4 23 0 0.06 M M 6.0 15 240 M M 8 13 22 230
2 65 38 52 14 13 0 0.00 M M 8.6 17 230 M M 2 1 26 240
3 63 33 48 10 17 0 0.00 M M 3.4 12 120 M M 0 18 17 120
4 53 34 44 7 21 0 0.00 M M 7.0 14 20 M M 0 19 360
5 64 35 50 13 15 0 0.21 M M 11.7 23 220 M M 7 18 34 230
6 63 25 44 7 21 0 0.49 M M 11.1 24 290 M M 4 13 38 300
7 28 21 25 -11 40 0 T M M 3.3 13 360 M M 5 16 360
8 41 22 32 -4 33 0 0.00 M M 4.8 15 260 M M 3 1 22 240
9 56 23 40 4 25 0 0.00 M M 9.2 25 220 M M 3 1 42 240
10 66 46 56 20 9 0 0.56 M M 8.7 23 200 M M 10 123 34 210
11 68 29 49 14 16 0 0.75 M M 15.9 33 230 M M 7 138 59 240
12 48 26 37 2 28 0 0.00 M M 8.0 18 230 M M 0 24 250
13 53 29 41 6 24 0 0.00 M M 5.6 16 210 M M 0 24 230
14 57 29 43 8 22 0 0.00 M M 6.2 14 140 M M 3 21 140
15 64 49 57 23 8 0 0.06 M M 12.0 25 200 M M 9 40 190
16 63 31 47 13 18 0 0.62 M M 11.5 31 200 M M 6 18 50 230
17 40 28 34 0 31 0 0.43 M M 4.7 14 120 M M 5 1 19 110
18 53 34 44 10 21 0 0.52 M M 8.1 17 330 M M 10 1 29 330
19 36 27 32 -2 33 0 0.00 M M 4.8 10 10 M M 7 18 14 340
20 43 21 32 -1 33 0 0.00 M M 2.6 12 230 M M 0 1 18 190
21 46 22 34 1 31 0 0.00 M M 5.9 15 190 M M 0 18 23 300
22 37 22 30 -3 35 0 0.00 M M 4.7 14 290 M M 0 21 290
23 53 21 37 4 28 0 0.00 M M 10.4 23 220 M M 3 34 240
24 64 50 57 25 8 0 0.00 M M 13.8 25 200 M M 10 39 220
25 67 48 58 26 7 0 0.12 M M 11.7 24 210 M M 10 1 36 220
26 56 40 48 16 17 0 T M M 6.4 17 120 M M 5 18 23 120
27 69 42 56 24 9 0 T M M 12.4 22 220 M M 7 33 230
28 52 39 46 14 19 0 0.68 M M 7.2 21 90 M M 8 13 29 100
29 48 40 44 12 21 0 0.01 M M 3.7 13 110 M M 10 12 19 280
30 49 40 45 13 20 0 T M M 4.5 13 210 M M 9 1 17 210
31 64 45 55 24 10 0 0.01 M M 8.1 18 220 M M 8 12 26 240
================================================================================
SM 1682 1019 656 0 4.52 M 242.0 M 159
================================================================================
AV 54.3 32.9 7.8 FASTST M M 5 MAX(MPH)
MISC ----> 33 230 59 240
================================================================================
NOTES:
# LAST OF SEVERAL OCCURRENCES
COLUMN 17 PEAK WIND IN M.P.H.
PRELIMINARY LOCAL CLIMATOLOGICAL DATA (WS FORM: F-6) , PAGE 2
STATION: BLOOMINGTON IN
MONTH: DECEMBER
YEAR: 2021
LATITUDE: 39 7 N
LONGITUDE: 86 37 W
[TEMPERATURE DATA] [PRECIPITATION DATA] SYMBOLS USED IN COLUMN 16
AVERAGE MONTHLY: 43.6 TOTAL FOR MONTH: 4.52 1 = FOG OR MIST
DPTR FM NORMAL: 9.2 DPTR FM NORMAL: 1.23 2 = FOG REDUCING VISIBILITY
HIGHEST: 69 ON 27 GRTST 24HR 1.31 ON 10-11 TO 1/4 MILE OR LESS
LOWEST: 21 ON 23,20 3 = THUNDER
SNOW, ICE PELLETS, HAIL 4 = ICE PELLETS
TOTAL MONTH: M 5 = HAIL
GRTST 24HR M ON M 6 = FREEZING RAIN OR DRIZZLE
GRTST DEPTH: M ON M 7 = DUSTSTORM OR SANDSTORM:
VSBY 1/2 MILE OR LESS
8 = SMOKE OR HAZE
[NO. OF DAYS WITH] [WEATHER - DAYS WITH] 9 = BLOWING SNOW
X = TORNADO
MAX 32 OR BELOW: 1 0.01 INCH OR MORE: 13
MAX 90 OR ABOVE: 0 0.10 INCH OR MORE: 9
MIN 32 OR BELOW: 16 0.50 INCH OR MORE: 5
MIN 0 OR BELOW: 0 1.00 INCH OR MORE: 0
[HDD (BASE 65) ]
TOTAL THIS MO. 656 CLEAR (SCALE 0-3) 10
DPTR FM NORMAL -293 PTCLDY (SCALE 4-7) 13
TOTAL FM JUL 1 1553 CLOUDY (SCALE 8-10) 8
DPTR FM NORMAL -431
[CDD (BASE 65) ]
TOTAL THIS MO. 0
DPTR FM NORMAL 0 [PRESSURE DATA]
TOTAL FM JAN 1 1274 HIGHEST SLP M ON M
DPTR FM NORMAL 250 LOWEST SLP 29.42 ON 11
[REMARKS]
#FINAL-12-21#