000
CXUS53 KIND 010700
CF6BMG
PRELIMINARY LOCAL CLIMATOLOGICAL DATA (WS FORM: F-6)
STATION: BLOOMINGTON IN
MONTH: FEBRUARY
YEAR: 2020
LATITUDE: 39 7 N
LONGITUDE: 86 37 W
TEMPERATURE IN F: :PCPN: SNOW: WIND :SUNSHINE: SKY :PK WND
================================================================================
1 2 3 4 5 6A 6B 7 8 9 10 11 12 13 14 15 16 17 18
12Z AVG MX 2MIN
DY MAX MIN AVG DEP HDD CDD WTR SNW DPTH SPD SPD DIR MIN PSBL S-S WX SPD DR
================================================================================
1 42 35 39 9 26 0 T M M 6.3 16 290 M M 10 1 24 270
2 63 34 49 19 16 0 0.00 M M 12.7 23 240 M M 2 36 220
3 71 34 53 22 12 0 T M M 9.2 25 200 M M 3 37 210
4 62 35 49 18 16 0 0.30 M M 12.7 22 20 M M 10 1 34 210
5 38 33 36 5 29 0 0.17 M M 12.0 18 80 M M 10 16 26 30
6 33 28 31 0 34 0 0.02 M M 8.0 15 350 M M 10 18 19 340
7 36 25 31 0 34 0 T M M 6.9 14 280 M M 9 22 270
8 34 25 30 -1 35 0 0.03 M M 6.5 13 290 M M 10 18 20 230
9 50 21 36 4 29 0 0.87 M M 8.3 16 200 M M 7 168 22 150
10 52 34 43 11 22 0 0.37 M M 8.2 15 360 M M 10 1 24 220
11 41 31 36 4 29 0 T M M 5.3 12 340 M M 8 21 280
12 37 29 33 1 32 0 0.43 M M 6.0 15 100 M M 6 1 22 90
13 35 14 25 -7 40 0 0.04 M M 8.9 21 290 M M 10 1 35 300
14 24 6 15 -18 50 0 T M M 3.5 13 340 M M 2 18 320
15 46 14 30 -3 35 0 0.00 M M 9.6 23 190 M M 4 31 210
16 52 29 41 8 24 0 0.00 M M 1.5 9 360 M M 5 14 10
17 53 27 40 7 25 0 T M M 8.1 16 130 M M 7 23 140
18 51 29 40 6 25 0 0.06 M M 8.1 15 240 M M 7 1 24 250
19 43 23 33 -1 32 0 0.00 M M 6.9 13 350 M M 0 18 350
20 35 20 28 -6 37 0 0.00 M M 10.6 17 10 M M 2 31 340
21 37 13 25 -10 40 0 0.00 M M 2.8 10 240 M M 0 17 230
22 49 24 37 2 28 0 0.00 M M 7.9 16 220 M M 0 23 240
23 56 29 43 8 22 0 0.00 M M 7.6 17 220 M M 4 22 230
24 45 42 44 8 21 0 0.42 M M 7.7 14 120 M M 9 1 22 120
25 44 37 41 5 24 0 0.06 M M 7.9 12 360 M M 10 1 17 50
26 37 29 33 -3 32 0 0.10 M M 8.8 18 340 M M 10 1 27 290
27 37 26 32 -4 33 0 0.01 M M 9.0 17 270 M M 9 1 27 300
28 35 23 29 -8 36 0 0.01 M M 6.7 16 340 M M 8 1 25 340
29 38 19 29 -8 36 0 T M M 5.7 14 350 M M 1 22 340
================================================================================
SM 1276 768 854 0 2.89 M 223.4 M 183
================================================================================
AV 44.0 26.5 7.7 FASTST M M 6 MAX(MPH)
MISC ----> 25 200 37 210
================================================================================
NOTES:
# LAST OF SEVERAL OCCURRENCES
COLUMN 17 PEAK WIND IN M.P.H.
PRELIMINARY LOCAL CLIMATOLOGICAL DATA (WS FORM: F-6) , PAGE 2
STATION: BLOOMINGTON IN
MONTH: FEBRUARY
YEAR: 2020
LATITUDE: 39 7 N
LONGITUDE: 86 37 W
[TEMPERATURE DATA] [PRECIPITATION DATA] SYMBOLS USED IN COLUMN 16
AVERAGE MONTHLY: 35.2 TOTAL FOR MONTH: 2.89 1 = FOG OR MIST
DPTR FM NORMAL: 2.1 DPTR FM NORMAL: 0.13 2 = FOG REDUCING VISIBILITY
HIGHEST: 71 ON 3 GRTST 24HR 1.24 ON 9-10 TO 1/4 MILE OR LESS
LOWEST: 6 ON 14 3 = THUNDER
SNOW, ICE PELLETS, HAIL 4 = ICE PELLETS
TOTAL MONTH: M 5 = HAIL
GRTST 24HR M ON M 6 = FREEZING RAIN OR DRIZZLE
GRTST DEPTH: M ON M 7 = DUSTSTORM OR SANDSTORM:
VSBY 1/2 MILE OR LESS
8 = SMOKE OR HAZE
[NO. OF DAYS WITH] [WEATHER - DAYS WITH] 9 = BLOWING SNOW
X = TORNADO
MAX 32 OR BELOW: 1 0.01 INCH OR MORE: 14
MAX 90 OR ABOVE: 0 0.10 INCH OR MORE: 7
MIN 32 OR BELOW: 21 0.50 INCH OR MORE: 1
MIN 0 OR BELOW: 0 1.00 INCH OR MORE: 0
[HDD (BASE 65) ]
TOTAL THIS MO. 854 CLEAR (SCALE 0-3) 8
DPTR FM NORMAL -39 PTCLDY (SCALE 4-7) 9
TOTAL FM JUL 1 3633 CLOUDY (SCALE 8-10) 12
DPTR FM NORMAL -491
[CDD (BASE 65) ]
TOTAL THIS MO. 0
DPTR FM NORMAL 0 [PRESSURE DATA]
TOTAL FM JAN 1 0 HIGHEST SLP M ON M
DPTR FM NORMAL 0 LOWEST SLP 29.50 ON 6
[REMARKS]
#FINAL-02-20#