000
CXUS54 KEWX 011110
CF6BMQ
PRELIMINARY LOCAL CLIMATOLOGICAL DATA (WS FORM: F-6)
STATION: BURNET
MONTH: DECEMBER
YEAR: 2023
LATITUDE: 30 43 N
LONGITUDE: 98 14 W
TEMPERATURE IN F: :PCPN: SNOW: WIND :SUNSHINE: SKY :PK WND
================================================================================
1 2 3 4 5 6A 6B 7 8 9 10 11 12 13 14 15 16 17 18
12Z AVG MX 2MIN
DY MAX MIN AVG DEP HDD CDD WTR SNW DPTH SPD SPD DIR MIN PSBL S-S WX SPD DR
================================================================================
1 72 48 60 7 5 0 0.00 M M 3.7 14 340 M M 0 18 340
2 70 46 58 5 7 0 0.00 M M 4.2 13 310 M M 2 20 310
3 74 38 56 3 9 0 0.00 M M 3.6 16 240 M M 0 27 260
4 67 45 56 4 9 0 0.00 M M 5.5 18 330 M M 0 23 320
5 72 39 56 4 9 0 0.00 M M 2.3 8 270 M M 0 11 190
6 66 43 55 3 10 0 0.00 M M 3.6 10 190 M M 0 16 190
7 70 46 58 6 7 0 0.00 M M 9.7 20 180 M M 4 31 200
8 77 56 67 15 0 2 0.00 M M 8.6 18 190 M M 3 28 200
9 69 47 58 7 7 0 0.00 M M 7.4 17 360 M M 3 12 29 360
10 58 33 46 -5 19 0 0.00 M M 6.7 16 320 M M 0 22 330
11 65 31 48 -3 17 0 0.00 M M 2.7 13 190 M M 0 17 180
12 66 39 53 2 12 0 0.00 M M 5.0 13 180 M M 5 21 140
13 57 48 53 2 12 0 0.07 M M 8.0 14 130 M M 10 1 22 100
14 63 46 55 5 10 0 T M M 8.2 17 130 M M 10 30 130
15 60 46 53 3 12 0 0.45 M M 5.6 14 330 M M 9 1 20 340
16 63 39 51 1 14 0 0.00 M M 7.6 17 330 M M 0 24 330
17 71 34 53 3 12 0 M M M 2.1 12 200 M M 0 16 250
18 66 41 54 4 11 0 0.00 M M 5.0 14 50 M M 0 21 40
19 65 39 52 2 13 0 0.00 0.0 M 5.1 14 130 M M 0 22 140
20 67 53 60 10 5 0 0.00 M M 6.6 14 140 M M 8 1 23 170
21 61 59 60 10 5 0 0.22 M M 5.8 13 140 M M 10 1 20 150
22 70 59 65 16 0 0 0.01 M M 3.7 8 190 M M 7 1 17 160
23 66 61 64 15 1 0 0.11 M M 5.9 13 150 M M 10 1 24 160
24 70 48 59 10 6 0 2.77 M M 8.1 23 290 M M 5 13 32 300
25 54 36 45 -4 20 0 0.00 M M 9.2 17 330 M M 0 24 320
26 58 31 45 -4 20 0 0.00 M M 4.9 17 200 M M 1 28 200
27 59 33 46 -3 19 0 0.00 M M 5.9 15 300 M M 0 22 290
28 57 36 47 -2 18 0 0.00 M M 6.2 17 290 M M 1 24 280
29 58 33 46 -3 19 0 0.00 M M 6.7 17 280 M M 0 26 260
30 68 31 50 1 15 0 0.00 M M 2.2 13 230 M M 0 18 230
31 71 36 54 5 11 0 0.00 M M 2.7 15 190 M M 0 23 170
================================================================================
SM 2030 1320 334 2 3.63 0.0 172.5 M 88
================================================================================
AV 65.5 42.6 5.6 FASTST M M 3 MAX(MPH)
MISC ----> 23 290 32 300
================================================================================
NOTES:
# LAST OF SEVERAL OCCURRENCES
COLUMN 17 PEAK WIND IN M.P.H.
PRELIMINARY LOCAL CLIMATOLOGICAL DATA (WS FORM: F-6) , PAGE 2
STATION: BURNET
MONTH: DECEMBER
YEAR: 2023
LATITUDE: 30 43 N
LONGITUDE: 98 14 W
[TEMPERATURE DATA] [PRECIPITATION DATA] SYMBOLS USED IN COLUMN 16
AVERAGE MONTHLY: 54.0 TOTAL FOR MONTH: 3.63 1 = FOG OR MIST
DPTR FM NORMAL: 3.5 DPTR FM NORMAL: 1.70 2 = FOG REDUCING VISIBILITY
HIGHEST: 77 ON 8 GRTST 24HR 2.88 ON 23-24 TO 1/4 MILE OR LESS
LOWEST: 31 ON 30,26 3 = THUNDER
SNOW, ICE PELLETS, HAIL 4 = ICE PELLETS
TOTAL MONTH: 0.0 INCH 5 = HAIL
GRTST 24HR 0.0 6 = FREEZING RAIN OR DRIZZLE
GRTST DEPTH: M ON M 7 = DUSTSTORM OR SANDSTORM:
VSBY 1/2 MILE OR LESS
8 = SMOKE OR HAZE
[NO. OF DAYS WITH] [WEATHER - DAYS WITH] 9 = BLOWING SNOW
X = TORNADO
MAX 32 OR BELOW: 0 0.01 INCH OR MORE: 6
MAX 90 OR ABOVE: 0 0.10 INCH OR MORE: 4
MIN 32 OR BELOW: 3 0.50 INCH OR MORE: 1
MIN 0 OR BELOW: 0 1.00 INCH OR MORE: 1
[HDD (BASE 65) ]
TOTAL THIS MO. 334 CLEAR (SCALE 0-3) 19
DPTR FM NORMAL -124 PTCLDY (SCALE 4-7) 7
TOTAL FM JUL 1 617 CLOUDY (SCALE 8-10) 5
DPTR FM NORMAL -135
[CDD (BASE 65) ]
TOTAL THIS MO. 2
DPTR FM NORMAL -5 [PRESSURE DATA]
TOTAL FM JAN 1 3522 HIGHEST SLP 30.47 ON 10
DPTR FM NORMAL 734 LOWEST SLP 29.73 ON 8
[REMARKS]
#FINAL-12-23#