000
CXUS55 KOHX 011528
CF6BNA
PRELIMINARY LOCAL CLIMATOLOGICAL DATA (WS FORM: F-6)
STATION: NASHVILLE
MONTH: MAY
YEAR: 2023
LATITUDE: 36 7 N
LONGITUDE: 86 41 W
TEMPERATURE IN F: :PCPN: SNOW: WIND :SUNSHINE: SKY :PK WND
================================================================================
1 2 3 4 5 6A 6B 7 8 9 10 11 12 13 14 15 16 17 18
12Z AVG MX 2MIN
DY MAX MIN AVG DEP HDD CDD WTR SNW DPTH SPD SPD DIR MIN PSBL S-S WX SPD DR
================================================================================
1 67 48 58 -7 7 0 0.00 0.0 0 9.9 22 290 M M 4 37 290
2 67 46 57 -9 8 0 0.00 0.0 0 8.7 25 320 M M 3 8 37 310
3 70 48 59 -7 6 0 0.00 0.0 0 8.4 18 310 M M 1 26 330
4 74 42 58 -8 7 0 0.00 0.0 0 2.4 10 80 M M 5 19 110
5 76 55 66 0 0 1 T 0.0 0 6.6 16 190 M M 9 21 170
6 83 57 70 3 0 5 0.00 0.0 0 8.9 17 170 M M 6 24 190
7 87 63 75 8 0 10 2.24 0.0 0 10.1 33 30 M M 7 13 57 30
8 82 64 73 6 0 8 0.06 0.0 0 7.4 20 180 M M 8 13 27 170
9 86 63 75 7 0 10 T 0.0 0 6.8 29 350 M M 5 3 43 350
10 86 60 73 5 0 8 0.00 0.0 0 5.2 12 50 M M 6 16 20
11 78 67 73 5 0 8 0.02 0.0 0 6.8 15 180 M M 8 24 170
12 72 63 68 0 0 3 0.60 0.0 0 6.6 20 190 M M 8 13 26 200
13 85 62 74 5 0 9 0.01 0.0 0 3.0 10 290 M M 7 1 14 300
14 89 65 77 8 0 12 0.25 0.0 0 3.2 16 10 M M 6 1 22 10
15 90 69 80 11 0 15 0.40 0.0 0 4.7 16 320 M M 7 13 27 330
16 87 68 78 9 0 13 0.02 0.0 0 9.2 21 330 M M 7 18 32 330
17 82 65 74 4 0 9 0.00 0.0 0 7.4 15 60 M M 6 20 110
18 84 61 73 3 0 8 0.00 0.0 0 6.7 22 170 M M 5 29 180
19 76 64 70 0 0 5 0.00 0.0 0 6.9 14 170 M M 8 17 170
20 72 59 66 -4 0 1 0.90 0.0 0 9.0 18 360 M M 8 18 27 350
21 78 55 67 -4 0 2 0.00 0.0 0 7.0 16 40 M M 4 22 40
22 82 60 71 0 0 6 0.00 0.0 0 5.8 10 110 M M 7 18 100
23 83 63 73 2 0 8 T 0.0 0 3.0 15 80 M M 6 21 80
24 85 62 74 2 0 9 0.00 0.0 0 6.3 17 40 M M 4 1 22 40
25 83 59 71 -1 0 6 0.00 0.0 0 7.8 16 30 M M 1 24 30
26 80 57 69 -3 0 4 0.00 0.0 0 7.1 14 30 M M 2 21 330
27 82 60 71 -1 0 6 0.00 0.0 0 5.8 17 60 M M 6 25 50
28 73 53 63 -9 2 0 0.00 0.0 0 7.8 20 30 M M 6 27 360
29 81 58 70 -3 0 5 0.00 0.0 0 4.5 13 360 M M 6 21 350
30 86 59 73 0 0 8 0.00 0.0 0 2.3 10 110 M M 4 14 110
31 88 68 78 5 0 13 0.01 0.0 0 5.1 13 100 M M 7 16 160
================================================================================
SM 2494 1843 30 192 4.51 0.0 200.4 M 177
================================================================================
AV 80.5 59.5 6.5 FASTST M M 6 MAX(MPH)
MISC ----> 33 30 57 30
================================================================================
NOTES:
# LAST OF SEVERAL OCCURRENCES
COLUMN 17 PEAK WIND IN M.P.H.
PRELIMINARY LOCAL CLIMATOLOGICAL DATA (WS FORM: F-6) , PAGE 2
STATION: NASHVILLE
MONTH: MAY
YEAR: 2023
LATITUDE: 36 7 N
LONGITUDE: 86 41 W
[TEMPERATURE DATA] [PRECIPITATION DATA] SYMBOLS USED IN COLUMN 16
AVERAGE MONTHLY: 70.0 TOTAL FOR MONTH: 4.51 1 = FOG OR MIST
DPTR FM NORMAL: 0.7 DPTR FM NORMAL: -0.51 2 = FOG REDUCING VISIBILITY
HIGHEST: 90 ON 15 GRTST 24HR 2.30 ON 7- 8 TO 1/4 MILE OR LESS
LOWEST: 42 ON 4 3 = THUNDER
SNOW, ICE PELLETS, HAIL 4 = ICE PELLETS
TOTAL MONTH: 0.0 INCH 5 = HAIL
GRTST 24HR 0.0 6 = FREEZING RAIN OR DRIZZLE
GRTST DEPTH: 0 7 = DUSTSTORM OR SANDSTORM:
VSBY 1/2 MILE OR LESS
8 = SMOKE OR HAZE
[NO. OF DAYS WITH] [WEATHER - DAYS WITH] 9 = BLOWING SNOW
X = TORNADO
MAX 32 OR BELOW: 0 0.01 INCH OR MORE: 10
MAX 90 OR ABOVE: 1 0.10 INCH OR MORE: 5
MIN 32 OR BELOW: 0 0.50 INCH OR MORE: 3
MIN 0 OR BELOW: 0 1.00 INCH OR MORE: 1
[HDD (BASE 65) ]
TOTAL THIS MO. 30 CLEAR (SCALE 0-3) 4
DPTR FM NORMAL -12 PTCLDY (SCALE 4-7) 23
TOTAL FM JUL 1 2762 CLOUDY (SCALE 8-10) 4
DPTR FM NORMAL -601
[CDD (BASE 65) ]
TOTAL THIS MO. 192
DPTR FM NORMAL 15 [PRESSURE DATA]
TOTAL FM JAN 1 244 HIGHEST SLP 30.21 ON 14
DPTR FM NORMAL 3 LOWEST SLP 29.67 ON 1
[REMARKS]
#FINAL-05-23#