450
CXUS55 KOHX 030156
CF6BNA
PRELIMINARY LOCAL CLIMATOLOGICAL DATA (WS FORM: F-6)
STATION: NASHVILLE
MONTH: MARCH
YEAR: 2021
LATITUDE: 36 7 N
LONGITUDE: 86 41 W
TEMPERATURE IN F: :PCPN: SNOW: WIND :SUNSHINE: SKY :PK WND
================================================================================
1 2 3 4 5 6A 6B 7 8 9 10 11 12 13 14 15 16 17 18
12Z AVG MX 2MIN
DY MAX MIN AVG DEP HDD CDD WTR SNW DPTH SPD SPD DIR MIN PSBL S-S WX SPD DR
================================================================================
1 58 38 48 2 17 0 0.26 0.0 0 9.3 22 350 M M 10 1 30 350
2 55 35 45 -1 20 0 0.00 0.0 0 6.3 13 30 M M 7 22 300
3 64 32 48 2 17 0 0.00 0.0 0 1.2 12 330 M M 0 14 330
4 69 35 52 6 13 0 0.00 0.0 0 5.9 14 20 M M 0 20 20
5 50 37 44 -3 21 0 0.00 0.0 0 11.4 17 50 M M 6 24 40
6 56 34 45 -2 20 0 0.00 0.0 0 8.9 21 30 M M 3 28 20
7 63 28 46 -1 19 0 0.00 0.0 0 3.8 15 360 M M 1 19 10
8 70 31 51 3 14 0 0.00 0.0 0 5.1 15 200 M M 2 8 21 190
9 73 36 55 7 10 0 0.00 0.0 0 7.2 18 180 M M 4 8 25 170
10 74 48 61 13 4 0 0.00 0.0 0 11.9 23 200 M M 5 32 190
11 76 60 68 20 0 3 0.00 0.0 0 14.5 23 190 M M 8 33 180
12 71 57 64 15 1 0 0.19 0.0 0 6.7 15 360 M M 10 18 23 200
13 57 53 55 6 10 0 0.24 0.0 0 6.8 15 170 M M 10 1 20 180
14 67 53 60 11 5 0 0.01 0.0 0 7.1 15 50 M M 9 20 90
15 68 54 61 11 4 0 0.20 0.0 0 8.3 20 160 M M 8 1 26 180
16 79 56 68 18 0 3 0.00 0.0 0 6.1 13 310 M M 8 1 19 280
17 66 57 62 12 3 0 1.20 0.0 0 9.7 18 140 M M 10 13 25 160
18 65 45 55 4 10 0 0.04 0.0 0 9.0 21 260 M M 9 18 31 260
19 54 41 48 -3 17 0 T 0.0 0 12.8 22 40 M M 7 18 28 30
20 67 40 54 3 11 0 0.00 0.0 0 6.8 15 10 M M 3 20 30
21 69 33 51 -1 14 0 0.00 0.0 0 3.3 12 90 M M 2 15 100
22 71 47 59 7 6 0 0.00 0.0 0 5.0 16 130 M M 6 21 160
23 67 57 62 10 3 0 T 0.0 0 14.6 23 170 M M 8 38 160
24 77 55 66 14 0 1 0.00 0.0 0 9.0 17 210 M M 4 26 190
25 73 54 64 11 1 0 1.76 0.0 0 8.8 26 170 M M 7 13 36 180
26 74 51 63 10 2 0 0.00 0.0 0 3.8 10 280 M M 2 18 270
27 66 53 60 7 5 0 5.75 0.0 0 6.8 28 200 M M 9 1358 43 190
28 64 41 53 -1 12 0 1.26 0.0 0 11.7 24 330 M M 6 13 35 320
29 65 36 51 -3 14 0 0.00 0.0 0 3.5 10 170 M M 0 16 170
30 77 45 61 7 4 0 0.71 0.0 0 11.6 25 180 M M 6 13 35 180
31 64 44 54 0 11 0 0.66 0.0 0 10.8 23 10 M M 7 13 35 340
================================================================================
SM 2069 1386 288 7 12.28 0.0 247.7 M 177
================================================================================
AV 66.7 44.7 8.0 FASTST M M 6 MAX(MPH)
MISC ----> 28 200 43 190
================================================================================
NOTES:
# LAST OF SEVERAL OCCURRENCES
COLUMN 17 PEAK WIND IN M.P.H.
PRELIMINARY LOCAL CLIMATOLOGICAL DATA (WS FORM: F-6) , PAGE 2
STATION: NASHVILLE
MONTH: MARCH
YEAR: 2021
LATITUDE: 36 7 N
LONGITUDE: 86 41 W
[TEMPERATURE DATA] [PRECIPITATION DATA] SYMBOLS USED IN COLUMN 16
AVERAGE MONTHLY: 55.7 TOTAL FOR MONTH: 12.28 1 = FOG OR MIST
DPTR FM NORMAL: 5.7 DPTR FM NORMAL: 8.17 2 = FOG REDUCING VISIBILITY
HIGHEST: 79 ON 16 GRTST 24HR 6.90 ON 27-28 TO 1/4 MILE OR LESS
LOWEST: 28 ON 7 3 = THUNDER
SNOW, ICE PELLETS, HAIL 4 = ICE PELLETS
TOTAL MONTH: 0.0 INCH 5 = HAIL
GRTST 24HR 0.0 6 = FREEZING RAIN OR DRIZZLE
GRTST DEPTH: 0 7 = DUSTSTORM OR SANDSTORM:
VSBY 1/2 MILE OR LESS
8 = SMOKE OR HAZE
[NO. OF DAYS WITH] [WEATHER - DAYS WITH] 9 = BLOWING SNOW
X = TORNADO
MAX 32 OR BELOW: 0 0.01 INCH OR MORE: 12
MAX 90 OR ABOVE: 0 0.10 INCH OR MORE: 10
MIN 32 OR BELOW: 3 0.50 INCH OR MORE: 6
MIN 0 OR BELOW: 0 1.00 INCH OR MORE: 4
[HDD (BASE 65) ]
TOTAL THIS MO. 288 CLEAR (SCALE 0-3) 9
DPTR FM NORMAL -185 PTCLDY (SCALE 4-7) 14
TOTAL FM JUL 1 2925 CLOUDY (SCALE 8-10) 8
DPTR FM NORMAL -486
[CDD (BASE 65) ]
TOTAL THIS MO. 7
DPTR FM NORMAL -1 [PRESSURE DATA]
TOTAL FM JAN 1 8 HIGHEST SLP 30.57 ON 8
DPTR FM NORMAL 0 LOWEST SLP 29.54 ON 18
[REMARKS]
#FINAL-03-21#