000
CXUS55 KBOI 011002
CF6BOI
PRELIMINARY LOCAL CLIMATOLOGICAL DATA (WS FORM: F-6)
STATION: BOISE ID
MONTH: AUGUST
YEAR: 2022
LATITUDE: 43 34 N
LONGITUDE: 116 13 W
TEMPERATURE IN F: :PCPN: SNOW: WIND :SUNSHINE: SKY :PK WND
================================================================================
1 2 3 4 5 6A 6B 7 8 9 10 11 12 13 14 15 16 17 18
12Z AVG MX 2MIN
DY MAX MIN AVG DEP HDD CDD WTR SNW DPTH SPD SPD DIR MIN PSBL S-S WX SPD DR
================================================================================
1 102 74 88 9 0 23 0.00 0.0 0 7.3 21 300 M M 0 8 27 300
2 88 72 80 1 0 15 0.01 0.0 0 8.0 20 310 M M 3 8 31 330
3 98 66 82 3 0 17 0.00 0.0 0 6.0 12 110 M M 0 22 30
4 99 74 87 8 0 22 0.00 0.0 0 6.5 14 140 M M 1 8 19 140
5 93 68 81 2 0 16 T 0.0 0 7.3 26 150 M M 0 8 36 140
6 89 67 78 0 0 13 0.00 0.0 0 7.4 20 310 M M 1 25 310
7 96 59 78 0 0 13 0.00 0.0 0 7.0 16 140 M M 0 22 160
8 104 67 86 8 0 21 0.00 0.0 0 5.8 14 130 M M 0 18 130
9 99 76 88 10 0 23 T 0.0 0 9.6 21 250 M M 1 29 250
10 93 69 81 3 0 16 0.03 0.0 0 4.5 17 330 M M 2 21 330
11 100 71 86 9 0 21 0.00 0.0 0 6.0 18 160 M M 1 26 150
12 98 71 85 8 0 20 0.00 0.0 0 6.2 20 310 M M 1 26 280
13 95 66 81 4 0 16 0.00 0.0 0 7.1 20 300 M M 0 24 300
14 96 60 78 2 0 13 0.00 0.0 0 5.3 17 300 M M 0 22 300
15 99 62 81 5 0 16 0.00 0.0 0 5.0 12 280 M M 0 16 290
16 102 65 84 8 0 19 0.00 0.0 0 5.3 12 290 M M 0 15 360
17 103 69 86 10 0 21 0.00 0.0 0 4.6 14 330 M M 0 18 320
18 99 71 85 10 0 20 0.00 0.0 0 7.0 16 140 M M 0 24 120
19 96 73 85 10 0 20 0.05 0.0 0 6.1 26 180 M M 1 3 37 180
20 96 68 82 7 0 17 0.00 0.0 0 7.0 20 140 M M 0 26 140
21 100 69 85 11 0 20 0.00 0.0 0 5.2 14 220 M M 0 19 220
22 98 70 84 10 0 19 0.00 0.0 0 8.1 17 120 M M 0 22 140
23 97 67 82 8 0 17 0.00 0.0 0 5.9 14 310 M M 0 21 360
24 101 65 83 9 0 18 0.00 0.0 0 6.5 16 280 M M 0 20 170
25 95 68 82 9 0 17 0.00 0.0 0 7.4 16 300 M M 0 22 310
26 96 66 81 8 0 16 0.00 0.0 0 4.2 14 320 M M 0 21 330
27 86 64 75 2 0 10 0.00 0.0 0 7.9 16 310 M M 0 8 22 320
28 84 53 69 -3 0 4 0.00 0.0 0 6.0 13 310 M M 0 19 300
29 94 58 76 4 0 11 0.00 0.0 0 5.0 12 120 M M 0 15 120
30 98 62 80 8 0 15 0.00 0.0 0 6.1 15 110 M M 0 20 310
31 106 69 88 16 0 23 0.00 0.0 0 6.4 15 320 M M 0 21 340
================================================================================
SM 3000 2079 0 532 0.09 0.0 197.7 M 11
================================================================================
AV 96.8 67.1 6.4 FASTST M M 0 MAX(MPH)
MISC ----> # 26 150 37 180
================================================================================
NOTES:
# LAST OF SEVERAL OCCURRENCES
COLUMN 17 PEAK WIND IN M.P.H.
PRELIMINARY LOCAL CLIMATOLOGICAL DATA (WS FORM: F-6) , PAGE 2
STATION: BOISE ID
MONTH: AUGUST
YEAR: 2022
LATITUDE: 43 34 N
LONGITUDE: 116 13 W
[TEMPERATURE DATA] [PRECIPITATION DATA] SYMBOLS USED IN COLUMN 16
AVERAGE MONTHLY: 81.9 TOTAL FOR MONTH: 0.09 1 = FOG OR MIST
DPTR FM NORMAL: 6.1 DPTR FM NORMAL: -0.08 2 = FOG REDUCING VISIBILITY
HIGHEST: 106 ON 31 GRTST 24HR 0.05 ON 19-19 TO 1/4 MILE OR LESS
LOWEST: 53 ON 28 3 = THUNDER
SNOW, ICE PELLETS, HAIL 4 = ICE PELLETS
TOTAL MONTH: 0.0 INCH 5 = HAIL
GRTST 24HR 0.0 6 = FREEZING RAIN OR DRIZZLE
GRTST DEPTH: 0 7 = DUSTSTORM OR SANDSTORM:
VSBY 1/2 MILE OR LESS
8 = SMOKE OR HAZE
[NO. OF DAYS WITH] [WEATHER - DAYS WITH] 9 = BLOWING SNOW
X = TORNADO
MAX 32 OR BELOW: 0 0.01 INCH OR MORE: 3
MAX 90 OR ABOVE: 27 0.10 INCH OR MORE: 0
MIN 32 OR BELOW: 0 0.50 INCH OR MORE: 0
MIN 0 OR BELOW: 0 1.00 INCH OR MORE: 0
[HDD (BASE 65) ]
TOTAL THIS MO. 0 CLEAR (SCALE 0-3) 31
DPTR FM NORMAL -8 PTCLDY (SCALE 4-7) 0
TOTAL FM JUL 1 0 CLOUDY (SCALE 8-10) 0
DPTR FM NORMAL -10
[CDD (BASE 65) ]
TOTAL THIS MO. 532
DPTR FM NORMAL 191 [PRESSURE DATA]
TOTAL FM JAN 1 1184 HIGHEST SLP 30.09 ON 7
DPTR FM NORMAL 269 LOWEST SLP 29.67 ON 24
[REMARKS]
#FINAL-08-22#