000
CXUS54 KMAF 171110
CF6BPG
PRELIMINARY LOCAL CLIMATOLOGICAL DATA (WS FORM: F-6)
STATION: BIG SPRING MCMAHON-WRINKLE FI
MONTH: APRIL
YEAR: 2024
LATITUDE: 32 12 N
LONGITUDE: 101 31 W
TEMPERATURE IN F: :PCPN: SNOW: WIND :SUNSHINE: SKY :PK WND
================================================================================
1 2 3 4 5 6A 6B 7 8 9 10 11 12 13 14 15 16 17 18
12Z AVG MX 2MIN
DY MAX MIN AVG DEP HDD CDD WTR SNW DPTH SPD SPD DIR MIN PSBL S-S WX SPD DR
================================================================================
1 82 56 69 M 0 4 M M M 14.3 44 290 M M 2 8 52 290
2 66 44 55 M 10 0 M M M 13.9 23 330 M M 1 30 360
3 79 33 56 M 9 0 M M M 5.4 16 290 M M 0 22 270
4 86 44 65 M 0 0 M M M 7.6 12 150 M M 0 21 0
5 85 56 71 M 0 6 M M M 19.8 28 170 M M 0 37 180
6 83 57 70 M 0 5 M M M 21.5 29 260 M M 2 8 41 250
7 78 40 59 M 6 0 M M M 10.5 17 240 M M 0 26 240
8 83 45 64 M 1 0 M M M 9.6 25 30 M M 1 30 50
9 59 46 53 M 12 0 M M M 18.1 24 10 M M 9 13 28 60
10 70 46 58 M 7 0 0.01 M M 14.6 24 340 M M 5 35 350
11 80 38 59 M 6 0 M M M 8.0 20 90 M M 0 25 80
12 85 53 69 M 0 4 M M M 17.9 29 180 M M 0 35 180
13 91 57 74 M 0 9 M M M 13.7 21 170 M M 0 24 200
14 95 61 78 M 0 13 M M M 9.2 15 180 M M 0 20 170
15 93 65 79 M 0 14 M M M 13.6 23 170 M M 1 28 170
16 87 56 72 M 0 7 M M M 9.9 16 280 M M 1 22 260
================================================================================
SM 1302 797 51 62 0.01 M 207.5 M 22
================================================================================
AV 81.4 49.8 13.0 FASTST M M 1 MAX(MPH)
MISC ----> 44 290 52 290
================================================================================
NOTES:
# LAST OF SEVERAL OCCURRENCES
COLUMN 17 PEAK WIND IN M.P.H.
PRELIMINARY LOCAL CLIMATOLOGICAL DATA (WS FORM: F-6) , PAGE 2
STATION: BIG SPRING MCMAHON-WRINKLE FI
MONTH: APRIL
YEAR: 2024
LATITUDE: 32 12 N
LONGITUDE: 101 31 W
[TEMPERATURE DATA] [PRECIPITATION DATA] SYMBOLS USED IN COLUMN 16
AVERAGE MONTHLY: 65.6 TOTAL FOR MONTH: 0.01 1 = FOG OR MIST
DPTR FM NORMAL: 0.0 DPTR FM NORMAL: 0.01 2 = FOG REDUCING VISIBILITY
HIGHEST: 95 ON 14 GRTST 24HR 0.01 ON 10-10 TO 1/4 MILE OR LESS
LOWEST: 33 ON 3 3 = THUNDER
SNOW, ICE PELLETS, HAIL 4 = ICE PELLETS
TOTAL MONTH: M 5 = HAIL
GRTST 24HR M ON M 6 = FREEZING RAIN OR DRIZZLE
GRTST DEPTH: M ON M 7 = DUSTSTORM OR SANDSTORM:
VSBY 1/2 MILE OR LESS
8 = SMOKE OR HAZE
[NO. OF DAYS WITH] [WEATHER - DAYS WITH] 9 = BLOWING SNOW
X = TORNADO
MAX 32 OR BELOW: 0 0.01 INCH OR MORE: 1
MAX 90 OR ABOVE: 3 0.10 INCH OR MORE: 0
MIN 32 OR BELOW: 0 0.50 INCH OR MORE: 0
MIN 0 OR BELOW: 0 1.00 INCH OR MORE: 0
[HDD (BASE 65) ]
TOTAL THIS MO. 51 CLEAR (SCALE 0-3) 14
DPTR FM NORMAL M PTCLDY (SCALE 4-7) 1
TOTAL FM JUL 1 2201 CLOUDY (SCALE 8-10) 1
DPTR FM NORMAL M
[CDD (BASE 65) ]
TOTAL THIS MO. 62
DPTR FM NORMAL M [PRESSURE DATA]
TOTAL FM JAN 1 103 HIGHEST SLP M ON M
DPTR FM NORMAL M LOWEST SLP M ON M
[REMARKS]