000
CXUS54 KLZK 011130
CF6BPK
PRELIMINARY LOCAL CLIMATOLOGICAL DATA (WS FORM: F-6)
STATION: Mountain Home Airport
MONTH: MARCH
YEAR: 2020
LATITUDE: 36 22 N
LONGITUDE: 92 28 W
TEMPERATURE IN F: :PCPN: SNOW: WIND :SUNSHINE: SKY :PK WND
================================================================================
1 2 3 4 5 6A 6B 7 8 9 10 11 12 13 14 15 16 17 18
12Z AVG MX 2MIN
DY MAX MIN AVG DEP HDD CDD WTR SNW DPTH SPD SPD DIR MIN PSBL S-S WX SPD DR
================================================================================
1 62 45 54 8 11 0 0.00 M M 8.9 15 220 M M 5 27 220
2 75 48 62 16 3 0 0.08 M M 6.8 14 230 M M 5 3 21 220
3 64 40 52 6 13 0 0.00 M M 2.9 12 340 M M 0 8 19 340
4 59 36 48 1 17 0 0.00 M M 2.1 8 60 M M 0 13 70
5 68 37 53 6 12 0 0.00 M M 4.9 16 350 M M 0 28 340
6 58 38 48 1 17 0 0.00 M M 5.1 12 360 M M 0 19 340
7 62 33 48 0 17 0 0.00 M M 6.6 15 180 M M 1 8 20 130
8 70 40 55 7 10 0 0.00 M M 9.1 20 200 M M 1 26 180
9 61 55 58 10 7 0 0.38 M M 11.4 20 200 M M 9 1 29 200
10 60 41 51 3 14 0 T M M 5.5 15 340 M M 6 1 23 360
11 67 47 57 9 8 0 0.25 M M 4.7 13 100 M M 4 1 21 10
12 82 52 67 18 0 2 0.15 M M 7.7 21 250 M M 4 1 31 260
13 58 41 50 1 15 0 0.06 M M 6.5 12 130 M M 5 19 80
14 43 38 41 -8 24 0 1.17 M M 5.9 16 160 M M 10 1 20 140
15 43 37 40 -10 25 0 0.00 M M 5.9 10 70 M M 10 1 16 90
16 45 36 41 -9 24 0 0.41 M M 3.7 16 190 M M 10 13 21 190
17 52 44 48 -2 17 0 0.05 M M 3.5 10 130 M M 10 13 13 150
18 75 47 61 11 4 0 0.08 M M 6.3 14 230 M M 6 1 20 220
19 73 62 68 18 0 3 0.13 M M 6.9 14 350 M M 9 13 29 350
20 65 37 51 0 14 0 0.01 M M 6.4 14 350 M M 6 25 10
21 54 33 44 -7 21 0 0.00 M M 4.9 17 140 M M 5 25 160
22 44 38 41 -10 24 0 0.01 M M 6.2 15 140 M M 8 1 18 140
23 59 43 51 -1 14 0 0.00 M M 3.8 12 150 M M 8 1 15 150
24 61 48 55 3 10 0 0.60 M M 6.7 15 170 M M 10 13 22 160
25 67 44 56 4 9 0 0.00 M M 6.1 15 160 M M 5 19 160
26 89 48 69 17 0 4 0.00 M M 6.9 14 230 M M 0 1 20 220
27 81 63 72 19 0 7 T M M 6.3 16 190 M M 1 3 22 180
28 73 58 66 13 0 1 0.07 M M 6.9 15 220 M M 1 3 22 230
29 70 48 59 6 6 0 0.00 M M 6.0 10 310 M M 0 27 310
30 69 45 57 3 8 0 0.39 M M 3.3 9 150 M M 3 M M
31 67 47 57 3 8 0 0.43 M M 3.4 12 360 M M 4 1 20 330
================================================================================
SM 1976 1369 352 17 4.27 M 181.3 M 146
================================================================================
AV 63.7 44.2 5.8 FASTST M M 5 MAX(MPH)
MISC ----> # 21 250 # 31 260
================================================================================
NOTES:
# LAST OF SEVERAL OCCURRENCES
COLUMN 17 PEAK WIND IN M.P.H.
PRELIMINARY LOCAL CLIMATOLOGICAL DATA (WS FORM: F-6) , PAGE 2
STATION: Mountain Home Airport
MONTH: MARCH
YEAR: 2020
LATITUDE: 36 22 N
LONGITUDE: 92 28 W
[TEMPERATURE DATA] [PRECIPITATION DATA] SYMBOLS USED IN COLUMN 16
AVERAGE MONTHLY: 54.0 TOTAL FOR MONTH: 4.27 1 = FOG OR MIST
DPTR FM NORMAL: 4.2 DPTR FM NORMAL: 0.67 2 = FOG REDUCING VISIBILITY
HIGHEST: 89 ON 26 GRTST 24HR 1.17 ON 14-14 TO 1/4 MILE OR LESS
LOWEST: 33 ON 21, 7 3 = THUNDER
SNOW, ICE PELLETS, HAIL 4 = ICE PELLETS
TOTAL MONTH: M 5 = HAIL
GRTST 24HR M ON M 6 = FREEZING RAIN OR DRIZZLE
GRTST DEPTH: M ON M 7 = DUSTSTORM OR SANDSTORM:
VSBY 1/2 MILE OR LESS
8 = SMOKE OR HAZE
[NO. OF DAYS WITH] [WEATHER - DAYS WITH] 9 = BLOWING SNOW
X = TORNADO
MAX 32 OR BELOW: 0 0.01 INCH OR MORE: 16
MAX 90 OR ABOVE: 0 0.10 INCH OR MORE: 9
MIN 32 OR BELOW: 0 0.50 INCH OR MORE: 2
MIN 0 OR BELOW: 0 1.00 INCH OR MORE: 1
[HDD (BASE 65) ]
TOTAL THIS MO. 352 CLEAR (SCALE 0-3) 11
DPTR FM NORMAL -125 PTCLDY (SCALE 4-7) 13
TOTAL FM JUL 1 3346 CLOUDY (SCALE 8-10) 7
DPTR FM NORMAL -163
[CDD (BASE 65) ]
TOTAL THIS MO. 17
DPTR FM NORMAL 11 [PRESSURE DATA]
TOTAL FM JAN 1 17 HIGHEST SLP 30.53 ON 7
DPTR FM NORMAL 8 LOWEST SLP 29.57 ON 12
[REMARKS]
#FINAL-03-20#