000
CXUS54 KLCH 010930
CF6BPT
PRELIMINARY LOCAL CLIMATOLOGICAL DATA (WS FORM: F-6)
STATION: BEAUMONT PORT ARTHUR
MONTH: DECEMBER
YEAR: 2023
LATITUDE: 29 57 N
LONGITUDE: 94 1 W
TEMPERATURE IN F: :PCPN: SNOW: WIND :SUNSHINE: SKY :PK WND
================================================================================
1 2 3 4 5 6A 6B 7 8 9 10 11 12 13 14 15 16 17 18
12Z AVG MX 2MIN
DY MAX MIN AVG DEP HDD CDD WTR SNW DPTH SPD SPD DIR MIN PSBL S-S WX SPD DR
================================================================================
1 77 65 71 13 0 6 0.19 0.0 M 4.4 17 90 M M 9 1238 22 100
2 70 60 65 7 0 0 0.00 0.0 M 6.4 13 350 M M 9 1 17 20
3 71 48 60 2 5 0 0.00 0.0 M 4.5 9 220 M M 0 128 12 220
4 72 50 61 3 4 0 0.00 0.0 M 6.3 13 10 M M 0 18 30
5 69 46 58 1 7 0 0.00 0.0 M 3.4 8 60 M M 0 10 40
6 67 44 56 -1 9 0 0.00 0.0 M 6.4 20 70 M M 0 26 70
7 69 42 56 -1 9 0 0.00 0.0 M 7.1 16 110 M M 0 18 21 110
8 75 56 66 9 0 1 T 0.0 M 12.6 23 180 M M 6 35 170
9 83 57 70 13 0 5 0.25 0.0 M 11.5 25 340 M M 8 13 38 350
10 61 36 49 -7 16 0 T M M 11.3 24 330 M M 3 35 320
11 64 32 48 -8 17 0 0.00 0.0 M 4.3 13 170 M M 0 18 19 160
12 65 41 53 -3 12 0 0.00 0.0 M 7.4 16 110 M M 0 1 21 70
13 66 46 56 0 9 0 0.00 0.0 M 10.2 17 50 M M 0 24 60
14 72 55 64 8 1 0 T 0.0 M 13.4 21 80 M M 0 28 80
15 71 55 63 7 2 0 0.00 0.0 M 14.3 22 90 M M 8 8 32 110
16 65 46 56 0 9 0 0.54 M M 9.4 20 350 M M 6 1 27 360
17 66 37 52 -3 13 0 0.00 0.0 M 5.7 13 360 M M 0 1 16 20
18 73 37 55 0 10 0 0.00 0.0 M 5.4 12 360 M M 1 12 16 20
19 61 44 53 -2 12 0 0.00 0.0 M 8.8 17 100 M M 0 24 100
20 70 51 61 6 4 0 0.00 0.0 M 11.8 17 110 M M 0 22 110
21 70 53 62 7 3 0 0.00 0.0 M 9.6 15 100 M M 1 18 20 100
22 74 60 67 12 0 2 0.00 0.0 M 7.2 13 120 M M 7 18 17 110
23 74 62 68 14 0 3 0.42 0.0 M 12.0 22 120 M M 10 1 32 130
24 67 52 60 6 5 0 2.65 0.0 M 8.9 29 330 M M 8 123 42 120
25 62 48 55 1 10 0 0.00 0.0 M 10.4 20 310 M M 3 12 28 320
26 58 42 50 -4 15 0 0.00 0.0 M 5.6 14 360 M M 2 20 350
27 68 40 54 0 11 0 0.00 0.0 M 6.7 20 350 M M 2 12 27 360
28 57 36 47 -7 18 0 0.00 0.0 M 8.6 22 340 M M 0 30 340
29 56 31 44 -10 21 0 0.00 0.0 M 6.9 15 270 M M 0 24 250
30 65 33 49 -5 16 0 0.00 0.0 M 4.1 12 240 M M 0 1 15 280
31 74 40 57 3 8 0 0.00 0.0 0 5.1 15 180 M M 1 12 22 210
================================================================================
SM 2112 1445 246 17 4.05 0.0 249.7 M 84
================================================================================
AV 68.1 46.6 8.1 FASTST M M 3 MAX(MPH)
MISC ----> 29 330 42 120
================================================================================
NOTES:
# LAST OF SEVERAL OCCURRENCES
COLUMN 17 PEAK WIND IN M.P.H.
PRELIMINARY LOCAL CLIMATOLOGICAL DATA (WS FORM: F-6) , PAGE 2
STATION: BEAUMONT PORT ARTHUR
MONTH: DECEMBER
YEAR: 2023
LATITUDE: 29 57 N
LONGITUDE: 94 1 W
[TEMPERATURE DATA] [PRECIPITATION DATA] SYMBOLS USED IN COLUMN 16
AVERAGE MONTHLY: 57.4 TOTAL FOR MONTH: 4.05 1 = FOG OR MIST
DPTR FM NORMAL: 1.8 DPTR FM NORMAL: -0.93 2 = FOG REDUCING VISIBILITY
HIGHEST: 83 ON 9 GRTST 24HR 3.07 ON 23-24 TO 1/4 MILE OR LESS
LOWEST: 31 ON 29 3 = THUNDER
SNOW, ICE PELLETS, HAIL 4 = ICE PELLETS
TOTAL MONTH: 0.0 INCH 5 = HAIL
GRTST 24HR 0.0 6 = FREEZING RAIN OR DRIZZLE
GRTST DEPTH: 0 7 = DUSTSTORM OR SANDSTORM:
VSBY 1/2 MILE OR LESS
8 = SMOKE OR HAZE
[NO. OF DAYS WITH] [WEATHER - DAYS WITH] 9 = BLOWING SNOW
X = TORNADO
MAX 32 OR BELOW: 0 0.01 INCH OR MORE: 5
MAX 90 OR ABOVE: 0 0.10 INCH OR MORE: 5
MIN 32 OR BELOW: 2 0.50 INCH OR MORE: 2
MIN 0 OR BELOW: 0 1.00 INCH OR MORE: 1
[HDD (BASE 65) ]
TOTAL THIS MO. 246 CLEAR (SCALE 0-3) 22
DPTR FM NORMAL -71 PTCLDY (SCALE 4-7) 4
TOTAL FM JUL 1 423 CLOUDY (SCALE 8-10) 5
DPTR FM NORMAL -78
[CDD (BASE 65) ]
TOTAL THIS MO. 17
DPTR FM NORMAL -10 [PRESSURE DATA]
TOTAL FM JAN 1 3809 HIGHEST SLP 30.47 ON 13
DPTR FM NORMAL 733 LOWEST SLP 29.74 ON 24
[REMARKS]
#FINAL-12-23#