000
CXUS55 KDVN 011100
CF6BRL
PRELIMINARY LOCAL CLIMATOLOGICAL DATA (WS FORM: F-6)
STATION: BURLINGTON IA
MONTH: MAY
YEAR: 2020
LATITUDE: 40 46 N
LONGITUDE: 91 7 W
TEMPERATURE IN F: :PCPN: SNOW: WIND :SUNSHINE: SKY :PK WND
================================================================================
1 2 3 4 5 6A 6B 7 8 9 10 11 12 13 14 15 16 17 18
12Z AVG MX 2MIN
DY MAX MIN AVG DEP HDD CDD WTR SNW DPTH SPD SPD DIR MIN PSBL S-S WX SPD DR
================================================================================
1 74 42 58 -1 7 0 0.00 M M 8.0 20 170 M M 0 8 25 170
2 78 54 66 7 0 1 0.10 M M 7.8 17 340 M M 1 3 23 340
3 74 52 63 3 2 0 0.00 M M 6.7 17 10 M M 3 24 30
4 57 46 52 -8 13 0 0.06 M M 10.6 20 120 M M 4 1 28 120
5 48 43 46 -14 19 0 0.09 M M 6.1 16 40 M M 9 1 23 50
6 63 39 51 -9 14 0 T M M 6.9 17 310 M M 4 18 25 320
7 67 45 56 -5 9 0 0.01 M M 8.1 17 250 M M 3 8 26 280
8 54 37 46 -15 19 0 0.01 M M 12.1 28 10 M M 2 8 39 360
9 64 30 47 -14 18 0 0.01 M M 7.2 18 280 M M 0 8 30 320
10 53 43 48 -14 17 0 0.02 M M 13.4 26 320 M M 9 1 43 340
11 54 39 47 -15 18 0 0.00 M M 7.9 16 330 M M 8 26 320
12 63 39 51 -11 14 0 0.00 M M 4.8 14 190 M M 1 8 19 170
13 57 44 51 -12 14 0 0.01 M M 12.3 21 140 M M 8 18 29 140
14 79 53 66 3 0 1 1.36 M M 12.3 36 310 M M 6 13 57 310
15 74 58 66 3 0 1 0.35 M M 6.2 16 280 M M 5 138 23 270
16 75 55 65 1 0 0 0.07 M M 6.9 14 130 M M 4 1 21 140
17 67 55 61 -3 4 0 1.70 M M 9.8 18 260 M M 9 1 28 250
18 61 52 57 -7 8 0 0.05 M M 10.1 20 340 M M 10 1 27 330
19 58 52 55 -9 10 0 0.03 M M 12.8 20 10 M M 10 1 26 350
20 63 56 60 -5 5 0 0.02 M M 8.7 17 70 M M 10 1 25 70
21 64 55 60 -5 5 0 0.01 M M 6.4 14 100 M M 10 1 20 90
22 74 57 66 0 0 1 0.00 M M 6.7 13 120 M M 8 17 110
23 79 60 70 4 0 5 0.01 M M 9.7 25 240 M M 2 1 36 170
24 87 60 74 8 0 9 0.01 M M 5.0 21 220 M M 1 26 240
25 85 65 75 9 0 10 0.28 M M 7.2 25 180 M M 3 13 35 190
26 85 67 76 9 0 11 0.01 M M 10.5 25 210 M M 2 3 35 210
27 77 68 73 6 0 8 0.01 M M 6.9 20 140 M M 5 18 28 130
28 71 63 67 -1 0 2 0.05 M M 5.9 13 330 M M 10 1 20 330
29 71 52 62 -6 3 0 0.00 M M 9.0 21 310 M M 2 31 300
30 75 50 63 -5 2 0 0.00 M M 6.1 14 330 M M 0 20 330
31 78 51 65 -4 0 0 0.00 M M 4.3 13 10 M M 3 17 20
================================================================================
SM 2129 1582 201 49 4.27 M 256.4 M 152
================================================================================
AV 68.7 51.0 8.3 FASTST M M 5 MAX(MPH)
MISC ----> # 36 310 # 57 310
================================================================================
NOTES:
# LAST OF SEVERAL OCCURRENCES
COLUMN 17 PEAK WIND IN M.P.H.
PRELIMINARY LOCAL CLIMATOLOGICAL DATA (WS FORM: F-6) , PAGE 2
STATION: BURLINGTON IA
MONTH: MAY
YEAR: 2020
LATITUDE: 40 46 N
LONGITUDE: 91 7 W
[TEMPERATURE DATA] [PRECIPITATION DATA] SYMBOLS USED IN COLUMN 16
AVERAGE MONTHLY: 59.9 TOTAL FOR MONTH: 4.27 1 = FOG OR MIST
DPTR FM NORMAL: -3.8 DPTR FM NORMAL: -0.58 2 = FOG REDUCING VISIBILITY
HIGHEST: 87 ON 24 GRTST 24HR 1.70 ON 17-17 TO 1/4 MILE OR LESS
LOWEST: 30 ON 9 3 = THUNDER
SNOW, ICE PELLETS, HAIL 4 = ICE PELLETS
TOTAL MONTH: M 5 = HAIL
GRTST 24HR M ON M 6 = FREEZING RAIN OR DRIZZLE
GRTST DEPTH: M ON M 7 = DUSTSTORM OR SANDSTORM:
VSBY 1/2 MILE OR LESS
8 = SMOKE OR HAZE
[NO. OF DAYS WITH] [WEATHER - DAYS WITH] 9 = BLOWING SNOW
X = TORNADO
MAX 32 OR BELOW: 0 0.01 INCH OR MORE: 22
MAX 90 OR ABOVE: 0 0.10 INCH OR MORE: 5
MIN 32 OR BELOW: 1 0.50 INCH OR MORE: 2
MIN 0 OR BELOW: 0 1.00 INCH OR MORE: 2
[HDD (BASE 65) ]
TOTAL THIS MO. 201 CLEAR (SCALE 0-3) 14
DPTR FM NORMAL 76 PTCLDY (SCALE 4-7) 9
TOTAL FM JUL 1 5671 CLOUDY (SCALE 8-10) 8
DPTR FM NORMAL 84
[CDD (BASE 65) ]
TOTAL THIS MO. 49
DPTR FM NORMAL -34 [PRESSURE DATA]
TOTAL FM JAN 1 51 HIGHEST SLP 30.33 ON 31
DPTR FM NORMAL -52 LOWEST SLP 29.67 ON 18
[REMARKS]
#FINAL-05-20#