000
CXAK56 PAFG 010950
CF6BRW
PRELIMINARY LOCAL CLIMATOLOGICAL DATA (WS FORM: F-6)
STATION: UTQIAGVIK (BARROW) AK
MONTH: JUNE
YEAR: 2022
LATITUDE: 71 17 N
LONGITUDE: 156 47 W
TEMPERATURE IN F: :PCPN: SNOW: WIND :SUNSHINE: SKY :PK WND
================================================================================
1 2 3 4 5 6A 6B 7 8 9 10 11 12 13 14 15 16 17 18
12Z AVG MX 2MIN
DY MAX MIN AVG DEP HDD CDD WTR SNW DPTH SPD SPD DIR MIN PSBL S-S WX SPD DR
================================================================================
1 38 27 33 2 32 0 T M M 13.4 18 280 M M 7 128 23 270
2 28 24 26 -5 39 0 0.00 M M 8.6 15 280 M M 10 1 17 280
3 34 26 30 -2 35 0 T M M 19.8 28 110 M M 10 18 38 100
4 31 26 29 -3 36 0 T M M 25.3 31 80 M M 7 18 40 90
5 30 24 27 -5 38 0 T M M 22.8 29 80 M M 10 1 33 80
6 29 24 27 -6 38 0 T M M 16.4 22 70 M M 10 1 27 90
7 30 23 27 -6 38 0 T M M 14.1 18 70 M M 10 1 23 70
8 31 25 28 -6 37 0 0.00 M M 7.0 14 60 M M 10 17 40
9 35 29 32 -2 33 0 T M M 10.6 17 330 M M 9 128 20 340
10 36 30 33 -2 32 0 0.02 M M 12.3 18 30 M M 10 18 22 30
11 34 28 31 -4 34 0 T M M 11.8 17 50 M M 10 18 21 30
12 31 26 29 -7 36 0 T M M 5.5 12 70 M M 10 128 13 80
13 38 27 33 -3 32 0 0.00 M M 15.8 22 60 M M 3 128 26 60
14 38 32 35 -1 30 0 0.00 M M 11.7 24 60 M M 5 29 60
15 42 33 38 1 27 0 T M M 9.7 16 100 M M 6 1 20 110
16 51 32 42 5 23 0 0.00 M M 8.8 16 110 M M 2 8 19 120
17 42 31 37 -1 28 0 0.01 M M 9.5 17 270 M M 9 12 20 260
18 39 29 34 -4 31 0 0.00 M M 8.2 14 270 M M 7 128 17 240
19 56 33 45 7 20 0 0.00 M M 12.4 17 130 M M 6 8 21 90
20 68 42 55 16 10 0 0.00 M M 9.2 15 140 M M 0 8 17 140
21 52 42 47 8 18 0 0.02 M M 9.9 22 220 M M 8 1 27 220
22 48 41 45 6 20 0 0.03 M M 10.7 17 240 M M 10 18 20 140
23 49 40 45 5 20 0 0.08 M M 5.9 12 240 M M 10 128 13 250
24 49 38 44 4 21 0 0.03 M M 5.1 12 100 M M 10 12 14 90
25 61 39 50 10 15 0 T M M 10.3 21 130 M M 6 128 24 140
26 69 44 57 17 8 0 T M M 9.4 28 230 M M 8 35 230
27 65 41 53 12 12 0 0.05 M M 10.0 21 200 M M 10 12 25 210
28 51 40 46 5 19 0 0.01 M M 7.8 15 240 M M 9 12 18 240
29 52 44 48 7 17 0 0.20 M M 17.6 28 220 M M 8 1 34 220
30 54 43 49 8 16 0 0.00 M M 12.8 21 220 M M 0 28 220
================================================================================
SM 1311 983 795 0 0.45 M 352.4 M 230
================================================================================
AV 43.7 32.8 11.7 FASTST M M 8 MAX(MPH)
MISC ----> 31 80 40 90
================================================================================
NOTES:
# LAST OF SEVERAL OCCURRENCES
COLUMN 17 PEAK WIND IN M.P.H.
PRELIMINARY LOCAL CLIMATOLOGICAL DATA (WS FORM: F-6) , PAGE 2
STATION: UTQIAGVIK (BARROW) AK
MONTH: JUNE
YEAR: 2022
LATITUDE: 71 17 N
LONGITUDE: 156 47 W
[TEMPERATURE DATA] [PRECIPITATION DATA] SYMBOLS USED IN COLUMN 16
AVERAGE MONTHLY: 38.2 TOTAL FOR MONTH: 0.45 1 = FOG OR MIST
DPTR FM NORMAL: 1.6 DPTR FM NORMAL: 0.02 2 = FOG REDUCING VISIBILITY
HIGHEST: 69 ON 26 GRTST 24HR 0.21 ON 28-29 TO 1/4 MILE OR LESS
LOWEST: 23 ON 7 3 = THUNDER
SNOW, ICE PELLETS, HAIL 4 = ICE PELLETS
TOTAL MONTH: M 5 = HAIL
GRTST 24HR M ON M 6 = FREEZING RAIN OR DRIZZLE
GRTST DEPTH: M ON M 7 = DUSTSTORM OR SANDSTORM:
VSBY 1/2 MILE OR LESS
8 = SMOKE OR HAZE
[NO. OF DAYS WITH] [WEATHER - DAYS WITH] 9 = BLOWING SNOW
X = TORNADO
MAX 32 OR BELOW: 7 0.01 INCH OR MORE: 9
MAX 90 OR ABOVE: 0 0.10 INCH OR MORE: 1
MIN 32 OR BELOW: 17 0.50 INCH OR MORE: 0
MIN 0 OR BELOW: 0 1.00 INCH OR MORE: 0
[HDD (BASE 65) ]
TOTAL THIS MO. 795 CLEAR (SCALE 0-3) 3
DPTR FM NORMAL -57 PTCLDY (SCALE 4-7) 11
TOTAL FM JUL 1 18436 CLOUDY (SCALE 8-10) 16
DPTR FM NORMAL -30
[CDD (BASE 65) ]
TOTAL THIS MO. 0
DPTR FM NORMAL 0 [PRESSURE DATA]
TOTAL FM JAN 1 0 HIGHEST SLP M ON M
DPTR FM NORMAL 0 LOWEST SLP 29.75 ON 17
[REMARKS]
#FINAL-06-22#