000
CXUS53 KGRR 011544
CLSBTL
WRKCLSBTL 000
TTAA00 GRR 011517
CLIMATE REPORT
NATIONAL WEATHER SERVICE GRAND RAPIDS, MICHIGAN
1107 AM EDT FRI SEP 01 2023
...................................
...THE BATTLE CREEK CLIMATE SUMMARY FOR THE SEASON, FROM
6/1/2023 TO 8/31/2023...
CLIMATE NORMAL PERIOD: 1991 TO 2020
CLIMATE RECORD PERIOD: 1895 TO 2023
WEATHER OBSERVED NORMAL DEPART LAST YEAR`S
VALUE DATE(S) VALUE FROM VALUE DATE(S)
NORMAL
................................................................
TEMPERATURE (F)
RECORD
HIGH 104 07/14/1936
LOW 30 06/01/1993
HIGHEST 92 07/05 MM MM 95 06/14
08/23
08/24
06/21
LOWEST 45 06/07 MM MM 44 06/04
06/08
AVG. MAXIMUM 81.7 81.1 0.6 82.2
AVG. MINIMUM 59.5 60.4 -0.9 61.3
MEAN 70.6 70.7 -0.1 71.7
DAYS MAX >= 90 11 8.7 2.3 10
DAYS MAX <= 32 0 0.0 0.0 0
DAYS MIN <= 32 0 0.0 0.0 0
DAYS MIN <= 0 0 0.0 0.0 0
PRECIPITATION (INCHES)
RECORD
MAXIMUM 17.46 1896
MINIMUM 4.30 1946
TOTALS 10.13 10.12 0.01 12.49
DAILY AVG. 0.11 0.11 0.00 0.14
DAYS >= .01 25 32.3 -7.3 31
DAYS >= .10 16 18.0 -2.0 21
DAYS >= .50 9 6.9 2.1 10
DAYS >= 1.00 3 2.4 0.6 3
GREATEST
24 HR. TOTAL 1.77 07/28 TO 07/29
DEGREE DAYS
HEATING TOTAL 37 55 -18 26
SINCE 7/1 8 12 -4 MM
COOLING TOTAL 566 586 -20 669
SINCE 1/1 613 635 -22 MM
FREEZE DATES
EARLIEST MM
LATEST 04/27
................................................................
WIND (MPH)
AVERAGE WIND SPEED 6.6
RESULTANT WIND SPEED/DIRECTION 1/270
HIGHEST WIND SPEED/DIRECTION 32/230 DATE 07/29
HIGHEST GUST SPEED/DIRECTION 43/140 DATE 06/25
SKY COVER
POSSIBLE SUNSHINE (PERCENT) MM
AVERAGE SKY COVER 0.32
NUMBER OF DAYS FAIR 56
NUMBER OF DAYS PC 25
NUMBER OF DAYS CLOUDY 11
AVERAGE RH (PERCENT) 67
WEATHER CONDITIONS. NUMBER OF DAYS WITH
THUNDERSTORM 20 MIXED PRECIP 0
HEAVY RAIN 11 RAIN 13
LIGHT RAIN 28 FREEZING RAIN 0
LT FREEZING RAIN 0 HAIL 0
HEAVY SNOW 0 SNOW 0
LIGHT SNOW 0 SLEET 0
FOG 42 FOG W/VIS <= 1/4 MILE 5
HAZE 28
- INDICATES NEGATIVE NUMBERS.
R INDICATES RECORD WAS SET OR TIED.
MM INDICATES DATA IS MISSING.
T INDICATES TRACE AMOUNT.
$$