000
CXUS54 KLIX 010810
CF6BTR
PRELIMINARY LOCAL CLIMATOLOGICAL DATA (WS FORM: F-6)
STATION: BATON ROUGE
MONTH: JUNE
YEAR: 2022
LATITUDE: 30 31 N
LONGITUDE: 91 9 W
TEMPERATURE IN F: :PCPN: SNOW: WIND :SUNSHINE: SKY :PK WND
================================================================================
1 2 3 4 5 6A 6B 7 8 9 10 11 12 13 14 15 16 17 18
12Z AVG MX 2MIN
DY MAX MIN AVG DEP HDD CDD WTR SNW DPTH SPD SPD DIR MIN PSBL S-S WX SPD DR
================================================================================
1 92 72 82 3 0 17 T 0.0 M 3.1 17 220 M M 5 3 21 190
2 92 69 81 2 0 16 0.06 0.0 M 4.1 16 150 M M 3 13 20 290
3 87 69 78 -2 0 13 T 0.0 M 5.1 15 40 M M 5 3 19 30
4 91 70 81 1 0 16 T 0.0 M 5.9 12 330 M M 1 17 50
5 91 69 80 0 0 15 0.00 0.0 M 4.2 16 110 M M 3 3 21 130
6 92 72 82 2 0 17 0.00 0.0 M 9.7 18 180 M M 2 26 190
7 94 72 83 3 0 18 0.00 0.0 M 7.5 16 170 M M 3 24 190
8 94 74 84 4 0 19 0.00 0.0 M 7.4 18 180 M M 4 30 250
9 94 76 85 5 0 20 0.00 0.0 M 4.6 13 270 M M 3 20 290
10 92 70 81 1 0 16 0.25 0.0 M 7.1 26 360 M M 5 138 39 10
11 93 70 82 1 0 17 T 0.0 M 5.7 26 250 M M 6 13 36 250
12 95 77 86 5 0 21 0.00 0.0 M 9.2 16 210 M M 4 20 240
13 96 79 88 7 0 23 0.00 0.0 M 8.1 15 190 M M 2 1 18 200
14 95 77 86 5 0 21 0.00 0.0 M 7.4 15 230 M M 3 8 19 200
15 97 76 87 6 0 22 0.00 0.0 M 3.2 10 290 M M 2 8 13 290
16 96 74 85 4 0 20 0.06 0.0 M 4.9 20 60 M M 2 3 23 50
17 96 73 85 4 0 20 0.00 0.0 M 3.6 15 210 M M 2 19 210
18 98 75 87 6 0 22 0.00 0.0 M 3.3 12 230 M M 2 3 23 150
19 98 76 87 5 0 22 0.00 0.0 M 6.5 13 20 M M 1 18 40
20 98 70 84 2 0 19 0.00 0.0 M 5.5 13 110 M M 1 16 180
21 98 74 86 4 0 21 0.05 0.0 M 3.3 25 80 M M 2 3 30 90
22 98 73 86 4 0 21 0.00 0.0 M 3.3 13 70 M M 2 3 15 290
23 99 77 88 6 0 23 0.00 0.0 M 4.8 14 270 M M 0 19 280
24 99 78 89 7 0 24 0.00 0.0 M 6.3 15 270 M M 0 19 270
25 99 75 87 5 0 22 0.07 0.0 M 5.9 25 50 M M 1 13 32 60
26 97 73 85 3 0 20 0.52 0.0 M 7.6 36 50 M M 2 13 45 60
27 89 72 81 -1 0 16 0.20 0.0 M 4.2 17 70 M M 2 138 22 80
28 92 73 83 1 0 18 T 0.0 M 4.6 26 50 M M 2 3 33 50
29 93 73 83 1 0 18 0.31 0.0 M 4.8 17 30 M M 2 13 21 30
30 88 74 81 -1 0 16 1.73 0.0 M 4.9 15 90 M M 3 138 23 320
================================================================================
SM 2833 2202 0 573 3.25 0.0 165.8 M 75
================================================================================
AV 94.4 73.4 5.5 FASTST M M 3 MAX(MPH)
MISC ----> 36 50 45 60
================================================================================
NOTES:
# LAST OF SEVERAL OCCURRENCES
COLUMN 17 PEAK WIND IN M.P.H.
PRELIMINARY LOCAL CLIMATOLOGICAL DATA (WS FORM: F-6) , PAGE 2
STATION: BATON ROUGE
MONTH: JUNE
YEAR: 2022
LATITUDE: 30 31 N
LONGITUDE: 91 9 W
[TEMPERATURE DATA] [PRECIPITATION DATA] SYMBOLS USED IN COLUMN 16
AVERAGE MONTHLY: 83.9 TOTAL FOR MONTH: 3.25 1 = FOG OR MIST
DPTR FM NORMAL: 2.9 DPTR FM NORMAL: -3.20 2 = FOG REDUCING VISIBILITY
HIGHEST: 99 ON 25,24 GRTST 24HR 2.02 ON 29-30 TO 1/4 MILE OR LESS
LOWEST: 69 ON 5, 3 3 = THUNDER
SNOW, ICE PELLETS, HAIL 4 = ICE PELLETS
TOTAL MONTH: 0.0 INCH 5 = HAIL
GRTST 24HR 0.0 6 = FREEZING RAIN OR DRIZZLE
GRTST DEPTH: M ON M 7 = DUSTSTORM OR SANDSTORM:
VSBY 1/2 MILE OR LESS
8 = SMOKE OR HAZE
[NO. OF DAYS WITH] [WEATHER - DAYS WITH] 9 = BLOWING SNOW
X = TORNADO
MAX 32 OR BELOW: 0 0.01 INCH OR MORE: 9
MAX 90 OR ABOVE: 27 0.10 INCH OR MORE: 5
MIN 32 OR BELOW: 0 0.50 INCH OR MORE: 2
MIN 0 OR BELOW: 0 1.00 INCH OR MORE: 1
[HDD (BASE 65) ]
TOTAL THIS MO. 0 CLEAR (SCALE 0-3) 20
DPTR FM NORMAL 0 PTCLDY (SCALE 4-7) 10
TOTAL FM JUL 1 1387 CLOUDY (SCALE 8-10) 0
DPTR FM NORMAL -148
[CDD (BASE 65) ]
TOTAL THIS MO. 573
DPTR FM NORMAL 93 [PRESSURE DATA]
TOTAL FM JAN 1 1218 HIGHEST SLP M ON M
DPTR FM NORMAL 166 LOWEST SLP 29.75 ON 4
[REMARKS]
#FINAL-06-22#