000
CXUS51 KBUF 011323
CLMBUF
CLIMATE REPORT
NATIONAL WEATHER SERVICE BUFFALO NY
923 AM EDT MON APR 01 2024
...................................
...THE BUFFALO NY CLIMATE SUMMARY FOR THE MONTH OF MARCH 2024...
CLIMATE NORMAL PERIOD: 1991 TO 2020
CLIMATE RECORD PERIOD: 1871 TO 2024
WEATHER OBSERVED NORMAL DEPART LAST YEAR`S
VALUE DATE(S) VALUE FROM VALUE DATE(S)
NORMAL
................................................................
TEMPERATURE (F)
RECORD
HIGH 82 03/21/2012
LOW -7 03/08/1984
HIGHEST 72 03/04 56 03/22
03/05
LOWEST 16 03/22 21 03/19
AVG. MAXIMUM 48.6 41.8 6.8 41.4
AVG. MINIMUM 32.9 26.4 6.5 29.1
MEAN 40.8 34.1 6.7 35.2
DAYS MAX >= 90 0 0.0 0.0 0
DAYS MAX <= 32 2 6.4 -4.4 3
DAYS MIN <= 32 13 22.7 -9.7 24
DAYS MIN <= 0 0 0.3 -0.3 0
PRECIPITATION (INCHES)
RECORD
MAXIMUM 7.03 1936
MINIMUM 0.68 1910
TOTALS 2.11 2.89 -0.78 4.05
DAYS >= .01 17 MM
DAYS >= .10 9 MM
DAYS >= .50 0 MM
DAYS >= 1.00 0 MM
GREATEST
24 HR. TOTAL 0.36 03/14 TO 03/15 1.10 03/03 TO 03/04
SNOWFALL (INCHES)
RECORDS
TOTAL 38.5 1936
TOTALS 11.2 14.1 -2.9 10.0
SINCE 7/1 70.8 92.9 -22.1
SNOWDEPTH AVG. 1 1
DAYS >= 1.0 4 3.6 0.4 2
DAYS >= 0.1 7 9
GREATEST
SNOW DEPTH 6R 03/23 5 03/11
24 HR TOTAL MM
DEGREE DAYS
HEATING TOTAL 744 958 -214 915
SINCE 7/1 4624 5576 -952 MM
COOLING TOTAL 0 0 0 0
SINCE 1/1 0 0 0 MM
................................................................
WIND (MPH)
AVERAGE WIND SPEED 10.8
HIGHEST WIND SPEED/DIRECTION 32/270
HIGHEST GUST SPEED/DIRECTION 49/220 DATE 03/19
SKY COVER
POSSIBLE SUNSHINE (PERCENT) MM
NUMBER OF DAYS FAIR 2
NUMBER OF DAYS PC 14
NUMBER OF DAYS CLOUDY 15
AVERAGE RH (PERCENT) 69
WEATHER CONDITIONS. NUMBER OF DAYS WITH
THUNDERSTORM 0 MIXED PRECIP 0
HEAVY RAIN 3 RAIN 2
LIGHT RAIN 14 FREEZING RAIN 0
LT FREEZING RAIN 0 HAIL 0
HEAVY SNOW 3 SNOW 3
LIGHT SNOW 10 SLEET 0
FOG 15 FOG W/VIS <= 1/4 MILE 5
HAZE 0
- INDICATES NEGATIVE NUMBERS.
R INDICATES RECORD WAS SET OR TIED.
MM INDICATES DATA IS MISSING.
T INDICATES TRACE AMOUNT.
$$