000
CXUS56 KLOX 011155
CF6BUR
PRELIMINARY LOCAL CLIMATOLOGICAL DATA (WS FORM: F-6)
STATION: HOLLYWOOD/BURBANK AIRPORT CA
MONTH: AUGUST
YEAR: 2022
LATITUDE: 34 12 N
LONGITUDE: 118 22 W
TEMPERATURE IN F: :PCPN: SNOW: WIND :SUNSHINE: SKY :PK WND
================================================================================
1 2 3 4 5 6A 6B 7 8 9 10 11 12 13 14 15 16 17 18
12Z AVG MX 2MIN
DY MAX MIN AVG DEP HDD CDD WTR SNW DPTH SPD SPD DIR MIN PSBL S-S WX SPD DR
================================================================================
1 95 70 83 6 0 18 0.00 M M 6.0 15 170 M M 0 8 18 180
2 90 69 80 3 0 15 0.00 M M 5.9 14 160 M M 0 18 90
3 90 69 80 3 0 15 0.00 M M 6.1 14 170 M M 0 21 120
4 88 70 79 2 0 14 0.00 M M 6.2 13 200 M M 0 19 190
5 92 72 82 5 0 17 0.00 M M 4.9 14 160 M M 0 18 180
6 100 70 85 8 0 20 0.00 M M 5.2 12 330 M M 0 17 110
7 101 71 86 9 0 21 0.00 M M 5.9 14 110 M M 0 18 110
8 95 73 84 7 0 19 0.00 M M 6.5 14 180 M M 0 19 180
9 98 76 87 10 0 22 0.00 M M 6.2 14 180 M M 0 22 180
10 97 74 86 9 0 21 0.00 M M 5.4 14 170 M M 0 18 120
11 97 73 85 8 0 20 0.00 M M 5.9 14 140 M M 0 18 100
12 98 71 85 8 0 20 0.00 M M 5.5 13 170 M M 0 17 110
13 99 71 85 8 0 20 0.00 M M 5.9 14 140 M M 0 16 140
14 97 72 85 8 0 20 0.00 M M 6.2 14 170 M M 0 17 190
15 96 71 84 7 0 19 0.00 M M 6.1 13 140 M M 0 23 110
16 98 71 85 8 0 20 0.00 M M 5.9 13 110 M M 0 8 24 140
17 95 72 84 7 0 19 0.00 M M 6.3 14 110 M M 0 8 18 120
18 91 68 80 3 0 15 0.00 M M 6.4 14 180 M M 0 23 110
19 93 68 81 4 0 16 0.00 M M 5.9 15 110 M M 0 20 150
20 87 69 78 1 0 13 0.00 M M 6.7 14 180 M M 0 19 190
21 86 68 77 0 0 12 0.00 M M 6.2 12 180 M M 3 8 15 170
22 88 66 77 0 0 12 0.00 M M 6.0 13 120 M M 2 8 21 130
23 94 68 81 4 0 16 0.00 M M 6.2 15 160 M M 0 8 20 110
24 93 69 81 4 0 16 0.00 M M 6.9 15 200 M M 0 8 23 140
25 93 72 83 6 0 18 0.00 M M 6.3 14 170 M M 0 18 160
26 92 70 81 4 0 16 0.00 M M 6.5 14 170 M M 0 21 90
27 87 67 77 0 0 12 0.00 M M 5.8 14 180 M M 0 19 140
28 85 67 76 -1 0 11 0.00 M M 7.0 14 190 M M 3 20 200
29 89 66 78 1 0 13 0.00 M M 5.4 12 130 M M 1 18 110
30 97 69 83 6 0 18 0.00 M M 3.9 12 170 M M 0 18 150
31 112 75 94 17 0 29 0.00 M M 5.2 20 270 M M 0 25 260
================================================================================
SM 2913 2177 0 537 0.00 M 184.5 M 9
================================================================================
AV 94.0 70.2 6.0 FASTST M M 0 MAX(MPH)
MISC ----> 20 270 25 260
================================================================================
NOTES:
# LAST OF SEVERAL OCCURRENCES
COLUMN 17 PEAK WIND IN M.P.H.
PRELIMINARY LOCAL CLIMATOLOGICAL DATA (WS FORM: F-6) , PAGE 2
STATION: HOLLYWOOD/BURBANK AIRPORT CA
MONTH: AUGUST
YEAR: 2022
LATITUDE: 34 12 N
LONGITUDE: 118 22 W
[TEMPERATURE DATA] [PRECIPITATION DATA] SYMBOLS USED IN COLUMN 16
AVERAGE MONTHLY: 82.1 TOTAL FOR MONTH: 0.00 1 = FOG OR MIST
DPTR FM NORMAL: 5.2 DPTR FM NORMAL: -0.01 2 = FOG REDUCING VISIBILITY
HIGHEST: 112 ON 31 GRTST 24HR 0.00 ON 1- 1 TO 1/4 MILE OR LESS
LOWEST: 66 ON 29,22 3 = THUNDER
SNOW, ICE PELLETS, HAIL 4 = ICE PELLETS
TOTAL MONTH: M 5 = HAIL
GRTST 24HR M ON M 6 = FREEZING RAIN OR DRIZZLE
GRTST DEPTH: M ON M 7 = DUSTSTORM OR SANDSTORM:
VSBY 1/2 MILE OR LESS
8 = SMOKE OR HAZE
[NO. OF DAYS WITH] [WEATHER - DAYS WITH] 9 = BLOWING SNOW
X = TORNADO
MAX 32 OR BELOW: 0 0.01 INCH OR MORE: 0
MAX 90 OR ABOVE: 24 0.10 INCH OR MORE: 0
MIN 32 OR BELOW: 0 0.50 INCH OR MORE: 0
MIN 0 OR BELOW: 0 1.00 INCH OR MORE: 0
[HDD (BASE 65) ]
TOTAL THIS MO. 0 CLEAR (SCALE 0-3) 29
DPTR FM NORMAL 0 PTCLDY (SCALE 4-7) 2
TOTAL FM JUL 1 0 CLOUDY (SCALE 8-10) 0
DPTR FM NORMAL 0
[CDD (BASE 65) ]
TOTAL THIS MO. 537
DPTR FM NORMAL 168 [PRESSURE DATA]
TOTAL FM JAN 1 1631 HIGHEST SLP 30.04 ON 21
DPTR FM NORMAL 617 LOWEST SLP 29.68 ON 19
[REMARKS]
#FINAL-08-22#