000
CXUS54 KTSA 010850
CF6BVO
PRELIMINARY LOCAL CLIMATOLOGICAL DATA (WS FORM: F-6)
STATION: BARTLESVILLE OKLAHOMA
MONTH: JUNE
YEAR: 2023
LATITUDE: 36 45 N
LONGITUDE: 96 0 W
TEMPERATURE IN F: :PCPN: SNOW: WIND :SUNSHINE: SKY :PK WND
================================================================================
1 2 3 4 5 6A 6B 7 8 9 10 11 12 13 14 15 16 17 18
12Z AVG MX 2MIN
DY MAX MIN AVG DEP HDD CDD WTR SNW DPTH SPD SPD DIR MIN PSBL S-S WX SPD DR
================================================================================
1 88 61 75 3 0 10 0.00 0.0 M 4.0 15 140 M M 1 1 23 140
2 89 64 77 5 0 12 0.00 0.0 M 4.7 15 130 M M 1 24 350
3 86 61 74 1 0 9 T 0.0 M 2.9 22 210 M M 3 13 32 210
4 89 62 76 3 0 11 0.01 0.0 M 2.5 12 80 M M 2 13 18 50
5 91 60 76 3 0 11 0.00 0.0 M 2.2 13 110 M M 1 1 22 110
6 91 59 75 1 0 10 T 0.0 M 1.2 10 30 M M 1 13 14 30
7 92 56 74 0 0 9 0.00 0.0 M 0.8 10 220 M M 0 1 15 290
8 93 60 77 3 0 12 0.29 0.0 M 1.3 28 100 M M 2 138 40 100
9 92 64 78 4 0 13 0.20 0.0 M 1.9 25 210 M M 1 13 38 220
10 79 64 72 -3 0 7 0.50 0.0 M 4.0 20 280 M M 3 13 37 290
11 85 60 73 -2 0 8 T 0.0 M 6.6 22 10 M M 3 1 31 10
12 79 59 69 -6 0 4 0.00 0.0 M 2.4 10 90 M M 2 1 14 360
13 85 61 73 -3 0 8 0.01 0.0 M 0.6 8 130 M M 3 13 13 210
14 84 59 72 -4 0 7 0.85 0.0 M 2.8 18 40 M M 3 13 33 290
15 87 58 73 -3 0 8 0.00 0.0 M 3.4 15 270 M M 0 1 27 260
16 89 63 76 0 0 11 0.00 0.0 M 1.8 10 10 M M 2 17 350
17 90 61 76 -1 0 11 0.00 0.0 M 4.7 16 20 M M 1 1 30 360
18 86 61 74 -3 0 9 0.09 0.0 M 2.8 18 40 M M 4 13 34 300
19 91 59 75 -2 0 10 0.00 0.0 M 3.5 15 140 M M 0 1 20 140
20 92 63 78 1 0 13 0.00 0.0 M 4.8 14 150 M M 3 20 140
21 87 66 77 -1 0 12 0.04 0.0 M 3.0 22 120 M M 2 13 29 110
22 92 63 78 0 0 13 0.00 0.0 M 1.5 9 130 M M 3 1 13 120
23 90 65 78 0 0 13 0.00 0.0 M 5.3 14 140 M M 2 22 150
24 96 67 82 4 0 17 0.00 0.0 M 8.4 18 200 M M 0 27 220
25 92 64 78 0 0 13 0.00 0.0 M 5.5 23 20 M M 1 13 32 10
26 92 58 75 -3 0 10 0.00 0.0 M 2.8 13 40 M M 0 19 40
27 85 57 71 -8 0 6 0.20 0.0 M 3.7 25 20 M M 1 13 36 60
28 99 69 84 5 0 19 0.24 0.0 M 9.3 18 200 M M 1 13 27 190
29 101 72 87 8 0 22 0.00 0.0 M 6.3 14 220 M M 0 24 210
30 98 80 89 10 0 24 0.00 0.0 M 8.5 16 210 M M 0 23 230
================================================================================
SM 2690 1876 0 342 2.43 0.0 113.2 M 46
================================================================================
AV 89.7 62.5 3.8 FASTST M M 2 MAX(MPH)
MISC ----> 28 100 40 100
================================================================================
NOTES:
# LAST OF SEVERAL OCCURRENCES
COLUMN 17 PEAK WIND IN M.P.H.
PRELIMINARY LOCAL CLIMATOLOGICAL DATA (WS FORM: F-6) , PAGE 2
STATION: BARTLESVILLE OKLAHOMA
MONTH: JUNE
YEAR: 2023
LATITUDE: 36 45 N
LONGITUDE: 96 0 W
[TEMPERATURE DATA] [PRECIPITATION DATA] SYMBOLS USED IN COLUMN 16
AVERAGE MONTHLY: 76.1 TOTAL FOR MONTH: 2.43 1 = FOG OR MIST
DPTR FM NORMAL: 0.0 DPTR FM NORMAL: -2.86 2 = FOG REDUCING VISIBILITY
HIGHEST: 101 ON 29 GRTST 24HR 0.85 ON 14-14 TO 1/4 MILE OR LESS
LOWEST: 56 ON 7 3 = THUNDER
SNOW, ICE PELLETS, HAIL 4 = ICE PELLETS
TOTAL MONTH: 0.0 INCH 5 = HAIL
GRTST 24HR 0.0 6 = FREEZING RAIN OR DRIZZLE
GRTST DEPTH: M ON M 7 = DUSTSTORM OR SANDSTORM:
VSBY 1/2 MILE OR LESS
8 = SMOKE OR HAZE
[NO. OF DAYS WITH] [WEATHER - DAYS WITH] 9 = BLOWING SNOW
X = TORNADO
MAX 32 OR BELOW: 0 0.01 INCH OR MORE: 10
MAX 90 OR ABOVE: 16 0.10 INCH OR MORE: 6
MIN 32 OR BELOW: 0 0.50 INCH OR MORE: 2
MIN 0 OR BELOW: 0 1.00 INCH OR MORE: 0
[HDD (BASE 65) ]
TOTAL THIS MO. 0 CLEAR (SCALE 0-3) 28
DPTR FM NORMAL -2 PTCLDY (SCALE 4-7) 2
TOTAL FM JUL 1 4010 CLOUDY (SCALE 8-10) 0
DPTR FM NORMAL -122
[CDD (BASE 65) ]
TOTAL THIS MO. 342
DPTR FM NORMAL 8 [PRESSURE DATA]
TOTAL FM JAN 1 521 HIGHEST SLP 30.11 ON 27
DPTR FM NORMAL 15 LOWEST SLP 29.62 ON 18
[REMARKS]
#FINAL-06-23#